{"id":105,"date":"2018-10-08T16:09:17","date_gmt":"2018-10-08T14:09:17","guid":{"rendered":"https:\/\/dev-durable.agglo-larochelle.fr\/20226.0.2\/?page_id=105"},"modified":"2022-12-08T17:14:13","modified_gmt":"2022-12-08T16:14:13","slug":"introduction-dates-et-chiffres","status":"publish","type":"page","link":"https:\/\/dev-durable.agglo-larochelle.fr\/2022\/","title":{"rendered":"Un rapport de d\u00e9veloppement, pour quoi faire ?"},"content":{"rendered":"<p>En application de l\u2019article 255 Art. L. 2311-1-1 de la LOI n\u00b0 2010-788 du 12 juillet 2010 portant engagement national pour l\u2019environnement, les collectivit\u00e9s et \u00c9tablissements Publics de Coop\u00e9ration intercommunale (EPCI) de plus de 50 000 habitants ont, depuis 2011, l\u2019obligation d\u2019\u00e9laborer un rapport annuel sur leur situation en mati\u00e8re de d\u00e9veloppement durable. V\u00e9ritable outil au service de l\u2019action publique locale, ce rapport est un moyen de conna\u00eetre, de suivre, d\u2019\u00e9valuer, de d\u00e9battre et d\u2019am\u00e9liorer les politiques men\u00e9es par l\u2019Agglom\u00e9ration en mati\u00e8re de d\u00e9veloppement durable.<\/p>\n<p>Il montre l\u2019important travail de diagnostic et d\u2019analyse r\u00e9alis\u00e9 par l\u2019Agglom\u00e9ration, lequel lui permet d\u2019adapter ses politiques et actions aux r\u00e9alit\u00e9s et besoins du territoire. Cette \u00e9dition t\u00e9moigne \u00e9galement d\u2019une prise de conscience de l\u2019impact \u00e9cologique du num\u00e9rique \u00e0 travers les premi\u00e8res actions men\u00e9es pour en limiter les effets n\u00e9gatifs.<\/p>\n","protected":false},"excerpt":{"rendered":"<p>En application de l\u2019article 255 Art. L. 2311-1-1 de la LOI n\u00b0 2010-788 du 12 juillet 2010 portant engagement national pour l\u2019environnement, les collectivit\u00e9s et \u00c9tablissements Publics de Coop\u00e9ration intercommunale (EPCI) de plus de 50 000 habitants ont, depuis 2011, l\u2019obligation d\u2019\u00e9laborer un rapport annuel sur leur situation en mati\u00e8re de d\u00e9veloppement durable. V\u00e9ritable outil [&hellip;]<\/p>\n","protected":false},"author":1,"featured_media":2922,"parent":0,"menu_order":1,"comment_status":"closed","ping_status":"closed","template":"front-page.php","meta":[],"acf":[],"yoast_head":"<!-- This site is optimized with the Yoast SEO plugin v19.12 - https:\/\/yoast.com\/wordpress\/plugins\/seo\/ -->\n<title>Un rapport de d\u00e9veloppement, pour quoi faire ? - Rapport du d\u00e9veloppement durable<\/title>\n<meta name=\"robots\" content=\"index, follow, max-snippet:-1, max-image-preview:large, max-video-preview:-1\" \/>\n<link rel=\"canonical\" href=\"https:\/\/dev-durable.agglo-larochelle.fr\/2022\/\" \/>\n<meta property=\"og:locale\" content=\"fr_FR\" \/>\n<meta property=\"og:type\" content=\"article\" \/>\n<meta property=\"og:title\" content=\"Un rapport de d\u00e9veloppement, pour quoi faire ? - Rapport du d\u00e9veloppement durable\" \/>\n<meta property=\"og:description\" content=\"En application de l\u2019article 255 Art. L. 2311-1-1 de la LOI n\u00b0 2010-788 du 12 juillet 2010 portant engagement national pour l\u2019environnement, les collectivit\u00e9s et \u00c9tablissements Publics de Coop\u00e9ration intercommunale (EPCI) de plus de 50 000 habitants ont, depuis 2011, l\u2019obligation d\u2019\u00e9laborer un rapport annuel sur leur situation en mati\u00e8re de d\u00e9veloppement durable. V\u00e9ritable outil [&hellip;]\" \/>\n<meta property=\"og:url\" content=\"https:\/\/dev-durable.agglo-larochelle.fr\/2022\/\" \/>\n<meta property=\"og:site_name\" content=\"Rapport du d\u00e9veloppement durable\" \/>\n<meta property=\"article:modified_time\" content=\"2022-12-08T16:14:13+00:00\" \/>\n<meta property=\"og:image\" content=\"https:\/\/dev-durable.agglo-larochelle.fr\/2022\/wp-content\/uploads\/2022\/12\/mediatheque_MLRC_125996.jpg\" \/>\n\t<meta property=\"og:image:width\" content=\"990\" \/>\n\t<meta property=\"og:image:height\" content=\"659\" \/>\n\t<meta property=\"og:image:type\" content=\"image\/jpeg\" \/>\n<meta name=\"twitter:card\" content=\"summary_large_image\" \/>\n<meta name=\"twitter:label1\" content=\"Dur\u00e9e de lecture estim\u00e9e\" \/>\n\t<meta name=\"twitter:data1\" content=\"1 minute\" \/>\n<script type=\"application\/ld+json\" class=\"yoast-schema-graph\">{\"@context\":\"https:\/\/schema.org\",\"@graph\":[{\"@type\":\"WebPage\",\"@id\":\"https:\/\/dev-durable.agglo-larochelle.fr\/2022\/\",\"url\":\"https:\/\/dev-durable.agglo-larochelle.fr\/2022\/\",\"name\":\"Un rapport de d\u00e9veloppement, pour quoi faire ? - Rapport du d\u00e9veloppement durable\",\"isPartOf\":{\"@id\":\"https:\/\/dev-durable.agglo-larochelle.fr\/2022\/#website\"},\"datePublished\":\"2018-10-08T14:09:17+00:00\",\"dateModified\":\"2022-12-08T16:14:13+00:00\",\"breadcrumb\":{\"@id\":\"https:\/\/dev-durable.agglo-larochelle.fr\/2022\/#breadcrumb\"},\"inLanguage\":\"fr-FR\",\"potentialAction\":[{\"@type\":\"ReadAction\",\"target\":[\"https:\/\/dev-durable.agglo-larochelle.fr\/2022\/\"]}]},{\"@type\":\"BreadcrumbList\",\"@id\":\"https:\/\/dev-durable.agglo-larochelle.fr\/2022\/#breadcrumb\",\"itemListElement\":[{\"@type\":\"ListItem\",\"position\":1,\"name\":\"Accueil\",\"item\":\"https:\/\/dev-durable.agglo-larochelle.fr\/2022\/\"},{\"@type\":\"ListItem\",\"position\":2,\"name\":\"Un rapport de d\u00e9veloppement, pour quoi faire ?\"}]},{\"@type\":\"WebSite\",\"@id\":\"https:\/\/dev-durable.agglo-larochelle.fr\/2022\/#website\",\"url\":\"https:\/\/dev-durable.agglo-larochelle.fr\/2022\/\",\"name\":\"Rapport du d\u00e9veloppement durable - 2022\",\"description\":\"Rapport 2022 du d\u00e9veloppement durable\",\"alternateName\":\"Communaut\u00e9 d'Agglom\u00e9ration de La Rochelle\",\"potentialAction\":[{\"@type\":\"SearchAction\",\"target\":{\"@type\":\"EntryPoint\",\"urlTemplate\":\"https:\/\/dev-durable.agglo-larochelle.fr\/2022\/?s={search_term_string}\"},\"query-input\":\"required name=search_term_string\"}],\"inLanguage\":\"fr-FR\"}]}<\/script>\n<!-- \/ Yoast SEO plugin. -->","yoast_head_json":{"title":"Un rapport de d\u00e9veloppement, pour quoi faire ? - Rapport du d\u00e9veloppement durable","robots":{"index":"index","follow":"follow","max-snippet":"max-snippet:-1","max-image-preview":"max-image-preview:large","max-video-preview":"max-video-preview:-1"},"canonical":"https:\/\/dev-durable.agglo-larochelle.fr\/2022\/","og_locale":"fr_FR","og_type":"article","og_title":"Un rapport de d\u00e9veloppement, pour quoi faire ? - Rapport du d\u00e9veloppement durable","og_description":"En application de l\u2019article 255 Art. L. 2311-1-1 de la LOI n\u00b0 2010-788 du 12 juillet 2010 portant engagement national pour l\u2019environnement, les collectivit\u00e9s et \u00c9tablissements Publics de Coop\u00e9ration intercommunale (EPCI) de plus de 50 000 habitants ont, depuis 2011, l\u2019obligation d\u2019\u00e9laborer un rapport annuel sur leur situation en mati\u00e8re de d\u00e9veloppement durable. V\u00e9ritable outil [&hellip;]","og_url":"https:\/\/dev-durable.agglo-larochelle.fr\/2022\/","og_site_name":"Rapport du d\u00e9veloppement durable","article_modified_time":"2022-12-08T16:14:13+00:00","og_image":[{"width":990,"height":659,"url":"https:\/\/dev-durable.agglo-larochelle.fr\/2022\/wp-content\/uploads\/2022\/12\/mediatheque_MLRC_125996.jpg","type":"image\/jpeg"}],"twitter_card":"summary_large_image","twitter_misc":{"Dur\u00e9e de lecture estim\u00e9e":"1 minute"},"schema":{"@context":"https:\/\/schema.org","@graph":[{"@type":"WebPage","@id":"https:\/\/dev-durable.agglo-larochelle.fr\/2022\/","url":"https:\/\/dev-durable.agglo-larochelle.fr\/2022\/","name":"Un rapport de d\u00e9veloppement, pour quoi faire ? - Rapport du d\u00e9veloppement durable","isPartOf":{"@id":"https:\/\/dev-durable.agglo-larochelle.fr\/2022\/#website"},"datePublished":"2018-10-08T14:09:17+00:00","dateModified":"2022-12-08T16:14:13+00:00","breadcrumb":{"@id":"https:\/\/dev-durable.agglo-larochelle.fr\/2022\/#breadcrumb"},"inLanguage":"fr-FR","potentialAction":[{"@type":"ReadAction","target":["https:\/\/dev-durable.agglo-larochelle.fr\/2022\/"]}]},{"@type":"BreadcrumbList","@id":"https:\/\/dev-durable.agglo-larochelle.fr\/2022\/#breadcrumb","itemListElement":[{"@type":"ListItem","position":1,"name":"Accueil","item":"https:\/\/dev-durable.agglo-larochelle.fr\/2022\/"},{"@type":"ListItem","position":2,"name":"Un rapport de d\u00e9veloppement, pour quoi faire ?"}]},{"@type":"WebSite","@id":"https:\/\/dev-durable.agglo-larochelle.fr\/2022\/#website","url":"https:\/\/dev-durable.agglo-larochelle.fr\/2022\/","name":"Rapport du d\u00e9veloppement durable - 2022","description":"Rapport 2022 du d\u00e9veloppement durable","alternateName":"Communaut\u00e9 d'Agglom\u00e9ration de La Rochelle","potentialAction":[{"@type":"SearchAction","target":{"@type":"EntryPoint","urlTemplate":"https:\/\/dev-durable.agglo-larochelle.fr\/2022\/?s={search_term_string}"},"query-input":"required name=search_term_string"}],"inLanguage":"fr-FR"}]}},"_links":{"self":[{"href":"https:\/\/dev-durable.agglo-larochelle.fr\/2022\/wp-json\/wp\/v2\/pages\/105"}],"collection":[{"href":"https:\/\/dev-durable.agglo-larochelle.fr\/2022\/wp-json\/wp\/v2\/pages"}],"about":[{"href":"https:\/\/dev-durable.agglo-larochelle.fr\/2022\/wp-json\/wp\/v2\/types\/page"}],"author":[{"embeddable":true,"href":"https:\/\/dev-durable.agglo-larochelle.fr\/2022\/wp-json\/wp\/v2\/users\/1"}],"replies":[{"embeddable":true,"href":"https:\/\/dev-durable.agglo-larochelle.fr\/2022\/wp-json\/wp\/v2\/comments?post=105"}],"version-history":[{"count":127,"href":"https:\/\/dev-durable.agglo-larochelle.fr\/2022\/wp-json\/wp\/v2\/pages\/105\/revisions"}],"predecessor-version":[{"id":2961,"href":"https:\/\/dev-durable.agglo-larochelle.fr\/2022\/wp-json\/wp\/v2\/pages\/105\/revisions\/2961"}],"wp:featuredmedia":[{"embeddable":true,"href":"https:\/\/dev-durable.agglo-larochelle.fr\/2022\/wp-json\/wp\/v2\/media\/2922"}],"wp:attachment":[{"href":"https:\/\/dev-durable.agglo-larochelle.fr\/2022\/wp-json\/wp\/v2\/media?parent=105"}],"curies":[{"name":"wp","href":"https:\/\/api.w.org\/{rel}","templated":true}]}}