{"id":1441,"date":"2021-01-05T10:06:22","date_gmt":"2021-01-05T09:06:22","guid":{"rendered":"https:\/\/dev-durable.agglo-larochelle.fr\/20226.0.2\/?page_id=1441"},"modified":"2022-12-08T16:27:00","modified_gmt":"2022-12-08T15:27:00","slug":"appel-a-projets-acteurs-de-la-transition","status":"publish","type":"page","link":"https:\/\/dev-durable.agglo-larochelle.fr\/2022\/une-agglo-creative\/gouvernance-et-animation-du-territoire\/appel-a-projets-acteurs-de-la-transition\/","title":{"rendered":"\u00ab\u00a0Participations, m\u00e9diation et transition citoyenne\u00a0\u00bb, objets d\u2019une Chaire universitaire"},"content":{"rendered":"\n<p><strong>La Chaire \u00ab Participations M\u00e9diation Transition Citoyenne\u00a0\u00bb a \u00e9t\u00e9 cr\u00e9\u00e9e \u00e0 La Rochelle Universit\u00e9 pour faire remonter les attentes des acteurs engag\u00e9s dans la transition en mati\u00e8re de recherches.<\/strong><\/p>\n<p>La cr\u00e9ation de cette chaire universitaire s\u2019inscrit dans l\u2019axe \u00ab\u00a0Participation citoyenne\u00a0\u00bb du projet LRTZC. Elle est envisag\u00e9e comme une interface entre le milieu universitaire et le monde socio-\u00e9conomique, destin\u00e9e \u00e0 faire remonter besoins et envies des acteurs associatifs et \u00e9conomiques, et des \u00e9lus et citoyens en mati\u00e8re de recherches, afin d\u2019aider les universitaires \u00e0 coproduire et diffuser des connaissances r\u00e9pondant \u00e0 ces demandes. Elle doit contribuer \u00e0 mieux impliquer les citoyens dans LRTZC, \u00e0 d\u00e9velopper une culture de la participation, ainsi qu\u2019\u00e0 \u00e9tudier, pour le volet \u00ab\u00a0M\u00e9diation\u00a0\u00bb, l\u2019expression des d\u00e9saccords et les moyens de les d\u00e9passer.<\/p>\n","protected":false},"excerpt":{"rendered":"<p>La Chaire \u00ab Participations M\u00e9diation Transition Citoyenne\u00a0\u00bb a \u00e9t\u00e9 cr\u00e9\u00e9e \u00e0 La Rochelle Universit\u00e9 pour faire remonter les attentes des acteurs engag\u00e9s dans la transition en mati\u00e8re de recherches. La cr\u00e9ation de cette chaire universitaire s\u2019inscrit dans l\u2019axe \u00ab\u00a0Participation citoyenne\u00a0\u00bb du projet LRTZC. Elle est envisag\u00e9e comme une interface entre le milieu universitaire et le [&hellip;]<\/p>\n","protected":false},"author":1,"featured_media":660,"parent":289,"menu_order":4,"comment_status":"closed","ping_status":"closed","template":"page-sous-partie.php","meta":[],"acf":[],"yoast_head":"<!-- This site is optimized with the Yoast SEO plugin v19.12 - https:\/\/yoast.com\/wordpress\/plugins\/seo\/ -->\n<title>\u00ab\u00a0Participations, m\u00e9diation et transition citoyenne\u00a0\u00bb, objets d\u2019une Chaire universitaire - Rapport du d\u00e9veloppement durable<\/title>\n<meta name=\"robots\" content=\"index, follow, max-snippet:-1, max-image-preview:large, max-video-preview:-1\" \/>\n<link rel=\"canonical\" href=\"https:\/\/dev-durable.agglo-larochelle.fr\/2022\/une-agglo-creative\/gouvernance-et-animation-du-territoire\/appel-a-projets-acteurs-de-la-transition\/\" \/>\n<meta property=\"og:locale\" content=\"fr_FR\" \/>\n<meta property=\"og:type\" content=\"article\" \/>\n<meta property=\"og:title\" content=\"\u00ab\u00a0Participations, m\u00e9diation et transition citoyenne\u00a0\u00bb, objets d\u2019une Chaire universitaire - Rapport du d\u00e9veloppement durable\" \/>\n<meta property=\"og:description\" content=\"La Chaire \u00ab Participations M\u00e9diation Transition Citoyenne\u00a0\u00bb a \u00e9t\u00e9 cr\u00e9\u00e9e \u00e0 La Rochelle Universit\u00e9 pour faire remonter les attentes des acteurs engag\u00e9s dans la transition en mati\u00e8re de recherches. La cr\u00e9ation de cette chaire universitaire s\u2019inscrit dans l\u2019axe \u00ab\u00a0Participation citoyenne\u00a0\u00bb du projet LRTZC. Elle est envisag\u00e9e comme une interface entre le milieu universitaire et le [&hellip;]\" \/>\n<meta property=\"og:url\" content=\"https:\/\/dev-durable.agglo-larochelle.fr\/2022\/une-agglo-creative\/gouvernance-et-animation-du-territoire\/appel-a-projets-acteurs-de-la-transition\/\" \/>\n<meta property=\"og:site_name\" content=\"Rapport du d\u00e9veloppement durable\" \/>\n<meta property=\"article:modified_time\" content=\"2022-12-08T15:27:00+00:00\" \/>\n<meta property=\"og:image\" content=\"https:\/\/dev-durable.agglo-larochelle.fr\/2022\/wp-content\/uploads\/2018\/11\/reseau-des-communes-CDA-La-Rochelle.gif\" \/>\n\t<meta property=\"og:image:width\" content=\"1024\" \/>\n\t<meta property=\"og:image:height\" content=\"654\" \/>\n\t<meta property=\"og:image:type\" content=\"image\/gif\" \/>\n<meta name=\"twitter:card\" content=\"summary_large_image\" \/>\n<meta name=\"twitter:label1\" content=\"Dur\u00e9e de lecture estim\u00e9e\" \/>\n\t<meta name=\"twitter:data1\" content=\"1 minute\" \/>\n<script type=\"application\/ld+json\" class=\"yoast-schema-graph\">{\"@context\":\"https:\/\/schema.org\",\"@graph\":[{\"@type\":\"WebPage\",\"@id\":\"https:\/\/dev-durable.agglo-larochelle.fr\/2022\/une-agglo-creative\/gouvernance-et-animation-du-territoire\/appel-a-projets-acteurs-de-la-transition\/\",\"url\":\"https:\/\/dev-durable.agglo-larochelle.fr\/2022\/une-agglo-creative\/gouvernance-et-animation-du-territoire\/appel-a-projets-acteurs-de-la-transition\/\",\"name\":\"\u00ab\u00a0Participations, m\u00e9diation et transition citoyenne\u00a0\u00bb, objets d\u2019une Chaire universitaire - Rapport du d\u00e9veloppement durable\",\"isPartOf\":{\"@id\":\"https:\/\/dev-durable.agglo-larochelle.fr\/2022\/#website\"},\"datePublished\":\"2021-01-05T09:06:22+00:00\",\"dateModified\":\"2022-12-08T15:27:00+00:00\",\"breadcrumb\":{\"@id\":\"https:\/\/dev-durable.agglo-larochelle.fr\/2022\/une-agglo-creative\/gouvernance-et-animation-du-territoire\/appel-a-projets-acteurs-de-la-transition\/#breadcrumb\"},\"inLanguage\":\"fr-FR\",\"potentialAction\":[{\"@type\":\"ReadAction\",\"target\":[\"https:\/\/dev-durable.agglo-larochelle.fr\/2022\/une-agglo-creative\/gouvernance-et-animation-du-territoire\/appel-a-projets-acteurs-de-la-transition\/\"]}]},{\"@type\":\"BreadcrumbList\",\"@id\":\"https:\/\/dev-durable.agglo-larochelle.fr\/2022\/une-agglo-creative\/gouvernance-et-animation-du-territoire\/appel-a-projets-acteurs-de-la-transition\/#breadcrumb\",\"itemListElement\":[{\"@type\":\"ListItem\",\"position\":1,\"name\":\"Accueil\",\"item\":\"https:\/\/dev-durable.agglo-larochelle.fr\/2022\/\"},{\"@type\":\"ListItem\",\"position\":2,\"name\":\"Une Agglo cr\u00e9ative\",\"item\":\"https:\/\/dev-durable.agglo-larochelle.fr\/2022\/une-agglo-creative\/\"},{\"@type\":\"ListItem\",\"position\":3,\"name\":\"Gouvernance et animation du territoire\",\"item\":\"https:\/\/dev-durable.agglo-larochelle.fr\/2022\/une-agglo-creative\/gouvernance-et-animation-du-territoire\/\"},{\"@type\":\"ListItem\",\"position\":4,\"name\":\"\u00ab\u00a0Participations, m\u00e9diation et transition citoyenne\u00a0\u00bb, objets d\u2019une Chaire universitaire\"}]},{\"@type\":\"WebSite\",\"@id\":\"https:\/\/dev-durable.agglo-larochelle.fr\/2022\/#website\",\"url\":\"https:\/\/dev-durable.agglo-larochelle.fr\/2022\/\",\"name\":\"Rapport du d\u00e9veloppement durable - 2022\",\"description\":\"Rapport 2022 du d\u00e9veloppement durable\",\"alternateName\":\"Communaut\u00e9 d'Agglom\u00e9ration de La Rochelle\",\"potentialAction\":[{\"@type\":\"SearchAction\",\"target\":{\"@type\":\"EntryPoint\",\"urlTemplate\":\"https:\/\/dev-durable.agglo-larochelle.fr\/2022\/?s={search_term_string}\"},\"query-input\":\"required name=search_term_string\"}],\"inLanguage\":\"fr-FR\"}]}<\/script>\n<!-- \/ Yoast SEO plugin. -->","yoast_head_json":{"title":"\u00ab\u00a0Participations, m\u00e9diation et transition citoyenne\u00a0\u00bb, objets d\u2019une Chaire universitaire - Rapport du d\u00e9veloppement durable","robots":{"index":"index","follow":"follow","max-snippet":"max-snippet:-1","max-image-preview":"max-image-preview:large","max-video-preview":"max-video-preview:-1"},"canonical":"https:\/\/dev-durable.agglo-larochelle.fr\/2022\/une-agglo-creative\/gouvernance-et-animation-du-territoire\/appel-a-projets-acteurs-de-la-transition\/","og_locale":"fr_FR","og_type":"article","og_title":"\u00ab\u00a0Participations, m\u00e9diation et transition citoyenne\u00a0\u00bb, objets d\u2019une Chaire universitaire - Rapport du d\u00e9veloppement durable","og_description":"La Chaire \u00ab Participations M\u00e9diation Transition Citoyenne\u00a0\u00bb a \u00e9t\u00e9 cr\u00e9\u00e9e \u00e0 La Rochelle Universit\u00e9 pour faire remonter les attentes des acteurs engag\u00e9s dans la transition en mati\u00e8re de recherches. La cr\u00e9ation de cette chaire universitaire s\u2019inscrit dans l\u2019axe \u00ab\u00a0Participation citoyenne\u00a0\u00bb du projet LRTZC. Elle est envisag\u00e9e comme une interface entre le milieu universitaire et le [&hellip;]","og_url":"https:\/\/dev-durable.agglo-larochelle.fr\/2022\/une-agglo-creative\/gouvernance-et-animation-du-territoire\/appel-a-projets-acteurs-de-la-transition\/","og_site_name":"Rapport du d\u00e9veloppement durable","article_modified_time":"2022-12-08T15:27:00+00:00","og_image":[{"width":1024,"height":654,"url":"https:\/\/dev-durable.agglo-larochelle.fr\/2022\/wp-content\/uploads\/2018\/11\/reseau-des-communes-CDA-La-Rochelle.gif","type":"image\/gif"}],"twitter_card":"summary_large_image","twitter_misc":{"Dur\u00e9e de lecture estim\u00e9e":"1 minute"},"schema":{"@context":"https:\/\/schema.org","@graph":[{"@type":"WebPage","@id":"https:\/\/dev-durable.agglo-larochelle.fr\/2022\/une-agglo-creative\/gouvernance-et-animation-du-territoire\/appel-a-projets-acteurs-de-la-transition\/","url":"https:\/\/dev-durable.agglo-larochelle.fr\/2022\/une-agglo-creative\/gouvernance-et-animation-du-territoire\/appel-a-projets-acteurs-de-la-transition\/","name":"\u00ab\u00a0Participations, m\u00e9diation et transition citoyenne\u00a0\u00bb, objets d\u2019une Chaire universitaire - Rapport du d\u00e9veloppement durable","isPartOf":{"@id":"https:\/\/dev-durable.agglo-larochelle.fr\/2022\/#website"},"datePublished":"2021-01-05T09:06:22+00:00","dateModified":"2022-12-08T15:27:00+00:00","breadcrumb":{"@id":"https:\/\/dev-durable.agglo-larochelle.fr\/2022\/une-agglo-creative\/gouvernance-et-animation-du-territoire\/appel-a-projets-acteurs-de-la-transition\/#breadcrumb"},"inLanguage":"fr-FR","potentialAction":[{"@type":"ReadAction","target":["https:\/\/dev-durable.agglo-larochelle.fr\/2022\/une-agglo-creative\/gouvernance-et-animation-du-territoire\/appel-a-projets-acteurs-de-la-transition\/"]}]},{"@type":"BreadcrumbList","@id":"https:\/\/dev-durable.agglo-larochelle.fr\/2022\/une-agglo-creative\/gouvernance-et-animation-du-territoire\/appel-a-projets-acteurs-de-la-transition\/#breadcrumb","itemListElement":[{"@type":"ListItem","position":1,"name":"Accueil","item":"https:\/\/dev-durable.agglo-larochelle.fr\/2022\/"},{"@type":"ListItem","position":2,"name":"Une Agglo cr\u00e9ative","item":"https:\/\/dev-durable.agglo-larochelle.fr\/2022\/une-agglo-creative\/"},{"@type":"ListItem","position":3,"name":"Gouvernance et animation du territoire","item":"https:\/\/dev-durable.agglo-larochelle.fr\/2022\/une-agglo-creative\/gouvernance-et-animation-du-territoire\/"},{"@type":"ListItem","position":4,"name":"\u00ab\u00a0Participations, m\u00e9diation et transition citoyenne\u00a0\u00bb, objets d\u2019une Chaire universitaire"}]},{"@type":"WebSite","@id":"https:\/\/dev-durable.agglo-larochelle.fr\/2022\/#website","url":"https:\/\/dev-durable.agglo-larochelle.fr\/2022\/","name":"Rapport du d\u00e9veloppement durable - 2022","description":"Rapport 2022 du d\u00e9veloppement durable","alternateName":"Communaut\u00e9 d'Agglom\u00e9ration de La Rochelle","potentialAction":[{"@type":"SearchAction","target":{"@type":"EntryPoint","urlTemplate":"https:\/\/dev-durable.agglo-larochelle.fr\/2022\/?s={search_term_string}"},"query-input":"required name=search_term_string"}],"inLanguage":"fr-FR"}]}},"_links":{"self":[{"href":"https:\/\/dev-durable.agglo-larochelle.fr\/2022\/wp-json\/wp\/v2\/pages\/1441"}],"collection":[{"href":"https:\/\/dev-durable.agglo-larochelle.fr\/2022\/wp-json\/wp\/v2\/pages"}],"about":[{"href":"https:\/\/dev-durable.agglo-larochelle.fr\/2022\/wp-json\/wp\/v2\/types\/page"}],"author":[{"embeddable":true,"href":"https:\/\/dev-durable.agglo-larochelle.fr\/2022\/wp-json\/wp\/v2\/users\/1"}],"replies":[{"embeddable":true,"href":"https:\/\/dev-durable.agglo-larochelle.fr\/2022\/wp-json\/wp\/v2\/comments?post=1441"}],"version-history":[{"count":8,"href":"https:\/\/dev-durable.agglo-larochelle.fr\/2022\/wp-json\/wp\/v2\/pages\/1441\/revisions"}],"predecessor-version":[{"id":2646,"href":"https:\/\/dev-durable.agglo-larochelle.fr\/2022\/wp-json\/wp\/v2\/pages\/1441\/revisions\/2646"}],"up":[{"embeddable":true,"href":"https:\/\/dev-durable.agglo-larochelle.fr\/2022\/wp-json\/wp\/v2\/pages\/289"}],"wp:featuredmedia":[{"embeddable":true,"href":"https:\/\/dev-durable.agglo-larochelle.fr\/2022\/wp-json\/wp\/v2\/media\/660"}],"wp:attachment":[{"href":"https:\/\/dev-durable.agglo-larochelle.fr\/2022\/wp-json\/wp\/v2\/media?parent=1441"}],"curies":[{"name":"wp","href":"https:\/\/api.w.org\/{rel}","templated":true}]}}