{"id":1458,"date":"2021-01-05T10:30:13","date_gmt":"2021-01-05T09:30:13","guid":{"rendered":"https:\/\/dev-durable.agglo-larochelle.fr\/20226.0.2\/?page_id=1458"},"modified":"2022-12-06T09:50:01","modified_gmt":"2022-12-06T08:50:01","slug":"lancement-du-travail-sur-la-mise-en-recit-de-la-rochelle-territoire-zero-carbone","status":"publish","type":"page","link":"https:\/\/dev-durable.agglo-larochelle.fr\/2022\/une-agglo-creative\/accompagnement-au-changement\/lancement-du-travail-sur-la-mise-en-recit-de-la-rochelle-territoire-zero-carbone\/","title":{"rendered":"Des formations propos\u00e9es pour accompagner vers les changements de comportement\u00a0"},"content":{"rendered":"<p><strong>L\u2019Unit\u00e9 d\u2019Accompagnement des Transitions de l\u2019Agglom\u00e9ration a d\u00e9velopp\u00e9 une formation sous la forme d\u2019un atelier d\u2019une journ\u00e9e autour de l\u2019accompagnement au changement.\u00a0\u00a0<\/strong><\/p>\n<p>Cet atelier a pour objectif de diffuser un socle commun de connaissances sur les ressorts de l&rsquo;accompagnement au changement aupr\u00e8s des diff\u00e9rents partenaires LRTZC afin qu\u2019ils puissent accompagner leurs publics respectifs dans des changements de pratique. Bas\u00e9e sur une m\u00e9thode de travail collective et participative, deux sessions de formation ont d\u00e9j\u00e0 \u00e9t\u00e9 r\u00e9alis\u00e9es en 2022. La premi\u00e8re a r\u00e9uni des acteurs de la mobilit\u00e9, la seconde, organis\u00e9e en mai au Mus\u00e9e Maritime de La Rochelle, une vingtaine d\u2019acteurs de LRTZC.<\/p>\n","protected":false},"excerpt":{"rendered":"<p>L\u2019Unit\u00e9 d\u2019Accompagnement des Transitions de l\u2019Agglom\u00e9ration a d\u00e9velopp\u00e9 une formation sous la forme d\u2019un atelier d\u2019une journ\u00e9e autour de l\u2019accompagnement au changement.\u00a0\u00a0 Cet atelier a pour objectif de diffuser un socle commun de connaissances sur les ressorts de l&rsquo;accompagnement au changement aupr\u00e8s des diff\u00e9rents partenaires LRTZC afin qu\u2019ils puissent accompagner leurs publics respectifs dans des [&hellip;]<\/p>\n","protected":false},"author":1,"featured_media":2917,"parent":860,"menu_order":3,"comment_status":"closed","ping_status":"closed","template":"page-sous-partie.php","meta":[],"acf":[],"yoast_head":"<!-- This site is optimized with the Yoast SEO plugin v19.12 - https:\/\/yoast.com\/wordpress\/plugins\/seo\/ -->\n<title>Des formations propos\u00e9es pour accompagner vers les changements de comportement\u00a0 - Rapport du d\u00e9veloppement durable<\/title>\n<meta name=\"robots\" content=\"index, follow, max-snippet:-1, max-image-preview:large, max-video-preview:-1\" \/>\n<link rel=\"canonical\" href=\"https:\/\/dev-durable.agglo-larochelle.fr\/2022\/une-agglo-creative\/accompagnement-au-changement\/lancement-du-travail-sur-la-mise-en-recit-de-la-rochelle-territoire-zero-carbone\/\" \/>\n<meta property=\"og:locale\" content=\"fr_FR\" \/>\n<meta property=\"og:type\" content=\"article\" \/>\n<meta property=\"og:title\" content=\"Des formations propos\u00e9es pour accompagner vers les changements de comportement\u00a0 - Rapport du d\u00e9veloppement durable\" \/>\n<meta property=\"og:description\" content=\"L\u2019Unit\u00e9 d\u2019Accompagnement des Transitions de l\u2019Agglom\u00e9ration a d\u00e9velopp\u00e9 une formation sous la forme d\u2019un atelier d\u2019une journ\u00e9e autour de l\u2019accompagnement au changement.\u00a0\u00a0 Cet atelier a pour objectif de diffuser un socle commun de connaissances sur les ressorts de l&rsquo;accompagnement au changement aupr\u00e8s des diff\u00e9rents partenaires LRTZC afin qu\u2019ils puissent accompagner leurs publics respectifs dans des [&hellip;]\" \/>\n<meta property=\"og:url\" content=\"https:\/\/dev-durable.agglo-larochelle.fr\/2022\/une-agglo-creative\/accompagnement-au-changement\/lancement-du-travail-sur-la-mise-en-recit-de-la-rochelle-territoire-zero-carbone\/\" \/>\n<meta property=\"og:site_name\" content=\"Rapport du d\u00e9veloppement durable\" \/>\n<meta property=\"article:modified_time\" content=\"2022-12-06T08:50:01+00:00\" \/>\n<meta property=\"og:image\" content=\"https:\/\/dev-durable.agglo-larochelle.fr\/2022\/wp-content\/uploads\/2022\/12\/transition-numerique.jpg\" \/>\n\t<meta property=\"og:image:width\" content=\"650\" \/>\n\t<meta property=\"og:image:height\" content=\"300\" \/>\n\t<meta property=\"og:image:type\" content=\"image\/jpeg\" \/>\n<meta name=\"twitter:card\" content=\"summary_large_image\" \/>\n<meta name=\"twitter:label1\" content=\"Dur\u00e9e de lecture estim\u00e9e\" \/>\n\t<meta name=\"twitter:data1\" content=\"1 minute\" \/>\n<script type=\"application\/ld+json\" class=\"yoast-schema-graph\">{\"@context\":\"https:\/\/schema.org\",\"@graph\":[{\"@type\":\"WebPage\",\"@id\":\"https:\/\/dev-durable.agglo-larochelle.fr\/2022\/une-agglo-creative\/accompagnement-au-changement\/lancement-du-travail-sur-la-mise-en-recit-de-la-rochelle-territoire-zero-carbone\/\",\"url\":\"https:\/\/dev-durable.agglo-larochelle.fr\/2022\/une-agglo-creative\/accompagnement-au-changement\/lancement-du-travail-sur-la-mise-en-recit-de-la-rochelle-territoire-zero-carbone\/\",\"name\":\"Des formations propos\u00e9es pour accompagner vers les changements de comportement\u00a0 - Rapport du d\u00e9veloppement durable\",\"isPartOf\":{\"@id\":\"https:\/\/dev-durable.agglo-larochelle.fr\/2022\/#website\"},\"datePublished\":\"2021-01-05T09:30:13+00:00\",\"dateModified\":\"2022-12-06T08:50:01+00:00\",\"breadcrumb\":{\"@id\":\"https:\/\/dev-durable.agglo-larochelle.fr\/2022\/une-agglo-creative\/accompagnement-au-changement\/lancement-du-travail-sur-la-mise-en-recit-de-la-rochelle-territoire-zero-carbone\/#breadcrumb\"},\"inLanguage\":\"fr-FR\",\"potentialAction\":[{\"@type\":\"ReadAction\",\"target\":[\"https:\/\/dev-durable.agglo-larochelle.fr\/2022\/une-agglo-creative\/accompagnement-au-changement\/lancement-du-travail-sur-la-mise-en-recit-de-la-rochelle-territoire-zero-carbone\/\"]}]},{\"@type\":\"BreadcrumbList\",\"@id\":\"https:\/\/dev-durable.agglo-larochelle.fr\/2022\/une-agglo-creative\/accompagnement-au-changement\/lancement-du-travail-sur-la-mise-en-recit-de-la-rochelle-territoire-zero-carbone\/#breadcrumb\",\"itemListElement\":[{\"@type\":\"ListItem\",\"position\":1,\"name\":\"Accueil\",\"item\":\"https:\/\/dev-durable.agglo-larochelle.fr\/2022\/\"},{\"@type\":\"ListItem\",\"position\":2,\"name\":\"Une Agglo cr\u00e9ative\",\"item\":\"https:\/\/dev-durable.agglo-larochelle.fr\/2022\/une-agglo-creative\/\"},{\"@type\":\"ListItem\",\"position\":3,\"name\":\"Accompagnement au changement\",\"item\":\"https:\/\/dev-durable.agglo-larochelle.fr\/2022\/une-agglo-creative\/accompagnement-au-changement\/\"},{\"@type\":\"ListItem\",\"position\":4,\"name\":\"Des formations propos\u00e9es pour accompagner vers les changements de comportement\u00a0\"}]},{\"@type\":\"WebSite\",\"@id\":\"https:\/\/dev-durable.agglo-larochelle.fr\/2022\/#website\",\"url\":\"https:\/\/dev-durable.agglo-larochelle.fr\/2022\/\",\"name\":\"Rapport du d\u00e9veloppement durable - 2022\",\"description\":\"Rapport 2022 du d\u00e9veloppement durable\",\"alternateName\":\"Communaut\u00e9 d'Agglom\u00e9ration de La Rochelle\",\"potentialAction\":[{\"@type\":\"SearchAction\",\"target\":{\"@type\":\"EntryPoint\",\"urlTemplate\":\"https:\/\/dev-durable.agglo-larochelle.fr\/2022\/?s={search_term_string}\"},\"query-input\":\"required name=search_term_string\"}],\"inLanguage\":\"fr-FR\"}]}<\/script>\n<!-- \/ Yoast SEO plugin. -->","yoast_head_json":{"title":"Des formations propos\u00e9es pour accompagner vers les changements de comportement\u00a0 - Rapport du d\u00e9veloppement durable","robots":{"index":"index","follow":"follow","max-snippet":"max-snippet:-1","max-image-preview":"max-image-preview:large","max-video-preview":"max-video-preview:-1"},"canonical":"https:\/\/dev-durable.agglo-larochelle.fr\/2022\/une-agglo-creative\/accompagnement-au-changement\/lancement-du-travail-sur-la-mise-en-recit-de-la-rochelle-territoire-zero-carbone\/","og_locale":"fr_FR","og_type":"article","og_title":"Des formations propos\u00e9es pour accompagner vers les changements de comportement\u00a0 - Rapport du d\u00e9veloppement durable","og_description":"L\u2019Unit\u00e9 d\u2019Accompagnement des Transitions de l\u2019Agglom\u00e9ration a d\u00e9velopp\u00e9 une formation sous la forme d\u2019un atelier d\u2019une journ\u00e9e autour de l\u2019accompagnement au changement.\u00a0\u00a0 Cet atelier a pour objectif de diffuser un socle commun de connaissances sur les ressorts de l&rsquo;accompagnement au changement aupr\u00e8s des diff\u00e9rents partenaires LRTZC afin qu\u2019ils puissent accompagner leurs publics respectifs dans des [&hellip;]","og_url":"https:\/\/dev-durable.agglo-larochelle.fr\/2022\/une-agglo-creative\/accompagnement-au-changement\/lancement-du-travail-sur-la-mise-en-recit-de-la-rochelle-territoire-zero-carbone\/","og_site_name":"Rapport du d\u00e9veloppement durable","article_modified_time":"2022-12-06T08:50:01+00:00","og_image":[{"width":650,"height":300,"url":"https:\/\/dev-durable.agglo-larochelle.fr\/2022\/wp-content\/uploads\/2022\/12\/transition-numerique.jpg","type":"image\/jpeg"}],"twitter_card":"summary_large_image","twitter_misc":{"Dur\u00e9e de lecture estim\u00e9e":"1 minute"},"schema":{"@context":"https:\/\/schema.org","@graph":[{"@type":"WebPage","@id":"https:\/\/dev-durable.agglo-larochelle.fr\/2022\/une-agglo-creative\/accompagnement-au-changement\/lancement-du-travail-sur-la-mise-en-recit-de-la-rochelle-territoire-zero-carbone\/","url":"https:\/\/dev-durable.agglo-larochelle.fr\/2022\/une-agglo-creative\/accompagnement-au-changement\/lancement-du-travail-sur-la-mise-en-recit-de-la-rochelle-territoire-zero-carbone\/","name":"Des formations propos\u00e9es pour accompagner vers les changements de comportement\u00a0 - Rapport du d\u00e9veloppement durable","isPartOf":{"@id":"https:\/\/dev-durable.agglo-larochelle.fr\/2022\/#website"},"datePublished":"2021-01-05T09:30:13+00:00","dateModified":"2022-12-06T08:50:01+00:00","breadcrumb":{"@id":"https:\/\/dev-durable.agglo-larochelle.fr\/2022\/une-agglo-creative\/accompagnement-au-changement\/lancement-du-travail-sur-la-mise-en-recit-de-la-rochelle-territoire-zero-carbone\/#breadcrumb"},"inLanguage":"fr-FR","potentialAction":[{"@type":"ReadAction","target":["https:\/\/dev-durable.agglo-larochelle.fr\/2022\/une-agglo-creative\/accompagnement-au-changement\/lancement-du-travail-sur-la-mise-en-recit-de-la-rochelle-territoire-zero-carbone\/"]}]},{"@type":"BreadcrumbList","@id":"https:\/\/dev-durable.agglo-larochelle.fr\/2022\/une-agglo-creative\/accompagnement-au-changement\/lancement-du-travail-sur-la-mise-en-recit-de-la-rochelle-territoire-zero-carbone\/#breadcrumb","itemListElement":[{"@type":"ListItem","position":1,"name":"Accueil","item":"https:\/\/dev-durable.agglo-larochelle.fr\/2022\/"},{"@type":"ListItem","position":2,"name":"Une Agglo cr\u00e9ative","item":"https:\/\/dev-durable.agglo-larochelle.fr\/2022\/une-agglo-creative\/"},{"@type":"ListItem","position":3,"name":"Accompagnement au changement","item":"https:\/\/dev-durable.agglo-larochelle.fr\/2022\/une-agglo-creative\/accompagnement-au-changement\/"},{"@type":"ListItem","position":4,"name":"Des formations propos\u00e9es pour accompagner vers les changements de comportement\u00a0"}]},{"@type":"WebSite","@id":"https:\/\/dev-durable.agglo-larochelle.fr\/2022\/#website","url":"https:\/\/dev-durable.agglo-larochelle.fr\/2022\/","name":"Rapport du d\u00e9veloppement durable - 2022","description":"Rapport 2022 du d\u00e9veloppement durable","alternateName":"Communaut\u00e9 d'Agglom\u00e9ration de La Rochelle","potentialAction":[{"@type":"SearchAction","target":{"@type":"EntryPoint","urlTemplate":"https:\/\/dev-durable.agglo-larochelle.fr\/2022\/?s={search_term_string}"},"query-input":"required name=search_term_string"}],"inLanguage":"fr-FR"}]}},"_links":{"self":[{"href":"https:\/\/dev-durable.agglo-larochelle.fr\/2022\/wp-json\/wp\/v2\/pages\/1458"}],"collection":[{"href":"https:\/\/dev-durable.agglo-larochelle.fr\/2022\/wp-json\/wp\/v2\/pages"}],"about":[{"href":"https:\/\/dev-durable.agglo-larochelle.fr\/2022\/wp-json\/wp\/v2\/types\/page"}],"author":[{"embeddable":true,"href":"https:\/\/dev-durable.agglo-larochelle.fr\/2022\/wp-json\/wp\/v2\/users\/1"}],"replies":[{"embeddable":true,"href":"https:\/\/dev-durable.agglo-larochelle.fr\/2022\/wp-json\/wp\/v2\/comments?post=1458"}],"version-history":[{"count":6,"href":"https:\/\/dev-durable.agglo-larochelle.fr\/2022\/wp-json\/wp\/v2\/pages\/1458\/revisions"}],"predecessor-version":[{"id":2663,"href":"https:\/\/dev-durable.agglo-larochelle.fr\/2022\/wp-json\/wp\/v2\/pages\/1458\/revisions\/2663"}],"up":[{"embeddable":true,"href":"https:\/\/dev-durable.agglo-larochelle.fr\/2022\/wp-json\/wp\/v2\/pages\/860"}],"wp:featuredmedia":[{"embeddable":true,"href":"https:\/\/dev-durable.agglo-larochelle.fr\/2022\/wp-json\/wp\/v2\/media\/2917"}],"wp:attachment":[{"href":"https:\/\/dev-durable.agglo-larochelle.fr\/2022\/wp-json\/wp\/v2\/media?parent=1458"}],"curies":[{"name":"wp","href":"https:\/\/api.w.org\/{rel}","templated":true}]}}