{"id":1460,"date":"2021-01-05T10:31:04","date_gmt":"2021-01-05T09:31:04","guid":{"rendered":"https:\/\/dev-durable.agglo-larochelle.fr\/20226.0.2\/?page_id=1460"},"modified":"2022-12-08T16:25:51","modified_gmt":"2022-12-08T15:25:51","slug":"bilan-des-animations-aupres-des-scolaires","status":"publish","type":"page","link":"https:\/\/dev-durable.agglo-larochelle.fr\/2022\/une-agglo-creative\/accompagnement-au-changement\/bilan-des-animations-aupres-des-scolaires\/","title":{"rendered":"Les initiatives en faveur de la transition toujours largement soutenues par un Appel \u00e0 Projets\u00a0"},"content":{"rendered":"<p><strong>L\u2019Agglom\u00e9ration encourage et soutient les initiatives des citoyens, des collectifs et des associations sur le territoire via son appel \u00e0 projets \u00ab\u00a0Acteurs de la transition\u00a0\u00bb.<\/strong><\/p>\n<p>N\u00e9 en 2019, l\u2019appel \u00e0 projets \u00ab\u00a0Acteurs de la transition\u00a0\u00bb vise \u00e0 soutenir des initiatives d\u2019int\u00e9r\u00eat collectif dans leurs phases d\u2019exp\u00e9rimentation, de d\u00e9marrage ou de d\u00e9veloppement, afin de r\u00e9pondre concr\u00e8tement aux enjeux de la transition \u00e9nerg\u00e9tique, \u00e9cologique et sociale et de favoriser la prise de conscience et le passage \u00e0 l\u2019action des citoyens. Fin 2021, le comit\u00e9 de s\u00e9lection a retenu sept nouveaux projets. Deux nouvelles sessions de cet appel \u00e0 projets ont \u00e9t\u00e9 r\u00e9alis\u00e9es en 2022. Les projets, port\u00e9s par des associations ou des collectifs de citoyens, doivent s\u2019inscrire dans les Objectifs D\u00e9veloppement Durable de l\u2019Agglom\u00e9ration : \u00e9nergie, biodiversit\u00e9, alimentation, \u00e9conomie circulaire, \u00e9conomie sociale et solidaire, mobilit\u00e9, num\u00e9rique responsable.<\/p>\n","protected":false},"excerpt":{"rendered":"<p>L\u2019Agglom\u00e9ration encourage et soutient les initiatives des citoyens, des collectifs et des associations sur le territoire via son appel \u00e0 projets \u00ab\u00a0Acteurs de la transition\u00a0\u00bb. N\u00e9 en 2019, l\u2019appel \u00e0 projets \u00ab\u00a0Acteurs de la transition\u00a0\u00bb vise \u00e0 soutenir des initiatives d\u2019int\u00e9r\u00eat collectif dans leurs phases d\u2019exp\u00e9rimentation, de d\u00e9marrage ou de d\u00e9veloppement, afin de r\u00e9pondre concr\u00e8tement [&hellip;]<\/p>\n","protected":false},"author":1,"featured_media":2904,"parent":860,"menu_order":4,"comment_status":"closed","ping_status":"closed","template":"page-sous-partie.php","meta":[],"acf":[],"yoast_head":"<!-- This site is optimized with the Yoast SEO plugin v19.12 - https:\/\/yoast.com\/wordpress\/plugins\/seo\/ -->\n<title>Les initiatives en faveur de la transition toujours largement soutenues par un Appel \u00e0 Projets\u00a0 - Rapport du d\u00e9veloppement durable<\/title>\n<meta name=\"robots\" content=\"index, follow, max-snippet:-1, max-image-preview:large, max-video-preview:-1\" \/>\n<link rel=\"canonical\" href=\"https:\/\/dev-durable.agglo-larochelle.fr\/2022\/une-agglo-creative\/accompagnement-au-changement\/bilan-des-animations-aupres-des-scolaires\/\" \/>\n<meta property=\"og:locale\" content=\"fr_FR\" \/>\n<meta property=\"og:type\" content=\"article\" \/>\n<meta property=\"og:title\" content=\"Les initiatives en faveur de la transition toujours largement soutenues par un Appel \u00e0 Projets\u00a0 - Rapport du d\u00e9veloppement durable\" \/>\n<meta property=\"og:description\" content=\"L\u2019Agglom\u00e9ration encourage et soutient les initiatives des citoyens, des collectifs et des associations sur le territoire via son appel \u00e0 projets \u00ab\u00a0Acteurs de la transition\u00a0\u00bb. N\u00e9 en 2019, l\u2019appel \u00e0 projets \u00ab\u00a0Acteurs de la transition\u00a0\u00bb vise \u00e0 soutenir des initiatives d\u2019int\u00e9r\u00eat collectif dans leurs phases d\u2019exp\u00e9rimentation, de d\u00e9marrage ou de d\u00e9veloppement, afin de r\u00e9pondre concr\u00e8tement [&hellip;]\" \/>\n<meta property=\"og:url\" content=\"https:\/\/dev-durable.agglo-larochelle.fr\/2022\/une-agglo-creative\/accompagnement-au-changement\/bilan-des-animations-aupres-des-scolaires\/\" \/>\n<meta property=\"og:site_name\" content=\"Rapport du d\u00e9veloppement durable\" \/>\n<meta property=\"article:modified_time\" content=\"2022-12-08T15:25:51+00:00\" \/>\n<meta property=\"og:image\" content=\"https:\/\/dev-durable.agglo-larochelle.fr\/2022\/wp-content\/uploads\/2022\/12\/financement_participatif_AdobeStock_314824390.jpg\" \/>\n\t<meta property=\"og:image:width\" content=\"650\" \/>\n\t<meta property=\"og:image:height\" content=\"300\" \/>\n\t<meta property=\"og:image:type\" content=\"image\/jpeg\" \/>\n<meta name=\"twitter:card\" content=\"summary_large_image\" \/>\n<meta name=\"twitter:label1\" content=\"Dur\u00e9e de lecture estim\u00e9e\" \/>\n\t<meta name=\"twitter:data1\" content=\"1 minute\" \/>\n<script type=\"application\/ld+json\" class=\"yoast-schema-graph\">{\"@context\":\"https:\/\/schema.org\",\"@graph\":[{\"@type\":\"WebPage\",\"@id\":\"https:\/\/dev-durable.agglo-larochelle.fr\/2022\/une-agglo-creative\/accompagnement-au-changement\/bilan-des-animations-aupres-des-scolaires\/\",\"url\":\"https:\/\/dev-durable.agglo-larochelle.fr\/2022\/une-agglo-creative\/accompagnement-au-changement\/bilan-des-animations-aupres-des-scolaires\/\",\"name\":\"Les initiatives en faveur de la transition toujours largement soutenues par un Appel \u00e0 Projets\u00a0 - Rapport du d\u00e9veloppement durable\",\"isPartOf\":{\"@id\":\"https:\/\/dev-durable.agglo-larochelle.fr\/2022\/#website\"},\"datePublished\":\"2021-01-05T09:31:04+00:00\",\"dateModified\":\"2022-12-08T15:25:51+00:00\",\"breadcrumb\":{\"@id\":\"https:\/\/dev-durable.agglo-larochelle.fr\/2022\/une-agglo-creative\/accompagnement-au-changement\/bilan-des-animations-aupres-des-scolaires\/#breadcrumb\"},\"inLanguage\":\"fr-FR\",\"potentialAction\":[{\"@type\":\"ReadAction\",\"target\":[\"https:\/\/dev-durable.agglo-larochelle.fr\/2022\/une-agglo-creative\/accompagnement-au-changement\/bilan-des-animations-aupres-des-scolaires\/\"]}]},{\"@type\":\"BreadcrumbList\",\"@id\":\"https:\/\/dev-durable.agglo-larochelle.fr\/2022\/une-agglo-creative\/accompagnement-au-changement\/bilan-des-animations-aupres-des-scolaires\/#breadcrumb\",\"itemListElement\":[{\"@type\":\"ListItem\",\"position\":1,\"name\":\"Accueil\",\"item\":\"https:\/\/dev-durable.agglo-larochelle.fr\/2022\/\"},{\"@type\":\"ListItem\",\"position\":2,\"name\":\"Une Agglo cr\u00e9ative\",\"item\":\"https:\/\/dev-durable.agglo-larochelle.fr\/2022\/une-agglo-creative\/\"},{\"@type\":\"ListItem\",\"position\":3,\"name\":\"Accompagnement au changement\",\"item\":\"https:\/\/dev-durable.agglo-larochelle.fr\/2022\/une-agglo-creative\/accompagnement-au-changement\/\"},{\"@type\":\"ListItem\",\"position\":4,\"name\":\"Les initiatives en faveur de la transition toujours largement soutenues par un Appel \u00e0 Projets\u00a0\"}]},{\"@type\":\"WebSite\",\"@id\":\"https:\/\/dev-durable.agglo-larochelle.fr\/2022\/#website\",\"url\":\"https:\/\/dev-durable.agglo-larochelle.fr\/2022\/\",\"name\":\"Rapport du d\u00e9veloppement durable - 2022\",\"description\":\"Rapport 2022 du d\u00e9veloppement durable\",\"alternateName\":\"Communaut\u00e9 d'Agglom\u00e9ration de La Rochelle\",\"potentialAction\":[{\"@type\":\"SearchAction\",\"target\":{\"@type\":\"EntryPoint\",\"urlTemplate\":\"https:\/\/dev-durable.agglo-larochelle.fr\/2022\/?s={search_term_string}\"},\"query-input\":\"required name=search_term_string\"}],\"inLanguage\":\"fr-FR\"}]}<\/script>\n<!-- \/ Yoast SEO plugin. -->","yoast_head_json":{"title":"Les initiatives en faveur de la transition toujours largement soutenues par un Appel \u00e0 Projets\u00a0 - Rapport du d\u00e9veloppement durable","robots":{"index":"index","follow":"follow","max-snippet":"max-snippet:-1","max-image-preview":"max-image-preview:large","max-video-preview":"max-video-preview:-1"},"canonical":"https:\/\/dev-durable.agglo-larochelle.fr\/2022\/une-agglo-creative\/accompagnement-au-changement\/bilan-des-animations-aupres-des-scolaires\/","og_locale":"fr_FR","og_type":"article","og_title":"Les initiatives en faveur de la transition toujours largement soutenues par un Appel \u00e0 Projets\u00a0 - Rapport du d\u00e9veloppement durable","og_description":"L\u2019Agglom\u00e9ration encourage et soutient les initiatives des citoyens, des collectifs et des associations sur le territoire via son appel \u00e0 projets \u00ab\u00a0Acteurs de la transition\u00a0\u00bb. N\u00e9 en 2019, l\u2019appel \u00e0 projets \u00ab\u00a0Acteurs de la transition\u00a0\u00bb vise \u00e0 soutenir des initiatives d\u2019int\u00e9r\u00eat collectif dans leurs phases d\u2019exp\u00e9rimentation, de d\u00e9marrage ou de d\u00e9veloppement, afin de r\u00e9pondre concr\u00e8tement [&hellip;]","og_url":"https:\/\/dev-durable.agglo-larochelle.fr\/2022\/une-agglo-creative\/accompagnement-au-changement\/bilan-des-animations-aupres-des-scolaires\/","og_site_name":"Rapport du d\u00e9veloppement durable","article_modified_time":"2022-12-08T15:25:51+00:00","og_image":[{"width":650,"height":300,"url":"https:\/\/dev-durable.agglo-larochelle.fr\/2022\/wp-content\/uploads\/2022\/12\/financement_participatif_AdobeStock_314824390.jpg","type":"image\/jpeg"}],"twitter_card":"summary_large_image","twitter_misc":{"Dur\u00e9e de lecture estim\u00e9e":"1 minute"},"schema":{"@context":"https:\/\/schema.org","@graph":[{"@type":"WebPage","@id":"https:\/\/dev-durable.agglo-larochelle.fr\/2022\/une-agglo-creative\/accompagnement-au-changement\/bilan-des-animations-aupres-des-scolaires\/","url":"https:\/\/dev-durable.agglo-larochelle.fr\/2022\/une-agglo-creative\/accompagnement-au-changement\/bilan-des-animations-aupres-des-scolaires\/","name":"Les initiatives en faveur de la transition toujours largement soutenues par un Appel \u00e0 Projets\u00a0 - Rapport du d\u00e9veloppement durable","isPartOf":{"@id":"https:\/\/dev-durable.agglo-larochelle.fr\/2022\/#website"},"datePublished":"2021-01-05T09:31:04+00:00","dateModified":"2022-12-08T15:25:51+00:00","breadcrumb":{"@id":"https:\/\/dev-durable.agglo-larochelle.fr\/2022\/une-agglo-creative\/accompagnement-au-changement\/bilan-des-animations-aupres-des-scolaires\/#breadcrumb"},"inLanguage":"fr-FR","potentialAction":[{"@type":"ReadAction","target":["https:\/\/dev-durable.agglo-larochelle.fr\/2022\/une-agglo-creative\/accompagnement-au-changement\/bilan-des-animations-aupres-des-scolaires\/"]}]},{"@type":"BreadcrumbList","@id":"https:\/\/dev-durable.agglo-larochelle.fr\/2022\/une-agglo-creative\/accompagnement-au-changement\/bilan-des-animations-aupres-des-scolaires\/#breadcrumb","itemListElement":[{"@type":"ListItem","position":1,"name":"Accueil","item":"https:\/\/dev-durable.agglo-larochelle.fr\/2022\/"},{"@type":"ListItem","position":2,"name":"Une Agglo cr\u00e9ative","item":"https:\/\/dev-durable.agglo-larochelle.fr\/2022\/une-agglo-creative\/"},{"@type":"ListItem","position":3,"name":"Accompagnement au changement","item":"https:\/\/dev-durable.agglo-larochelle.fr\/2022\/une-agglo-creative\/accompagnement-au-changement\/"},{"@type":"ListItem","position":4,"name":"Les initiatives en faveur de la transition toujours largement soutenues par un Appel \u00e0 Projets\u00a0"}]},{"@type":"WebSite","@id":"https:\/\/dev-durable.agglo-larochelle.fr\/2022\/#website","url":"https:\/\/dev-durable.agglo-larochelle.fr\/2022\/","name":"Rapport du d\u00e9veloppement durable - 2022","description":"Rapport 2022 du d\u00e9veloppement durable","alternateName":"Communaut\u00e9 d'Agglom\u00e9ration de La Rochelle","potentialAction":[{"@type":"SearchAction","target":{"@type":"EntryPoint","urlTemplate":"https:\/\/dev-durable.agglo-larochelle.fr\/2022\/?s={search_term_string}"},"query-input":"required name=search_term_string"}],"inLanguage":"fr-FR"}]}},"_links":{"self":[{"href":"https:\/\/dev-durable.agglo-larochelle.fr\/2022\/wp-json\/wp\/v2\/pages\/1460"}],"collection":[{"href":"https:\/\/dev-durable.agglo-larochelle.fr\/2022\/wp-json\/wp\/v2\/pages"}],"about":[{"href":"https:\/\/dev-durable.agglo-larochelle.fr\/2022\/wp-json\/wp\/v2\/types\/page"}],"author":[{"embeddable":true,"href":"https:\/\/dev-durable.agglo-larochelle.fr\/2022\/wp-json\/wp\/v2\/users\/1"}],"replies":[{"embeddable":true,"href":"https:\/\/dev-durable.agglo-larochelle.fr\/2022\/wp-json\/wp\/v2\/comments?post=1460"}],"version-history":[{"count":7,"href":"https:\/\/dev-durable.agglo-larochelle.fr\/2022\/wp-json\/wp\/v2\/pages\/1460\/revisions"}],"predecessor-version":[{"id":2665,"href":"https:\/\/dev-durable.agglo-larochelle.fr\/2022\/wp-json\/wp\/v2\/pages\/1460\/revisions\/2665"}],"up":[{"embeddable":true,"href":"https:\/\/dev-durable.agglo-larochelle.fr\/2022\/wp-json\/wp\/v2\/pages\/860"}],"wp:featuredmedia":[{"embeddable":true,"href":"https:\/\/dev-durable.agglo-larochelle.fr\/2022\/wp-json\/wp\/v2\/media\/2904"}],"wp:attachment":[{"href":"https:\/\/dev-durable.agglo-larochelle.fr\/2022\/wp-json\/wp\/v2\/media?parent=1460"}],"curies":[{"name":"wp","href":"https:\/\/api.w.org\/{rel}","templated":true}]}}