{"id":1543,"date":"2021-01-05T17:46:36","date_gmt":"2021-01-05T16:46:36","guid":{"rendered":"https:\/\/dev-durable.agglo-larochelle.fr\/20226.0.2\/?page_id=1543"},"modified":"2022-12-08T12:42:58","modified_gmt":"2022-12-08T11:42:58","slug":"recyclerie-designation-du-mandataire-et-premiers-travaux","status":"publish","type":"page","link":"https:\/\/dev-durable.agglo-larochelle.fr\/2022\/une-agglo-sobre-et-durable\/proteger-les-ressources-naturelles\/recyclerie-designation-du-mandataire-et-premiers-travaux\/","title":{"rendered":"La PRRE \u00e9toffe ses partenariats, pour cibler ses offres de r\u00e9novation \u00e9nerg\u00e9tique"},"content":{"rendered":"<p><strong>Afin d\u2019aider les particuliers dans leurs d\u00e9marches, mais aussi de rep\u00e9rer plus largement les biens susceptibles de faire l\u2019objet d\u2019une r\u00e9novation \u00e9nerg\u00e9tique, la PRRE se constitue et sensibilise un r\u00e9seau de professionnels de l\u2019immobilier.<\/strong><\/p>\n<p>La PRRE cr\u00e9e sur le territoire communautaire un r\u00e9seau de plus en plus dense de partenaires, en proposant par exemple des permanences et des conseils juridiques de l\u2019Adil17 \u00e0 l\u2019agence du centre-ville de La Rochelle, mais \u00e9galement en nouant des partenariats avec des agences immobili\u00e8res, qui ont souvent une vision privil\u00e9gi\u00e9e sur les biens susceptibles de faire l\u2019objet d\u2019une r\u00e9novation aid\u00e9e, et ce, d\u00e8s la phase d\u2019acquisition, propice aux travaux de transformation.<\/p>\n","protected":false},"excerpt":{"rendered":"<p>Afin d\u2019aider les particuliers dans leurs d\u00e9marches, mais aussi de rep\u00e9rer plus largement les biens susceptibles de faire l\u2019objet d\u2019une r\u00e9novation \u00e9nerg\u00e9tique, la PRRE se constitue et sensibilise un r\u00e9seau de professionnels de l\u2019immobilier. La PRRE cr\u00e9e sur le territoire communautaire un r\u00e9seau de plus en plus dense de partenaires, en proposant par exemple des [&hellip;]<\/p>\n","protected":false},"author":1,"featured_media":2937,"parent":1041,"menu_order":5,"comment_status":"closed","ping_status":"closed","template":"page-sous-partie.php","meta":[],"acf":[],"yoast_head":"<!-- This site is optimized with the Yoast SEO plugin v19.12 - https:\/\/yoast.com\/wordpress\/plugins\/seo\/ -->\n<title>La PRRE \u00e9toffe ses partenariats, pour cibler ses offres de r\u00e9novation \u00e9nerg\u00e9tique - Rapport du d\u00e9veloppement durable<\/title>\n<meta name=\"robots\" content=\"index, follow, max-snippet:-1, max-image-preview:large, max-video-preview:-1\" \/>\n<link rel=\"canonical\" href=\"https:\/\/dev-durable.agglo-larochelle.fr\/2022\/une-agglo-sobre-et-durable\/proteger-les-ressources-naturelles\/recyclerie-designation-du-mandataire-et-premiers-travaux\/\" \/>\n<meta property=\"og:locale\" content=\"fr_FR\" \/>\n<meta property=\"og:type\" content=\"article\" \/>\n<meta property=\"og:title\" content=\"La PRRE \u00e9toffe ses partenariats, pour cibler ses offres de r\u00e9novation \u00e9nerg\u00e9tique - Rapport du d\u00e9veloppement durable\" \/>\n<meta property=\"og:description\" content=\"Afin d\u2019aider les particuliers dans leurs d\u00e9marches, mais aussi de rep\u00e9rer plus largement les biens susceptibles de faire l\u2019objet d\u2019une r\u00e9novation \u00e9nerg\u00e9tique, la PRRE se constitue et sensibilise un r\u00e9seau de professionnels de l\u2019immobilier. La PRRE cr\u00e9e sur le territoire communautaire un r\u00e9seau de plus en plus dense de partenaires, en proposant par exemple des [&hellip;]\" \/>\n<meta property=\"og:url\" content=\"https:\/\/dev-durable.agglo-larochelle.fr\/2022\/une-agglo-sobre-et-durable\/proteger-les-ressources-naturelles\/recyclerie-designation-du-mandataire-et-premiers-travaux\/\" \/>\n<meta property=\"og:site_name\" content=\"Rapport du d\u00e9veloppement durable\" \/>\n<meta property=\"article:modified_time\" content=\"2022-12-08T11:42:58+00:00\" \/>\n<meta property=\"og:image\" content=\"https:\/\/dev-durable.agglo-larochelle.fr\/2022\/wp-content\/uploads\/2022\/12\/renovation_CA_037231.jpg\" \/>\n\t<meta property=\"og:image:width\" content=\"650\" \/>\n\t<meta property=\"og:image:height\" content=\"301\" \/>\n\t<meta property=\"og:image:type\" content=\"image\/jpeg\" \/>\n<meta name=\"twitter:card\" content=\"summary_large_image\" \/>\n<meta name=\"twitter:label1\" content=\"Dur\u00e9e de lecture estim\u00e9e\" \/>\n\t<meta name=\"twitter:data1\" content=\"1 minute\" \/>\n<script type=\"application\/ld+json\" class=\"yoast-schema-graph\">{\"@context\":\"https:\/\/schema.org\",\"@graph\":[{\"@type\":\"WebPage\",\"@id\":\"https:\/\/dev-durable.agglo-larochelle.fr\/2022\/une-agglo-sobre-et-durable\/proteger-les-ressources-naturelles\/recyclerie-designation-du-mandataire-et-premiers-travaux\/\",\"url\":\"https:\/\/dev-durable.agglo-larochelle.fr\/2022\/une-agglo-sobre-et-durable\/proteger-les-ressources-naturelles\/recyclerie-designation-du-mandataire-et-premiers-travaux\/\",\"name\":\"La PRRE \u00e9toffe ses partenariats, pour cibler ses offres de r\u00e9novation \u00e9nerg\u00e9tique - Rapport du d\u00e9veloppement durable\",\"isPartOf\":{\"@id\":\"https:\/\/dev-durable.agglo-larochelle.fr\/2022\/#website\"},\"datePublished\":\"2021-01-05T16:46:36+00:00\",\"dateModified\":\"2022-12-08T11:42:58+00:00\",\"breadcrumb\":{\"@id\":\"https:\/\/dev-durable.agglo-larochelle.fr\/2022\/une-agglo-sobre-et-durable\/proteger-les-ressources-naturelles\/recyclerie-designation-du-mandataire-et-premiers-travaux\/#breadcrumb\"},\"inLanguage\":\"fr-FR\",\"potentialAction\":[{\"@type\":\"ReadAction\",\"target\":[\"https:\/\/dev-durable.agglo-larochelle.fr\/2022\/une-agglo-sobre-et-durable\/proteger-les-ressources-naturelles\/recyclerie-designation-du-mandataire-et-premiers-travaux\/\"]}]},{\"@type\":\"BreadcrumbList\",\"@id\":\"https:\/\/dev-durable.agglo-larochelle.fr\/2022\/une-agglo-sobre-et-durable\/proteger-les-ressources-naturelles\/recyclerie-designation-du-mandataire-et-premiers-travaux\/#breadcrumb\",\"itemListElement\":[{\"@type\":\"ListItem\",\"position\":1,\"name\":\"Accueil\",\"item\":\"https:\/\/dev-durable.agglo-larochelle.fr\/2022\/\"},{\"@type\":\"ListItem\",\"position\":2,\"name\":\"Une Agglo sobre et durable\",\"item\":\"https:\/\/dev-durable.agglo-larochelle.fr\/2022\/une-agglo-sobre-et-durable\/\"},{\"@type\":\"ListItem\",\"position\":3,\"name\":\"Relever le d\u00e9fi des changements climatiques\",\"item\":\"https:\/\/dev-durable.agglo-larochelle.fr\/2022\/une-agglo-sobre-et-durable\/proteger-les-ressources-naturelles\/\"},{\"@type\":\"ListItem\",\"position\":4,\"name\":\"La PRRE \u00e9toffe ses partenariats, pour cibler ses offres de r\u00e9novation \u00e9nerg\u00e9tique\"}]},{\"@type\":\"WebSite\",\"@id\":\"https:\/\/dev-durable.agglo-larochelle.fr\/2022\/#website\",\"url\":\"https:\/\/dev-durable.agglo-larochelle.fr\/2022\/\",\"name\":\"Rapport du d\u00e9veloppement durable - 2022\",\"description\":\"Rapport 2022 du d\u00e9veloppement durable\",\"alternateName\":\"Communaut\u00e9 d'Agglom\u00e9ration de La Rochelle\",\"potentialAction\":[{\"@type\":\"SearchAction\",\"target\":{\"@type\":\"EntryPoint\",\"urlTemplate\":\"https:\/\/dev-durable.agglo-larochelle.fr\/2022\/?s={search_term_string}\"},\"query-input\":\"required name=search_term_string\"}],\"inLanguage\":\"fr-FR\"}]}<\/script>\n<!-- \/ Yoast SEO plugin. -->","yoast_head_json":{"title":"La PRRE \u00e9toffe ses partenariats, pour cibler ses offres de r\u00e9novation \u00e9nerg\u00e9tique - Rapport du d\u00e9veloppement durable","robots":{"index":"index","follow":"follow","max-snippet":"max-snippet:-1","max-image-preview":"max-image-preview:large","max-video-preview":"max-video-preview:-1"},"canonical":"https:\/\/dev-durable.agglo-larochelle.fr\/2022\/une-agglo-sobre-et-durable\/proteger-les-ressources-naturelles\/recyclerie-designation-du-mandataire-et-premiers-travaux\/","og_locale":"fr_FR","og_type":"article","og_title":"La PRRE \u00e9toffe ses partenariats, pour cibler ses offres de r\u00e9novation \u00e9nerg\u00e9tique - Rapport du d\u00e9veloppement durable","og_description":"Afin d\u2019aider les particuliers dans leurs d\u00e9marches, mais aussi de rep\u00e9rer plus largement les biens susceptibles de faire l\u2019objet d\u2019une r\u00e9novation \u00e9nerg\u00e9tique, la PRRE se constitue et sensibilise un r\u00e9seau de professionnels de l\u2019immobilier. La PRRE cr\u00e9e sur le territoire communautaire un r\u00e9seau de plus en plus dense de partenaires, en proposant par exemple des [&hellip;]","og_url":"https:\/\/dev-durable.agglo-larochelle.fr\/2022\/une-agglo-sobre-et-durable\/proteger-les-ressources-naturelles\/recyclerie-designation-du-mandataire-et-premiers-travaux\/","og_site_name":"Rapport du d\u00e9veloppement durable","article_modified_time":"2022-12-08T11:42:58+00:00","og_image":[{"width":650,"height":301,"url":"https:\/\/dev-durable.agglo-larochelle.fr\/2022\/wp-content\/uploads\/2022\/12\/renovation_CA_037231.jpg","type":"image\/jpeg"}],"twitter_card":"summary_large_image","twitter_misc":{"Dur\u00e9e de lecture estim\u00e9e":"1 minute"},"schema":{"@context":"https:\/\/schema.org","@graph":[{"@type":"WebPage","@id":"https:\/\/dev-durable.agglo-larochelle.fr\/2022\/une-agglo-sobre-et-durable\/proteger-les-ressources-naturelles\/recyclerie-designation-du-mandataire-et-premiers-travaux\/","url":"https:\/\/dev-durable.agglo-larochelle.fr\/2022\/une-agglo-sobre-et-durable\/proteger-les-ressources-naturelles\/recyclerie-designation-du-mandataire-et-premiers-travaux\/","name":"La PRRE \u00e9toffe ses partenariats, pour cibler ses offres de r\u00e9novation \u00e9nerg\u00e9tique - Rapport du d\u00e9veloppement durable","isPartOf":{"@id":"https:\/\/dev-durable.agglo-larochelle.fr\/2022\/#website"},"datePublished":"2021-01-05T16:46:36+00:00","dateModified":"2022-12-08T11:42:58+00:00","breadcrumb":{"@id":"https:\/\/dev-durable.agglo-larochelle.fr\/2022\/une-agglo-sobre-et-durable\/proteger-les-ressources-naturelles\/recyclerie-designation-du-mandataire-et-premiers-travaux\/#breadcrumb"},"inLanguage":"fr-FR","potentialAction":[{"@type":"ReadAction","target":["https:\/\/dev-durable.agglo-larochelle.fr\/2022\/une-agglo-sobre-et-durable\/proteger-les-ressources-naturelles\/recyclerie-designation-du-mandataire-et-premiers-travaux\/"]}]},{"@type":"BreadcrumbList","@id":"https:\/\/dev-durable.agglo-larochelle.fr\/2022\/une-agglo-sobre-et-durable\/proteger-les-ressources-naturelles\/recyclerie-designation-du-mandataire-et-premiers-travaux\/#breadcrumb","itemListElement":[{"@type":"ListItem","position":1,"name":"Accueil","item":"https:\/\/dev-durable.agglo-larochelle.fr\/2022\/"},{"@type":"ListItem","position":2,"name":"Une Agglo sobre et durable","item":"https:\/\/dev-durable.agglo-larochelle.fr\/2022\/une-agglo-sobre-et-durable\/"},{"@type":"ListItem","position":3,"name":"Relever le d\u00e9fi des changements climatiques","item":"https:\/\/dev-durable.agglo-larochelle.fr\/2022\/une-agglo-sobre-et-durable\/proteger-les-ressources-naturelles\/"},{"@type":"ListItem","position":4,"name":"La PRRE \u00e9toffe ses partenariats, pour cibler ses offres de r\u00e9novation \u00e9nerg\u00e9tique"}]},{"@type":"WebSite","@id":"https:\/\/dev-durable.agglo-larochelle.fr\/2022\/#website","url":"https:\/\/dev-durable.agglo-larochelle.fr\/2022\/","name":"Rapport du d\u00e9veloppement durable - 2022","description":"Rapport 2022 du d\u00e9veloppement durable","alternateName":"Communaut\u00e9 d'Agglom\u00e9ration de La Rochelle","potentialAction":[{"@type":"SearchAction","target":{"@type":"EntryPoint","urlTemplate":"https:\/\/dev-durable.agglo-larochelle.fr\/2022\/?s={search_term_string}"},"query-input":"required name=search_term_string"}],"inLanguage":"fr-FR"}]}},"_links":{"self":[{"href":"https:\/\/dev-durable.agglo-larochelle.fr\/2022\/wp-json\/wp\/v2\/pages\/1543"}],"collection":[{"href":"https:\/\/dev-durable.agglo-larochelle.fr\/2022\/wp-json\/wp\/v2\/pages"}],"about":[{"href":"https:\/\/dev-durable.agglo-larochelle.fr\/2022\/wp-json\/wp\/v2\/types\/page"}],"author":[{"embeddable":true,"href":"https:\/\/dev-durable.agglo-larochelle.fr\/2022\/wp-json\/wp\/v2\/users\/1"}],"replies":[{"embeddable":true,"href":"https:\/\/dev-durable.agglo-larochelle.fr\/2022\/wp-json\/wp\/v2\/comments?post=1543"}],"version-history":[{"count":6,"href":"https:\/\/dev-durable.agglo-larochelle.fr\/2022\/wp-json\/wp\/v2\/pages\/1543\/revisions"}],"predecessor-version":[{"id":2727,"href":"https:\/\/dev-durable.agglo-larochelle.fr\/2022\/wp-json\/wp\/v2\/pages\/1543\/revisions\/2727"}],"up":[{"embeddable":true,"href":"https:\/\/dev-durable.agglo-larochelle.fr\/2022\/wp-json\/wp\/v2\/pages\/1041"}],"wp:featuredmedia":[{"embeddable":true,"href":"https:\/\/dev-durable.agglo-larochelle.fr\/2022\/wp-json\/wp\/v2\/media\/2937"}],"wp:attachment":[{"href":"https:\/\/dev-durable.agglo-larochelle.fr\/2022\/wp-json\/wp\/v2\/media?parent=1543"}],"curies":[{"name":"wp","href":"https:\/\/api.w.org\/{rel}","templated":true}]}}