{"id":1547,"date":"2021-01-05T17:49:59","date_gmt":"2021-01-05T16:49:59","guid":{"rendered":"https:\/\/dev-durable.agglo-larochelle.fr\/20226.0.2\/?page_id=1547"},"modified":"2022-12-08T12:45:00","modified_gmt":"2022-12-08T11:45:00","slug":"modernisation-de-lunite-de-valorisation-energetique","status":"publish","type":"page","link":"https:\/\/dev-durable.agglo-larochelle.fr\/2022\/une-agglo-sobre-et-durable\/proteger-les-ressources-naturelles\/modernisation-de-lunite-de-valorisation-energetique\/","title":{"rendered":"Toujours plus de professionnels sensibilis\u00e9s et form\u00e9s \u00e0 la r\u00e9novation \u00e9nerg\u00e9tique"},"content":{"rendered":"<p><strong>Le programme Facilar\u00e9no 2 \u00e0 destination des professionnels de la construction a d\u00e9but\u00e9 en septembre. Il associe Aunis Sud, Aunis Atlantique et les Vals de Saintonge.<\/strong><\/p>\n<p>Former des professionnels \u00e0 la r\u00e9novation \u00e9nerg\u00e9tique est un levier important de la baisse des \u00e9missions carbon\u00e9es chez les particuliers. Le programme Facilar\u00e9no est un programme europ\u00e9en valid\u00e9 par le Minist\u00e8re de la Transition \u00c9cologique et port\u00e9 \u00e0 l\u2019Institut N\u00e9gawatt. C\u2019est un programme de trois ans \u00e0 destination des professionnels de la construction qui vise \u00e0\u00a0animer et former le r\u00e9seau local de professionnels \u00e0 la r\u00e9novation compl\u00e8te et performante ; \u00e0 multiplier les chantiers exemplaires en r\u00e9novations BBC (B\u00e2timent Basse Consommation) et \u00e0 disposer d\u2019une offre locale pour les usagers souhaitant s\u2019engager dans une r\u00e9novation performante. Cette offre s\u2019appuiera sur les groupements de professionnels form\u00e9s et capables de r\u00e9aliser ces travaux.<\/p>\n","protected":false},"excerpt":{"rendered":"<p>Le programme Facilar\u00e9no 2 \u00e0 destination des professionnels de la construction a d\u00e9but\u00e9 en septembre. Il associe Aunis Sud, Aunis Atlantique et les Vals de Saintonge. Former des professionnels \u00e0 la r\u00e9novation \u00e9nerg\u00e9tique est un levier important de la baisse des \u00e9missions carbon\u00e9es chez les particuliers. Le programme Facilar\u00e9no est un programme europ\u00e9en valid\u00e9 par [&hellip;]<\/p>\n","protected":false},"author":1,"featured_media":655,"parent":1041,"menu_order":7,"comment_status":"closed","ping_status":"closed","template":"page-sous-partie.php","meta":[],"acf":[],"yoast_head":"<!-- This site is optimized with the Yoast SEO plugin v19.12 - https:\/\/yoast.com\/wordpress\/plugins\/seo\/ -->\n<title>Toujours plus de professionnels sensibilis\u00e9s et form\u00e9s \u00e0 la r\u00e9novation \u00e9nerg\u00e9tique - Rapport du d\u00e9veloppement durable<\/title>\n<meta name=\"robots\" content=\"index, follow, max-snippet:-1, max-image-preview:large, max-video-preview:-1\" \/>\n<link rel=\"canonical\" href=\"https:\/\/dev-durable.agglo-larochelle.fr\/2022\/une-agglo-sobre-et-durable\/proteger-les-ressources-naturelles\/modernisation-de-lunite-de-valorisation-energetique\/\" \/>\n<meta property=\"og:locale\" content=\"fr_FR\" \/>\n<meta property=\"og:type\" content=\"article\" \/>\n<meta property=\"og:title\" content=\"Toujours plus de professionnels sensibilis\u00e9s et form\u00e9s \u00e0 la r\u00e9novation \u00e9nerg\u00e9tique - Rapport du d\u00e9veloppement durable\" \/>\n<meta property=\"og:description\" content=\"Le programme Facilar\u00e9no 2 \u00e0 destination des professionnels de la construction a d\u00e9but\u00e9 en septembre. Il associe Aunis Sud, Aunis Atlantique et les Vals de Saintonge. Former des professionnels \u00e0 la r\u00e9novation \u00e9nerg\u00e9tique est un levier important de la baisse des \u00e9missions carbon\u00e9es chez les particuliers. Le programme Facilar\u00e9no est un programme europ\u00e9en valid\u00e9 par [&hellip;]\" \/>\n<meta property=\"og:url\" content=\"https:\/\/dev-durable.agglo-larochelle.fr\/2022\/une-agglo-sobre-et-durable\/proteger-les-ressources-naturelles\/modernisation-de-lunite-de-valorisation-energetique\/\" \/>\n<meta property=\"og:site_name\" content=\"Rapport du d\u00e9veloppement durable\" \/>\n<meta property=\"article:modified_time\" content=\"2022-12-08T11:45:00+00:00\" \/>\n<meta property=\"og:image\" content=\"https:\/\/dev-durable.agglo-larochelle.fr\/2022\/wp-content\/uploads\/2018\/11\/eco-habitat-1.gif\" \/>\n\t<meta property=\"og:image:width\" content=\"1024\" \/>\n\t<meta property=\"og:image:height\" content=\"654\" \/>\n\t<meta property=\"og:image:type\" content=\"image\/gif\" \/>\n<meta name=\"twitter:card\" content=\"summary_large_image\" \/>\n<meta name=\"twitter:label1\" content=\"Dur\u00e9e de lecture estim\u00e9e\" \/>\n\t<meta name=\"twitter:data1\" content=\"1 minute\" \/>\n<script type=\"application\/ld+json\" class=\"yoast-schema-graph\">{\"@context\":\"https:\/\/schema.org\",\"@graph\":[{\"@type\":\"WebPage\",\"@id\":\"https:\/\/dev-durable.agglo-larochelle.fr\/2022\/une-agglo-sobre-et-durable\/proteger-les-ressources-naturelles\/modernisation-de-lunite-de-valorisation-energetique\/\",\"url\":\"https:\/\/dev-durable.agglo-larochelle.fr\/2022\/une-agglo-sobre-et-durable\/proteger-les-ressources-naturelles\/modernisation-de-lunite-de-valorisation-energetique\/\",\"name\":\"Toujours plus de professionnels sensibilis\u00e9s et form\u00e9s \u00e0 la r\u00e9novation \u00e9nerg\u00e9tique - Rapport du d\u00e9veloppement durable\",\"isPartOf\":{\"@id\":\"https:\/\/dev-durable.agglo-larochelle.fr\/2022\/#website\"},\"datePublished\":\"2021-01-05T16:49:59+00:00\",\"dateModified\":\"2022-12-08T11:45:00+00:00\",\"breadcrumb\":{\"@id\":\"https:\/\/dev-durable.agglo-larochelle.fr\/2022\/une-agglo-sobre-et-durable\/proteger-les-ressources-naturelles\/modernisation-de-lunite-de-valorisation-energetique\/#breadcrumb\"},\"inLanguage\":\"fr-FR\",\"potentialAction\":[{\"@type\":\"ReadAction\",\"target\":[\"https:\/\/dev-durable.agglo-larochelle.fr\/2022\/une-agglo-sobre-et-durable\/proteger-les-ressources-naturelles\/modernisation-de-lunite-de-valorisation-energetique\/\"]}]},{\"@type\":\"BreadcrumbList\",\"@id\":\"https:\/\/dev-durable.agglo-larochelle.fr\/2022\/une-agglo-sobre-et-durable\/proteger-les-ressources-naturelles\/modernisation-de-lunite-de-valorisation-energetique\/#breadcrumb\",\"itemListElement\":[{\"@type\":\"ListItem\",\"position\":1,\"name\":\"Accueil\",\"item\":\"https:\/\/dev-durable.agglo-larochelle.fr\/2022\/\"},{\"@type\":\"ListItem\",\"position\":2,\"name\":\"Une Agglo sobre et durable\",\"item\":\"https:\/\/dev-durable.agglo-larochelle.fr\/2022\/une-agglo-sobre-et-durable\/\"},{\"@type\":\"ListItem\",\"position\":3,\"name\":\"Relever le d\u00e9fi des changements climatiques\",\"item\":\"https:\/\/dev-durable.agglo-larochelle.fr\/2022\/une-agglo-sobre-et-durable\/proteger-les-ressources-naturelles\/\"},{\"@type\":\"ListItem\",\"position\":4,\"name\":\"Toujours plus de professionnels sensibilis\u00e9s et form\u00e9s \u00e0 la r\u00e9novation \u00e9nerg\u00e9tique\"}]},{\"@type\":\"WebSite\",\"@id\":\"https:\/\/dev-durable.agglo-larochelle.fr\/2022\/#website\",\"url\":\"https:\/\/dev-durable.agglo-larochelle.fr\/2022\/\",\"name\":\"Rapport du d\u00e9veloppement durable - 2022\",\"description\":\"Rapport 2022 du d\u00e9veloppement durable\",\"alternateName\":\"Communaut\u00e9 d'Agglom\u00e9ration de La Rochelle\",\"potentialAction\":[{\"@type\":\"SearchAction\",\"target\":{\"@type\":\"EntryPoint\",\"urlTemplate\":\"https:\/\/dev-durable.agglo-larochelle.fr\/2022\/?s={search_term_string}\"},\"query-input\":\"required name=search_term_string\"}],\"inLanguage\":\"fr-FR\"}]}<\/script>\n<!-- \/ Yoast SEO plugin. -->","yoast_head_json":{"title":"Toujours plus de professionnels sensibilis\u00e9s et form\u00e9s \u00e0 la r\u00e9novation \u00e9nerg\u00e9tique - Rapport du d\u00e9veloppement durable","robots":{"index":"index","follow":"follow","max-snippet":"max-snippet:-1","max-image-preview":"max-image-preview:large","max-video-preview":"max-video-preview:-1"},"canonical":"https:\/\/dev-durable.agglo-larochelle.fr\/2022\/une-agglo-sobre-et-durable\/proteger-les-ressources-naturelles\/modernisation-de-lunite-de-valorisation-energetique\/","og_locale":"fr_FR","og_type":"article","og_title":"Toujours plus de professionnels sensibilis\u00e9s et form\u00e9s \u00e0 la r\u00e9novation \u00e9nerg\u00e9tique - Rapport du d\u00e9veloppement durable","og_description":"Le programme Facilar\u00e9no 2 \u00e0 destination des professionnels de la construction a d\u00e9but\u00e9 en septembre. Il associe Aunis Sud, Aunis Atlantique et les Vals de Saintonge. Former des professionnels \u00e0 la r\u00e9novation \u00e9nerg\u00e9tique est un levier important de la baisse des \u00e9missions carbon\u00e9es chez les particuliers. Le programme Facilar\u00e9no est un programme europ\u00e9en valid\u00e9 par [&hellip;]","og_url":"https:\/\/dev-durable.agglo-larochelle.fr\/2022\/une-agglo-sobre-et-durable\/proteger-les-ressources-naturelles\/modernisation-de-lunite-de-valorisation-energetique\/","og_site_name":"Rapport du d\u00e9veloppement durable","article_modified_time":"2022-12-08T11:45:00+00:00","og_image":[{"width":1024,"height":654,"url":"https:\/\/dev-durable.agglo-larochelle.fr\/2022\/wp-content\/uploads\/2018\/11\/eco-habitat-1.gif","type":"image\/gif"}],"twitter_card":"summary_large_image","twitter_misc":{"Dur\u00e9e de lecture estim\u00e9e":"1 minute"},"schema":{"@context":"https:\/\/schema.org","@graph":[{"@type":"WebPage","@id":"https:\/\/dev-durable.agglo-larochelle.fr\/2022\/une-agglo-sobre-et-durable\/proteger-les-ressources-naturelles\/modernisation-de-lunite-de-valorisation-energetique\/","url":"https:\/\/dev-durable.agglo-larochelle.fr\/2022\/une-agglo-sobre-et-durable\/proteger-les-ressources-naturelles\/modernisation-de-lunite-de-valorisation-energetique\/","name":"Toujours plus de professionnels sensibilis\u00e9s et form\u00e9s \u00e0 la r\u00e9novation \u00e9nerg\u00e9tique - Rapport du d\u00e9veloppement durable","isPartOf":{"@id":"https:\/\/dev-durable.agglo-larochelle.fr\/2022\/#website"},"datePublished":"2021-01-05T16:49:59+00:00","dateModified":"2022-12-08T11:45:00+00:00","breadcrumb":{"@id":"https:\/\/dev-durable.agglo-larochelle.fr\/2022\/une-agglo-sobre-et-durable\/proteger-les-ressources-naturelles\/modernisation-de-lunite-de-valorisation-energetique\/#breadcrumb"},"inLanguage":"fr-FR","potentialAction":[{"@type":"ReadAction","target":["https:\/\/dev-durable.agglo-larochelle.fr\/2022\/une-agglo-sobre-et-durable\/proteger-les-ressources-naturelles\/modernisation-de-lunite-de-valorisation-energetique\/"]}]},{"@type":"BreadcrumbList","@id":"https:\/\/dev-durable.agglo-larochelle.fr\/2022\/une-agglo-sobre-et-durable\/proteger-les-ressources-naturelles\/modernisation-de-lunite-de-valorisation-energetique\/#breadcrumb","itemListElement":[{"@type":"ListItem","position":1,"name":"Accueil","item":"https:\/\/dev-durable.agglo-larochelle.fr\/2022\/"},{"@type":"ListItem","position":2,"name":"Une Agglo sobre et durable","item":"https:\/\/dev-durable.agglo-larochelle.fr\/2022\/une-agglo-sobre-et-durable\/"},{"@type":"ListItem","position":3,"name":"Relever le d\u00e9fi des changements climatiques","item":"https:\/\/dev-durable.agglo-larochelle.fr\/2022\/une-agglo-sobre-et-durable\/proteger-les-ressources-naturelles\/"},{"@type":"ListItem","position":4,"name":"Toujours plus de professionnels sensibilis\u00e9s et form\u00e9s \u00e0 la r\u00e9novation \u00e9nerg\u00e9tique"}]},{"@type":"WebSite","@id":"https:\/\/dev-durable.agglo-larochelle.fr\/2022\/#website","url":"https:\/\/dev-durable.agglo-larochelle.fr\/2022\/","name":"Rapport du d\u00e9veloppement durable - 2022","description":"Rapport 2022 du d\u00e9veloppement durable","alternateName":"Communaut\u00e9 d'Agglom\u00e9ration de La Rochelle","potentialAction":[{"@type":"SearchAction","target":{"@type":"EntryPoint","urlTemplate":"https:\/\/dev-durable.agglo-larochelle.fr\/2022\/?s={search_term_string}"},"query-input":"required name=search_term_string"}],"inLanguage":"fr-FR"}]}},"_links":{"self":[{"href":"https:\/\/dev-durable.agglo-larochelle.fr\/2022\/wp-json\/wp\/v2\/pages\/1547"}],"collection":[{"href":"https:\/\/dev-durable.agglo-larochelle.fr\/2022\/wp-json\/wp\/v2\/pages"}],"about":[{"href":"https:\/\/dev-durable.agglo-larochelle.fr\/2022\/wp-json\/wp\/v2\/types\/page"}],"author":[{"embeddable":true,"href":"https:\/\/dev-durable.agglo-larochelle.fr\/2022\/wp-json\/wp\/v2\/users\/1"}],"replies":[{"embeddable":true,"href":"https:\/\/dev-durable.agglo-larochelle.fr\/2022\/wp-json\/wp\/v2\/comments?post=1547"}],"version-history":[{"count":7,"href":"https:\/\/dev-durable.agglo-larochelle.fr\/2022\/wp-json\/wp\/v2\/pages\/1547\/revisions"}],"predecessor-version":[{"id":2729,"href":"https:\/\/dev-durable.agglo-larochelle.fr\/2022\/wp-json\/wp\/v2\/pages\/1547\/revisions\/2729"}],"up":[{"embeddable":true,"href":"https:\/\/dev-durable.agglo-larochelle.fr\/2022\/wp-json\/wp\/v2\/pages\/1041"}],"wp:featuredmedia":[{"embeddable":true,"href":"https:\/\/dev-durable.agglo-larochelle.fr\/2022\/wp-json\/wp\/v2\/media\/655"}],"wp:attachment":[{"href":"https:\/\/dev-durable.agglo-larochelle.fr\/2022\/wp-json\/wp\/v2\/media?parent=1547"}],"curies":[{"name":"wp","href":"https:\/\/api.w.org\/{rel}","templated":true}]}}