{"id":1949,"date":"2021-11-25T10:46:29","date_gmt":"2021-11-25T09:46:29","guid":{"rendered":"https:\/\/dev-durable.agglo-larochelle.fr\/20226.0.2\/?page_id=1949"},"modified":"2022-12-06T10:29:20","modified_gmt":"2022-12-06T09:29:20","slug":"appliquer-les-odd-sur-le-territoire-avec-le-forum-participatif-des-acteurs-de-la-transition","status":"publish","type":"page","link":"https:\/\/dev-durable.agglo-larochelle.fr\/2022\/une-agglo-creative\/gouvernance-et-animation-du-territoire\/appliquer-les-odd-sur-le-territoire-avec-le-forum-participatif-des-acteurs-de-la-transition\/","title":{"rendered":"La communaut\u00e9 LRTZC tire le bilan de trois ann\u00e9es d\u2019activit\u00e9s"},"content":{"rendered":"\n<p><strong>Les acteurs de la \u00ab\u00a0communaut\u00e9 LRTZC\u00a0\u00bb se sont retrouv\u00e9s en mars dernier, pour une journ\u00e9e de rencontres et d\u2019\u00e9changes, \u00e0 l\u2019occasion des trois ann\u00e9es d\u2019activit\u00e9 du programme.<\/strong><\/p>\n<p>Le 28 mars 2022, plus de quatre cents acteurs de LRTZC \u2013 citoyens, associations, entreprises, collectivit\u00e9s, \u00e9lus \u2013 se sont donc retrouv\u00e9s \u00e0 La Coursive pour faire le point sur trois ann\u00e9es d\u2019activit\u00e9s du programme LRTZC, autour de prises de paroles courtes sur l\u2019\u00e9tat des diff\u00e9rents axes. Un constat partag\u00e9\u00a0: LRTZC prend incontestablement de l\u2019envergure. Des premi\u00e8res \u00e9tudes, le projet est d\u00e9sormais pass\u00e9 aux premiers bilans. Les actions sont engag\u00e9es, op\u00e9rationnelles, et les retours se fondent sur des indicateurs concrets, acquis par les premi\u00e8res exp\u00e9rimentations. Pass\u00e9 les premi\u00e8res phases de d\u00e9marrage et de d\u00e9veloppement, ce sont maintenant les \u00e9volutions et les projections qui occupent les diff\u00e9rents partenaires.<\/p>\n","protected":false},"excerpt":{"rendered":"<p>Les acteurs de la \u00ab\u00a0communaut\u00e9 LRTZC\u00a0\u00bb se sont retrouv\u00e9s en mars dernier, pour une journ\u00e9e de rencontres et d\u2019\u00e9changes, \u00e0 l\u2019occasion des trois ann\u00e9es d\u2019activit\u00e9 du programme. Le 28 mars 2022, plus de quatre cents acteurs de LRTZC \u2013 citoyens, associations, entreprises, collectivit\u00e9s, \u00e9lus \u2013 se sont donc retrouv\u00e9s \u00e0 La Coursive pour faire le [&hellip;]<\/p>\n","protected":false},"author":1,"featured_media":1910,"parent":289,"menu_order":6,"comment_status":"closed","ping_status":"closed","template":"page-sous-partie.php","meta":[],"acf":[],"yoast_head":"<!-- This site is optimized with the Yoast SEO plugin v19.12 - https:\/\/yoast.com\/wordpress\/plugins\/seo\/ -->\n<title>La communaut\u00e9 LRTZC tire le bilan de trois ann\u00e9es d\u2019activit\u00e9s - Rapport du d\u00e9veloppement durable<\/title>\n<meta name=\"robots\" content=\"index, follow, max-snippet:-1, max-image-preview:large, max-video-preview:-1\" \/>\n<link rel=\"canonical\" href=\"https:\/\/dev-durable.agglo-larochelle.fr\/2022\/une-agglo-creative\/gouvernance-et-animation-du-territoire\/appliquer-les-odd-sur-le-territoire-avec-le-forum-participatif-des-acteurs-de-la-transition\/\" \/>\n<meta property=\"og:locale\" content=\"fr_FR\" \/>\n<meta property=\"og:type\" content=\"article\" \/>\n<meta property=\"og:title\" content=\"La communaut\u00e9 LRTZC tire le bilan de trois ann\u00e9es d\u2019activit\u00e9s - Rapport du d\u00e9veloppement durable\" \/>\n<meta property=\"og:description\" content=\"Les acteurs de la \u00ab\u00a0communaut\u00e9 LRTZC\u00a0\u00bb se sont retrouv\u00e9s en mars dernier, pour une journ\u00e9e de rencontres et d\u2019\u00e9changes, \u00e0 l\u2019occasion des trois ann\u00e9es d\u2019activit\u00e9 du programme. Le 28 mars 2022, plus de quatre cents acteurs de LRTZC \u2013 citoyens, associations, entreprises, collectivit\u00e9s, \u00e9lus \u2013 se sont donc retrouv\u00e9s \u00e0 La Coursive pour faire le [&hellip;]\" \/>\n<meta property=\"og:url\" content=\"https:\/\/dev-durable.agglo-larochelle.fr\/2022\/une-agglo-creative\/gouvernance-et-animation-du-territoire\/appliquer-les-odd-sur-le-territoire-avec-le-forum-participatif-des-acteurs-de-la-transition\/\" \/>\n<meta property=\"og:site_name\" content=\"Rapport du d\u00e9veloppement durable\" \/>\n<meta property=\"article:modified_time\" content=\"2022-12-06T09:29:20+00:00\" \/>\n<meta property=\"og:image\" content=\"https:\/\/dev-durable.agglo-larochelle.fr\/2022\/wp-content\/uploads\/2021\/11\/integrer_zero_carbone_MLRC_108437.jpg\" \/>\n\t<meta property=\"og:image:width\" content=\"700\" \/>\n\t<meta property=\"og:image:height\" content=\"467\" \/>\n\t<meta property=\"og:image:type\" content=\"image\/jpeg\" \/>\n<meta name=\"twitter:card\" content=\"summary_large_image\" \/>\n<meta name=\"twitter:label1\" content=\"Dur\u00e9e de lecture estim\u00e9e\" \/>\n\t<meta name=\"twitter:data1\" content=\"1 minute\" \/>\n<script type=\"application\/ld+json\" class=\"yoast-schema-graph\">{\"@context\":\"https:\/\/schema.org\",\"@graph\":[{\"@type\":\"WebPage\",\"@id\":\"https:\/\/dev-durable.agglo-larochelle.fr\/2022\/une-agglo-creative\/gouvernance-et-animation-du-territoire\/appliquer-les-odd-sur-le-territoire-avec-le-forum-participatif-des-acteurs-de-la-transition\/\",\"url\":\"https:\/\/dev-durable.agglo-larochelle.fr\/2022\/une-agglo-creative\/gouvernance-et-animation-du-territoire\/appliquer-les-odd-sur-le-territoire-avec-le-forum-participatif-des-acteurs-de-la-transition\/\",\"name\":\"La communaut\u00e9 LRTZC tire le bilan de trois ann\u00e9es d\u2019activit\u00e9s - Rapport du d\u00e9veloppement durable\",\"isPartOf\":{\"@id\":\"https:\/\/dev-durable.agglo-larochelle.fr\/2022\/#website\"},\"datePublished\":\"2021-11-25T09:46:29+00:00\",\"dateModified\":\"2022-12-06T09:29:20+00:00\",\"breadcrumb\":{\"@id\":\"https:\/\/dev-durable.agglo-larochelle.fr\/2022\/une-agglo-creative\/gouvernance-et-animation-du-territoire\/appliquer-les-odd-sur-le-territoire-avec-le-forum-participatif-des-acteurs-de-la-transition\/#breadcrumb\"},\"inLanguage\":\"fr-FR\",\"potentialAction\":[{\"@type\":\"ReadAction\",\"target\":[\"https:\/\/dev-durable.agglo-larochelle.fr\/2022\/une-agglo-creative\/gouvernance-et-animation-du-territoire\/appliquer-les-odd-sur-le-territoire-avec-le-forum-participatif-des-acteurs-de-la-transition\/\"]}]},{\"@type\":\"BreadcrumbList\",\"@id\":\"https:\/\/dev-durable.agglo-larochelle.fr\/2022\/une-agglo-creative\/gouvernance-et-animation-du-territoire\/appliquer-les-odd-sur-le-territoire-avec-le-forum-participatif-des-acteurs-de-la-transition\/#breadcrumb\",\"itemListElement\":[{\"@type\":\"ListItem\",\"position\":1,\"name\":\"Accueil\",\"item\":\"https:\/\/dev-durable.agglo-larochelle.fr\/2022\/\"},{\"@type\":\"ListItem\",\"position\":2,\"name\":\"Une Agglo cr\u00e9ative\",\"item\":\"https:\/\/dev-durable.agglo-larochelle.fr\/2022\/une-agglo-creative\/\"},{\"@type\":\"ListItem\",\"position\":3,\"name\":\"Gouvernance et animation du territoire\",\"item\":\"https:\/\/dev-durable.agglo-larochelle.fr\/2022\/une-agglo-creative\/gouvernance-et-animation-du-territoire\/\"},{\"@type\":\"ListItem\",\"position\":4,\"name\":\"La communaut\u00e9 LRTZC tire le bilan de trois ann\u00e9es d\u2019activit\u00e9s\"}]},{\"@type\":\"WebSite\",\"@id\":\"https:\/\/dev-durable.agglo-larochelle.fr\/2022\/#website\",\"url\":\"https:\/\/dev-durable.agglo-larochelle.fr\/2022\/\",\"name\":\"Rapport du d\u00e9veloppement durable - 2022\",\"description\":\"Rapport 2022 du d\u00e9veloppement durable\",\"alternateName\":\"Communaut\u00e9 d'Agglom\u00e9ration de La Rochelle\",\"potentialAction\":[{\"@type\":\"SearchAction\",\"target\":{\"@type\":\"EntryPoint\",\"urlTemplate\":\"https:\/\/dev-durable.agglo-larochelle.fr\/2022\/?s={search_term_string}\"},\"query-input\":\"required name=search_term_string\"}],\"inLanguage\":\"fr-FR\"}]}<\/script>\n<!-- \/ Yoast SEO plugin. -->","yoast_head_json":{"title":"La communaut\u00e9 LRTZC tire le bilan de trois ann\u00e9es d\u2019activit\u00e9s - Rapport du d\u00e9veloppement durable","robots":{"index":"index","follow":"follow","max-snippet":"max-snippet:-1","max-image-preview":"max-image-preview:large","max-video-preview":"max-video-preview:-1"},"canonical":"https:\/\/dev-durable.agglo-larochelle.fr\/2022\/une-agglo-creative\/gouvernance-et-animation-du-territoire\/appliquer-les-odd-sur-le-territoire-avec-le-forum-participatif-des-acteurs-de-la-transition\/","og_locale":"fr_FR","og_type":"article","og_title":"La communaut\u00e9 LRTZC tire le bilan de trois ann\u00e9es d\u2019activit\u00e9s - Rapport du d\u00e9veloppement durable","og_description":"Les acteurs de la \u00ab\u00a0communaut\u00e9 LRTZC\u00a0\u00bb se sont retrouv\u00e9s en mars dernier, pour une journ\u00e9e de rencontres et d\u2019\u00e9changes, \u00e0 l\u2019occasion des trois ann\u00e9es d\u2019activit\u00e9 du programme. Le 28 mars 2022, plus de quatre cents acteurs de LRTZC \u2013 citoyens, associations, entreprises, collectivit\u00e9s, \u00e9lus \u2013 se sont donc retrouv\u00e9s \u00e0 La Coursive pour faire le [&hellip;]","og_url":"https:\/\/dev-durable.agglo-larochelle.fr\/2022\/une-agglo-creative\/gouvernance-et-animation-du-territoire\/appliquer-les-odd-sur-le-territoire-avec-le-forum-participatif-des-acteurs-de-la-transition\/","og_site_name":"Rapport du d\u00e9veloppement durable","article_modified_time":"2022-12-06T09:29:20+00:00","og_image":[{"width":700,"height":467,"url":"https:\/\/dev-durable.agglo-larochelle.fr\/2022\/wp-content\/uploads\/2021\/11\/integrer_zero_carbone_MLRC_108437.jpg","type":"image\/jpeg"}],"twitter_card":"summary_large_image","twitter_misc":{"Dur\u00e9e de lecture estim\u00e9e":"1 minute"},"schema":{"@context":"https:\/\/schema.org","@graph":[{"@type":"WebPage","@id":"https:\/\/dev-durable.agglo-larochelle.fr\/2022\/une-agglo-creative\/gouvernance-et-animation-du-territoire\/appliquer-les-odd-sur-le-territoire-avec-le-forum-participatif-des-acteurs-de-la-transition\/","url":"https:\/\/dev-durable.agglo-larochelle.fr\/2022\/une-agglo-creative\/gouvernance-et-animation-du-territoire\/appliquer-les-odd-sur-le-territoire-avec-le-forum-participatif-des-acteurs-de-la-transition\/","name":"La communaut\u00e9 LRTZC tire le bilan de trois ann\u00e9es d\u2019activit\u00e9s - Rapport du d\u00e9veloppement durable","isPartOf":{"@id":"https:\/\/dev-durable.agglo-larochelle.fr\/2022\/#website"},"datePublished":"2021-11-25T09:46:29+00:00","dateModified":"2022-12-06T09:29:20+00:00","breadcrumb":{"@id":"https:\/\/dev-durable.agglo-larochelle.fr\/2022\/une-agglo-creative\/gouvernance-et-animation-du-territoire\/appliquer-les-odd-sur-le-territoire-avec-le-forum-participatif-des-acteurs-de-la-transition\/#breadcrumb"},"inLanguage":"fr-FR","potentialAction":[{"@type":"ReadAction","target":["https:\/\/dev-durable.agglo-larochelle.fr\/2022\/une-agglo-creative\/gouvernance-et-animation-du-territoire\/appliquer-les-odd-sur-le-territoire-avec-le-forum-participatif-des-acteurs-de-la-transition\/"]}]},{"@type":"BreadcrumbList","@id":"https:\/\/dev-durable.agglo-larochelle.fr\/2022\/une-agglo-creative\/gouvernance-et-animation-du-territoire\/appliquer-les-odd-sur-le-territoire-avec-le-forum-participatif-des-acteurs-de-la-transition\/#breadcrumb","itemListElement":[{"@type":"ListItem","position":1,"name":"Accueil","item":"https:\/\/dev-durable.agglo-larochelle.fr\/2022\/"},{"@type":"ListItem","position":2,"name":"Une Agglo cr\u00e9ative","item":"https:\/\/dev-durable.agglo-larochelle.fr\/2022\/une-agglo-creative\/"},{"@type":"ListItem","position":3,"name":"Gouvernance et animation du territoire","item":"https:\/\/dev-durable.agglo-larochelle.fr\/2022\/une-agglo-creative\/gouvernance-et-animation-du-territoire\/"},{"@type":"ListItem","position":4,"name":"La communaut\u00e9 LRTZC tire le bilan de trois ann\u00e9es d\u2019activit\u00e9s"}]},{"@type":"WebSite","@id":"https:\/\/dev-durable.agglo-larochelle.fr\/2022\/#website","url":"https:\/\/dev-durable.agglo-larochelle.fr\/2022\/","name":"Rapport du d\u00e9veloppement durable - 2022","description":"Rapport 2022 du d\u00e9veloppement durable","alternateName":"Communaut\u00e9 d'Agglom\u00e9ration de La Rochelle","potentialAction":[{"@type":"SearchAction","target":{"@type":"EntryPoint","urlTemplate":"https:\/\/dev-durable.agglo-larochelle.fr\/2022\/?s={search_term_string}"},"query-input":"required name=search_term_string"}],"inLanguage":"fr-FR"}]}},"_links":{"self":[{"href":"https:\/\/dev-durable.agglo-larochelle.fr\/2022\/wp-json\/wp\/v2\/pages\/1949"}],"collection":[{"href":"https:\/\/dev-durable.agglo-larochelle.fr\/2022\/wp-json\/wp\/v2\/pages"}],"about":[{"href":"https:\/\/dev-durable.agglo-larochelle.fr\/2022\/wp-json\/wp\/v2\/types\/page"}],"author":[{"embeddable":true,"href":"https:\/\/dev-durable.agglo-larochelle.fr\/2022\/wp-json\/wp\/v2\/users\/1"}],"replies":[{"embeddable":true,"href":"https:\/\/dev-durable.agglo-larochelle.fr\/2022\/wp-json\/wp\/v2\/comments?post=1949"}],"version-history":[{"count":6,"href":"https:\/\/dev-durable.agglo-larochelle.fr\/2022\/wp-json\/wp\/v2\/pages\/1949\/revisions"}],"predecessor-version":[{"id":2648,"href":"https:\/\/dev-durable.agglo-larochelle.fr\/2022\/wp-json\/wp\/v2\/pages\/1949\/revisions\/2648"}],"up":[{"embeddable":true,"href":"https:\/\/dev-durable.agglo-larochelle.fr\/2022\/wp-json\/wp\/v2\/pages\/289"}],"wp:featuredmedia":[{"embeddable":true,"href":"https:\/\/dev-durable.agglo-larochelle.fr\/2022\/wp-json\/wp\/v2\/media\/1910"}],"wp:attachment":[{"href":"https:\/\/dev-durable.agglo-larochelle.fr\/2022\/wp-json\/wp\/v2\/media?parent=1949"}],"curies":[{"name":"wp","href":"https:\/\/api.w.org\/{rel}","templated":true}]}}