{"id":1953,"date":"2021-11-25T10:47:27","date_gmt":"2021-11-25T09:47:27","guid":{"rendered":"https:\/\/dev-durable.agglo-larochelle.fr\/20226.0.2\/?page_id=1953"},"modified":"2022-12-05T17:40:23","modified_gmt":"2022-12-05T16:40:23","slug":"le-comite-citoyen-succes-de-la-campagne-de-recrutement-pour-cette-instance-territoire-zero-carbone","status":"publish","type":"page","link":"https:\/\/dev-durable.agglo-larochelle.fr\/2022\/une-agglo-creative\/gouvernance-et-animation-du-territoire\/le-comite-citoyen-succes-de-la-campagne-de-recrutement-pour-cette-instance-territoire-zero-carbone\/","title":{"rendered":"Une Strat\u00e9gie Num\u00e9rique responsable\u00a0co-construite avec les usagers"},"content":{"rendered":"\n<p><strong>Une enqu\u00eate portant sur les usages num\u00e9riques responsables et l\u2019organisation d\u2019ateliers de travail avec des associations, habitants et entreprises permet d\u2019\u00e9laborer une strat\u00e9gie efficace et r\u00e9pondant aux diff\u00e9rentes attentes.<\/strong><\/p>\n<p>La strat\u00e9gie Num\u00e9rique Responsable de la Ville et de l\u2019Agglo de La Rochelle permet d\u2019afficher les ambitions et valeurs des deux collectivit\u00e9s. \u00a0Elle constitue un document cadrant des autres politiques publiques. Cette d\u00e9marche regroupe les diff\u00e9rentes feuilles de route num\u00e9riques (inclusion, sobri\u00e9t\u00e9, gestion de la donn\u00e9e, innovation, souverainet\u00e9 num\u00e9rique,\u2026). Cette strat\u00e9gie est co-construite avec les acteurs du territoire (associations, habitants et entreprises) et les services de la Ville\/Agglo de La Rochelle.<\/p>\n","protected":false},"excerpt":{"rendered":"<p>Une enqu\u00eate portant sur les usages num\u00e9riques responsables et l\u2019organisation d\u2019ateliers de travail avec des associations, habitants et entreprises permet d\u2019\u00e9laborer une strat\u00e9gie efficace et r\u00e9pondant aux diff\u00e9rentes attentes. La strat\u00e9gie Num\u00e9rique Responsable de la Ville et de l\u2019Agglo de La Rochelle permet d\u2019afficher les ambitions et valeurs des deux collectivit\u00e9s. \u00a0Elle constitue un document [&hellip;]<\/p>\n","protected":false},"author":1,"featured_media":2184,"parent":289,"menu_order":7,"comment_status":"closed","ping_status":"closed","template":"page-sous-partie.php","meta":[],"acf":[],"yoast_head":"<!-- This site is optimized with the Yoast SEO plugin v19.12 - https:\/\/yoast.com\/wordpress\/plugins\/seo\/ -->\n<title>Une Strat\u00e9gie Num\u00e9rique responsable\u00a0co-construite avec les usagers - Rapport du d\u00e9veloppement durable<\/title>\n<meta name=\"robots\" content=\"index, follow, max-snippet:-1, max-image-preview:large, max-video-preview:-1\" \/>\n<link rel=\"canonical\" href=\"https:\/\/dev-durable.agglo-larochelle.fr\/2022\/une-agglo-creative\/gouvernance-et-animation-du-territoire\/le-comite-citoyen-succes-de-la-campagne-de-recrutement-pour-cette-instance-territoire-zero-carbone\/\" \/>\n<meta property=\"og:locale\" content=\"fr_FR\" \/>\n<meta property=\"og:type\" content=\"article\" \/>\n<meta property=\"og:title\" content=\"Une Strat\u00e9gie Num\u00e9rique responsable\u00a0co-construite avec les usagers - Rapport du d\u00e9veloppement durable\" \/>\n<meta property=\"og:description\" content=\"Une enqu\u00eate portant sur les usages num\u00e9riques responsables et l\u2019organisation d\u2019ateliers de travail avec des associations, habitants et entreprises permet d\u2019\u00e9laborer une strat\u00e9gie efficace et r\u00e9pondant aux diff\u00e9rentes attentes. La strat\u00e9gie Num\u00e9rique Responsable de la Ville et de l\u2019Agglo de La Rochelle permet d\u2019afficher les ambitions et valeurs des deux collectivit\u00e9s. \u00a0Elle constitue un document [&hellip;]\" \/>\n<meta property=\"og:url\" content=\"https:\/\/dev-durable.agglo-larochelle.fr\/2022\/une-agglo-creative\/gouvernance-et-animation-du-territoire\/le-comite-citoyen-succes-de-la-campagne-de-recrutement-pour-cette-instance-territoire-zero-carbone\/\" \/>\n<meta property=\"og:site_name\" content=\"Rapport du d\u00e9veloppement durable\" \/>\n<meta property=\"article:modified_time\" content=\"2022-12-05T16:40:23+00:00\" \/>\n<meta property=\"og:image\" content=\"https:\/\/dev-durable.agglo-larochelle.fr\/2022\/wp-content\/uploads\/2021\/11\/Numerique_responsable_MLRC_116634-1.jpg\" \/>\n\t<meta property=\"og:image:width\" content=\"750\" \/>\n\t<meta property=\"og:image:height\" content=\"499\" \/>\n\t<meta property=\"og:image:type\" content=\"image\/jpeg\" \/>\n<meta name=\"twitter:card\" content=\"summary_large_image\" \/>\n<meta name=\"twitter:label1\" content=\"Dur\u00e9e de lecture estim\u00e9e\" \/>\n\t<meta name=\"twitter:data1\" content=\"1 minute\" \/>\n<script type=\"application\/ld+json\" class=\"yoast-schema-graph\">{\"@context\":\"https:\/\/schema.org\",\"@graph\":[{\"@type\":\"WebPage\",\"@id\":\"https:\/\/dev-durable.agglo-larochelle.fr\/2022\/une-agglo-creative\/gouvernance-et-animation-du-territoire\/le-comite-citoyen-succes-de-la-campagne-de-recrutement-pour-cette-instance-territoire-zero-carbone\/\",\"url\":\"https:\/\/dev-durable.agglo-larochelle.fr\/2022\/une-agglo-creative\/gouvernance-et-animation-du-territoire\/le-comite-citoyen-succes-de-la-campagne-de-recrutement-pour-cette-instance-territoire-zero-carbone\/\",\"name\":\"Une Strat\u00e9gie Num\u00e9rique responsable\u00a0co-construite avec les usagers - Rapport du d\u00e9veloppement durable\",\"isPartOf\":{\"@id\":\"https:\/\/dev-durable.agglo-larochelle.fr\/2022\/#website\"},\"datePublished\":\"2021-11-25T09:47:27+00:00\",\"dateModified\":\"2022-12-05T16:40:23+00:00\",\"breadcrumb\":{\"@id\":\"https:\/\/dev-durable.agglo-larochelle.fr\/2022\/une-agglo-creative\/gouvernance-et-animation-du-territoire\/le-comite-citoyen-succes-de-la-campagne-de-recrutement-pour-cette-instance-territoire-zero-carbone\/#breadcrumb\"},\"inLanguage\":\"fr-FR\",\"potentialAction\":[{\"@type\":\"ReadAction\",\"target\":[\"https:\/\/dev-durable.agglo-larochelle.fr\/2022\/une-agglo-creative\/gouvernance-et-animation-du-territoire\/le-comite-citoyen-succes-de-la-campagne-de-recrutement-pour-cette-instance-territoire-zero-carbone\/\"]}]},{\"@type\":\"BreadcrumbList\",\"@id\":\"https:\/\/dev-durable.agglo-larochelle.fr\/2022\/une-agglo-creative\/gouvernance-et-animation-du-territoire\/le-comite-citoyen-succes-de-la-campagne-de-recrutement-pour-cette-instance-territoire-zero-carbone\/#breadcrumb\",\"itemListElement\":[{\"@type\":\"ListItem\",\"position\":1,\"name\":\"Accueil\",\"item\":\"https:\/\/dev-durable.agglo-larochelle.fr\/2022\/\"},{\"@type\":\"ListItem\",\"position\":2,\"name\":\"Une Agglo cr\u00e9ative\",\"item\":\"https:\/\/dev-durable.agglo-larochelle.fr\/2022\/une-agglo-creative\/\"},{\"@type\":\"ListItem\",\"position\":3,\"name\":\"Gouvernance et animation du territoire\",\"item\":\"https:\/\/dev-durable.agglo-larochelle.fr\/2022\/une-agglo-creative\/gouvernance-et-animation-du-territoire\/\"},{\"@type\":\"ListItem\",\"position\":4,\"name\":\"Une Strat\u00e9gie Num\u00e9rique responsable\u00a0co-construite avec les usagers\"}]},{\"@type\":\"WebSite\",\"@id\":\"https:\/\/dev-durable.agglo-larochelle.fr\/2022\/#website\",\"url\":\"https:\/\/dev-durable.agglo-larochelle.fr\/2022\/\",\"name\":\"Rapport du d\u00e9veloppement durable - 2022\",\"description\":\"Rapport 2022 du d\u00e9veloppement durable\",\"alternateName\":\"Communaut\u00e9 d'Agglom\u00e9ration de La Rochelle\",\"potentialAction\":[{\"@type\":\"SearchAction\",\"target\":{\"@type\":\"EntryPoint\",\"urlTemplate\":\"https:\/\/dev-durable.agglo-larochelle.fr\/2022\/?s={search_term_string}\"},\"query-input\":\"required name=search_term_string\"}],\"inLanguage\":\"fr-FR\"}]}<\/script>\n<!-- \/ Yoast SEO plugin. -->","yoast_head_json":{"title":"Une Strat\u00e9gie Num\u00e9rique responsable\u00a0co-construite avec les usagers - Rapport du d\u00e9veloppement durable","robots":{"index":"index","follow":"follow","max-snippet":"max-snippet:-1","max-image-preview":"max-image-preview:large","max-video-preview":"max-video-preview:-1"},"canonical":"https:\/\/dev-durable.agglo-larochelle.fr\/2022\/une-agglo-creative\/gouvernance-et-animation-du-territoire\/le-comite-citoyen-succes-de-la-campagne-de-recrutement-pour-cette-instance-territoire-zero-carbone\/","og_locale":"fr_FR","og_type":"article","og_title":"Une Strat\u00e9gie Num\u00e9rique responsable\u00a0co-construite avec les usagers - Rapport du d\u00e9veloppement durable","og_description":"Une enqu\u00eate portant sur les usages num\u00e9riques responsables et l\u2019organisation d\u2019ateliers de travail avec des associations, habitants et entreprises permet d\u2019\u00e9laborer une strat\u00e9gie efficace et r\u00e9pondant aux diff\u00e9rentes attentes. La strat\u00e9gie Num\u00e9rique Responsable de la Ville et de l\u2019Agglo de La Rochelle permet d\u2019afficher les ambitions et valeurs des deux collectivit\u00e9s. \u00a0Elle constitue un document [&hellip;]","og_url":"https:\/\/dev-durable.agglo-larochelle.fr\/2022\/une-agglo-creative\/gouvernance-et-animation-du-territoire\/le-comite-citoyen-succes-de-la-campagne-de-recrutement-pour-cette-instance-territoire-zero-carbone\/","og_site_name":"Rapport du d\u00e9veloppement durable","article_modified_time":"2022-12-05T16:40:23+00:00","og_image":[{"width":750,"height":499,"url":"https:\/\/dev-durable.agglo-larochelle.fr\/2022\/wp-content\/uploads\/2021\/11\/Numerique_responsable_MLRC_116634-1.jpg","type":"image\/jpeg"}],"twitter_card":"summary_large_image","twitter_misc":{"Dur\u00e9e de lecture estim\u00e9e":"1 minute"},"schema":{"@context":"https:\/\/schema.org","@graph":[{"@type":"WebPage","@id":"https:\/\/dev-durable.agglo-larochelle.fr\/2022\/une-agglo-creative\/gouvernance-et-animation-du-territoire\/le-comite-citoyen-succes-de-la-campagne-de-recrutement-pour-cette-instance-territoire-zero-carbone\/","url":"https:\/\/dev-durable.agglo-larochelle.fr\/2022\/une-agglo-creative\/gouvernance-et-animation-du-territoire\/le-comite-citoyen-succes-de-la-campagne-de-recrutement-pour-cette-instance-territoire-zero-carbone\/","name":"Une Strat\u00e9gie Num\u00e9rique responsable\u00a0co-construite avec les usagers - Rapport du d\u00e9veloppement durable","isPartOf":{"@id":"https:\/\/dev-durable.agglo-larochelle.fr\/2022\/#website"},"datePublished":"2021-11-25T09:47:27+00:00","dateModified":"2022-12-05T16:40:23+00:00","breadcrumb":{"@id":"https:\/\/dev-durable.agglo-larochelle.fr\/2022\/une-agglo-creative\/gouvernance-et-animation-du-territoire\/le-comite-citoyen-succes-de-la-campagne-de-recrutement-pour-cette-instance-territoire-zero-carbone\/#breadcrumb"},"inLanguage":"fr-FR","potentialAction":[{"@type":"ReadAction","target":["https:\/\/dev-durable.agglo-larochelle.fr\/2022\/une-agglo-creative\/gouvernance-et-animation-du-territoire\/le-comite-citoyen-succes-de-la-campagne-de-recrutement-pour-cette-instance-territoire-zero-carbone\/"]}]},{"@type":"BreadcrumbList","@id":"https:\/\/dev-durable.agglo-larochelle.fr\/2022\/une-agglo-creative\/gouvernance-et-animation-du-territoire\/le-comite-citoyen-succes-de-la-campagne-de-recrutement-pour-cette-instance-territoire-zero-carbone\/#breadcrumb","itemListElement":[{"@type":"ListItem","position":1,"name":"Accueil","item":"https:\/\/dev-durable.agglo-larochelle.fr\/2022\/"},{"@type":"ListItem","position":2,"name":"Une Agglo cr\u00e9ative","item":"https:\/\/dev-durable.agglo-larochelle.fr\/2022\/une-agglo-creative\/"},{"@type":"ListItem","position":3,"name":"Gouvernance et animation du territoire","item":"https:\/\/dev-durable.agglo-larochelle.fr\/2022\/une-agglo-creative\/gouvernance-et-animation-du-territoire\/"},{"@type":"ListItem","position":4,"name":"Une Strat\u00e9gie Num\u00e9rique responsable\u00a0co-construite avec les usagers"}]},{"@type":"WebSite","@id":"https:\/\/dev-durable.agglo-larochelle.fr\/2022\/#website","url":"https:\/\/dev-durable.agglo-larochelle.fr\/2022\/","name":"Rapport du d\u00e9veloppement durable - 2022","description":"Rapport 2022 du d\u00e9veloppement durable","alternateName":"Communaut\u00e9 d'Agglom\u00e9ration de La Rochelle","potentialAction":[{"@type":"SearchAction","target":{"@type":"EntryPoint","urlTemplate":"https:\/\/dev-durable.agglo-larochelle.fr\/2022\/?s={search_term_string}"},"query-input":"required name=search_term_string"}],"inLanguage":"fr-FR"}]}},"_links":{"self":[{"href":"https:\/\/dev-durable.agglo-larochelle.fr\/2022\/wp-json\/wp\/v2\/pages\/1953"}],"collection":[{"href":"https:\/\/dev-durable.agglo-larochelle.fr\/2022\/wp-json\/wp\/v2\/pages"}],"about":[{"href":"https:\/\/dev-durable.agglo-larochelle.fr\/2022\/wp-json\/wp\/v2\/types\/page"}],"author":[{"embeddable":true,"href":"https:\/\/dev-durable.agglo-larochelle.fr\/2022\/wp-json\/wp\/v2\/users\/1"}],"replies":[{"embeddable":true,"href":"https:\/\/dev-durable.agglo-larochelle.fr\/2022\/wp-json\/wp\/v2\/comments?post=1953"}],"version-history":[{"count":5,"href":"https:\/\/dev-durable.agglo-larochelle.fr\/2022\/wp-json\/wp\/v2\/pages\/1953\/revisions"}],"predecessor-version":[{"id":2649,"href":"https:\/\/dev-durable.agglo-larochelle.fr\/2022\/wp-json\/wp\/v2\/pages\/1953\/revisions\/2649"}],"up":[{"embeddable":true,"href":"https:\/\/dev-durable.agglo-larochelle.fr\/2022\/wp-json\/wp\/v2\/pages\/289"}],"wp:featuredmedia":[{"embeddable":true,"href":"https:\/\/dev-durable.agglo-larochelle.fr\/2022\/wp-json\/wp\/v2\/media\/2184"}],"wp:attachment":[{"href":"https:\/\/dev-durable.agglo-larochelle.fr\/2022\/wp-json\/wp\/v2\/media?parent=1953"}],"curies":[{"name":"wp","href":"https:\/\/api.w.org\/{rel}","templated":true}]}}