{"id":2086,"date":"2021-11-25T14:44:24","date_gmt":"2021-11-25T13:44:24","guid":{"rendered":"https:\/\/dev-durable.agglo-larochelle.fr\/20226.0.2\/?page_id=2086"},"modified":"2022-12-08T19:12:32","modified_gmt":"2022-12-08T18:12:32","slug":"ouverture-du-1er-centre-de-valorisation-des-dechets-a-perigny","status":"publish","type":"page","link":"https:\/\/dev-durable.agglo-larochelle.fr\/2022\/une-agglo-sobre-et-durable\/proteger-les-ressources\/ouverture-du-1er-centre-de-valorisation-des-dechets-a-perigny\/","title":{"rendered":"La tarification incitative des d\u00e9chets a \u00e9t\u00e9 adopt\u00e9e"},"content":{"rendered":"<p><strong>La nouvelle strat\u00e9gie d\u00e9chets pr\u00e9voit la mise en \u0153uvre d\u2019une tarification incitative et d\u2019une redevance sp\u00e9ciale pour les professionnels ainsi que les administrations.<\/strong><\/p>\n<p>Afin d\u2019engager activement le territoire en faveur de la r\u00e9duction des d\u00e9chets et de l&rsquo;augmentation de leur valorisation, l\u2019Agglo s\u2019est prononc\u00e9e pour l\u2019instauration d\u2019une Taxe d\u2019Enl\u00e8vement des Ordures M\u00e9nag\u00e8res Incitative (TEOMi), \u00e0 compter du 1<sup>er<\/sup> janvier 2026 avec un comptage des lev\u00e9es \u00e0 partir du 1<sup>er<\/sup> janvier 2025. Le principe est d\u2019introduire dans la facturation \u00e0 l\u2019usager une part variable fonction de l\u2019utilisation du service (exprim\u00e9e en volume et en nombre de pr\u00e9sentations du bac \u00e0 la collecte). La mise en \u0153uvre de la redevance sp\u00e9ciale \u00e9largie \u00e0 tous les professionnels (administrations et entreprises) se fera quant \u00e0 elle progressivement \u00e0 partir de 2024. En passant \u00e0 la fiscalit\u00e9 incitative, l\u2019Agglo souhaite accompagner et faire \u00e9voluer les habitudes et les pratiques de chacun en faveur d\u2019une r\u00e9duction des d\u00e9chets et d\u2019un meilleur tri.<\/p>\n","protected":false},"excerpt":{"rendered":"<p>La nouvelle strat\u00e9gie d\u00e9chets pr\u00e9voit la mise en \u0153uvre d\u2019une tarification incitative et d\u2019une redevance sp\u00e9ciale pour les professionnels ainsi que les administrations. Afin d\u2019engager activement le territoire en faveur de la r\u00e9duction des d\u00e9chets et de l&rsquo;augmentation de leur valorisation, l\u2019Agglo s\u2019est prononc\u00e9e pour l\u2019instauration d\u2019une Taxe d\u2019Enl\u00e8vement des Ordures M\u00e9nag\u00e8res Incitative (TEOMi), \u00e0 [&hellip;]<\/p>\n","protected":false},"author":1,"featured_media":2942,"parent":2072,"menu_order":6,"comment_status":"closed","ping_status":"closed","template":"page-sous-partie.php","meta":[],"acf":[],"yoast_head":"<!-- This site is optimized with the Yoast SEO plugin v19.12 - https:\/\/yoast.com\/wordpress\/plugins\/seo\/ -->\n<title>La tarification incitative des d\u00e9chets a \u00e9t\u00e9 adopt\u00e9e - Rapport du d\u00e9veloppement durable<\/title>\n<meta name=\"robots\" content=\"index, follow, max-snippet:-1, max-image-preview:large, max-video-preview:-1\" \/>\n<link rel=\"canonical\" href=\"https:\/\/dev-durable.agglo-larochelle.fr\/2022\/une-agglo-sobre-et-durable\/proteger-les-ressources\/ouverture-du-1er-centre-de-valorisation-des-dechets-a-perigny\/\" \/>\n<meta property=\"og:locale\" content=\"fr_FR\" \/>\n<meta property=\"og:type\" content=\"article\" \/>\n<meta property=\"og:title\" content=\"La tarification incitative des d\u00e9chets a \u00e9t\u00e9 adopt\u00e9e - Rapport du d\u00e9veloppement durable\" \/>\n<meta property=\"og:description\" content=\"La nouvelle strat\u00e9gie d\u00e9chets pr\u00e9voit la mise en \u0153uvre d\u2019une tarification incitative et d\u2019une redevance sp\u00e9ciale pour les professionnels ainsi que les administrations. Afin d\u2019engager activement le territoire en faveur de la r\u00e9duction des d\u00e9chets et de l&rsquo;augmentation de leur valorisation, l\u2019Agglo s\u2019est prononc\u00e9e pour l\u2019instauration d\u2019une Taxe d\u2019Enl\u00e8vement des Ordures M\u00e9nag\u00e8res Incitative (TEOMi), \u00e0 [&hellip;]\" \/>\n<meta property=\"og:url\" content=\"https:\/\/dev-durable.agglo-larochelle.fr\/2022\/une-agglo-sobre-et-durable\/proteger-les-ressources\/ouverture-du-1er-centre-de-valorisation-des-dechets-a-perigny\/\" \/>\n<meta property=\"og:site_name\" content=\"Rapport du d\u00e9veloppement durable\" \/>\n<meta property=\"article:modified_time\" content=\"2022-12-08T18:12:32+00:00\" \/>\n<meta property=\"og:image\" content=\"https:\/\/dev-durable.agglo-larochelle.fr\/2022\/wp-content\/uploads\/2022\/12\/dechets-CA_029172.jpg\" \/>\n\t<meta property=\"og:image:width\" content=\"650\" \/>\n\t<meta property=\"og:image:height\" content=\"301\" \/>\n\t<meta property=\"og:image:type\" content=\"image\/jpeg\" \/>\n<meta name=\"twitter:card\" content=\"summary_large_image\" \/>\n<meta name=\"twitter:label1\" content=\"Dur\u00e9e de lecture estim\u00e9e\" \/>\n\t<meta name=\"twitter:data1\" content=\"1 minute\" \/>\n<script type=\"application\/ld+json\" class=\"yoast-schema-graph\">{\"@context\":\"https:\/\/schema.org\",\"@graph\":[{\"@type\":\"WebPage\",\"@id\":\"https:\/\/dev-durable.agglo-larochelle.fr\/2022\/une-agglo-sobre-et-durable\/proteger-les-ressources\/ouverture-du-1er-centre-de-valorisation-des-dechets-a-perigny\/\",\"url\":\"https:\/\/dev-durable.agglo-larochelle.fr\/2022\/une-agglo-sobre-et-durable\/proteger-les-ressources\/ouverture-du-1er-centre-de-valorisation-des-dechets-a-perigny\/\",\"name\":\"La tarification incitative des d\u00e9chets a \u00e9t\u00e9 adopt\u00e9e - Rapport du d\u00e9veloppement durable\",\"isPartOf\":{\"@id\":\"https:\/\/dev-durable.agglo-larochelle.fr\/2022\/#website\"},\"datePublished\":\"2021-11-25T13:44:24+00:00\",\"dateModified\":\"2022-12-08T18:12:32+00:00\",\"breadcrumb\":{\"@id\":\"https:\/\/dev-durable.agglo-larochelle.fr\/2022\/une-agglo-sobre-et-durable\/proteger-les-ressources\/ouverture-du-1er-centre-de-valorisation-des-dechets-a-perigny\/#breadcrumb\"},\"inLanguage\":\"fr-FR\",\"potentialAction\":[{\"@type\":\"ReadAction\",\"target\":[\"https:\/\/dev-durable.agglo-larochelle.fr\/2022\/une-agglo-sobre-et-durable\/proteger-les-ressources\/ouverture-du-1er-centre-de-valorisation-des-dechets-a-perigny\/\"]}]},{\"@type\":\"BreadcrumbList\",\"@id\":\"https:\/\/dev-durable.agglo-larochelle.fr\/2022\/une-agglo-sobre-et-durable\/proteger-les-ressources\/ouverture-du-1er-centre-de-valorisation-des-dechets-a-perigny\/#breadcrumb\",\"itemListElement\":[{\"@type\":\"ListItem\",\"position\":1,\"name\":\"Accueil\",\"item\":\"https:\/\/dev-durable.agglo-larochelle.fr\/2022\/\"},{\"@type\":\"ListItem\",\"position\":2,\"name\":\"Une Agglo sobre et durable\",\"item\":\"https:\/\/dev-durable.agglo-larochelle.fr\/2022\/une-agglo-sobre-et-durable\/\"},{\"@type\":\"ListItem\",\"position\":3,\"name\":\"Prot\u00e9ger les ressources\",\"item\":\"https:\/\/dev-durable.agglo-larochelle.fr\/2022\/une-agglo-sobre-et-durable\/proteger-les-ressources\/\"},{\"@type\":\"ListItem\",\"position\":4,\"name\":\"La tarification incitative des d\u00e9chets a \u00e9t\u00e9 adopt\u00e9e\"}]},{\"@type\":\"WebSite\",\"@id\":\"https:\/\/dev-durable.agglo-larochelle.fr\/2022\/#website\",\"url\":\"https:\/\/dev-durable.agglo-larochelle.fr\/2022\/\",\"name\":\"Rapport du d\u00e9veloppement durable - 2022\",\"description\":\"Rapport 2022 du d\u00e9veloppement durable\",\"alternateName\":\"Communaut\u00e9 d'Agglom\u00e9ration de La Rochelle\",\"potentialAction\":[{\"@type\":\"SearchAction\",\"target\":{\"@type\":\"EntryPoint\",\"urlTemplate\":\"https:\/\/dev-durable.agglo-larochelle.fr\/2022\/?s={search_term_string}\"},\"query-input\":\"required name=search_term_string\"}],\"inLanguage\":\"fr-FR\"}]}<\/script>\n<!-- \/ Yoast SEO plugin. -->","yoast_head_json":{"title":"La tarification incitative des d\u00e9chets a \u00e9t\u00e9 adopt\u00e9e - Rapport du d\u00e9veloppement durable","robots":{"index":"index","follow":"follow","max-snippet":"max-snippet:-1","max-image-preview":"max-image-preview:large","max-video-preview":"max-video-preview:-1"},"canonical":"https:\/\/dev-durable.agglo-larochelle.fr\/2022\/une-agglo-sobre-et-durable\/proteger-les-ressources\/ouverture-du-1er-centre-de-valorisation-des-dechets-a-perigny\/","og_locale":"fr_FR","og_type":"article","og_title":"La tarification incitative des d\u00e9chets a \u00e9t\u00e9 adopt\u00e9e - Rapport du d\u00e9veloppement durable","og_description":"La nouvelle strat\u00e9gie d\u00e9chets pr\u00e9voit la mise en \u0153uvre d\u2019une tarification incitative et d\u2019une redevance sp\u00e9ciale pour les professionnels ainsi que les administrations. Afin d\u2019engager activement le territoire en faveur de la r\u00e9duction des d\u00e9chets et de l&rsquo;augmentation de leur valorisation, l\u2019Agglo s\u2019est prononc\u00e9e pour l\u2019instauration d\u2019une Taxe d\u2019Enl\u00e8vement des Ordures M\u00e9nag\u00e8res Incitative (TEOMi), \u00e0 [&hellip;]","og_url":"https:\/\/dev-durable.agglo-larochelle.fr\/2022\/une-agglo-sobre-et-durable\/proteger-les-ressources\/ouverture-du-1er-centre-de-valorisation-des-dechets-a-perigny\/","og_site_name":"Rapport du d\u00e9veloppement durable","article_modified_time":"2022-12-08T18:12:32+00:00","og_image":[{"width":650,"height":301,"url":"https:\/\/dev-durable.agglo-larochelle.fr\/2022\/wp-content\/uploads\/2022\/12\/dechets-CA_029172.jpg","type":"image\/jpeg"}],"twitter_card":"summary_large_image","twitter_misc":{"Dur\u00e9e de lecture estim\u00e9e":"1 minute"},"schema":{"@context":"https:\/\/schema.org","@graph":[{"@type":"WebPage","@id":"https:\/\/dev-durable.agglo-larochelle.fr\/2022\/une-agglo-sobre-et-durable\/proteger-les-ressources\/ouverture-du-1er-centre-de-valorisation-des-dechets-a-perigny\/","url":"https:\/\/dev-durable.agglo-larochelle.fr\/2022\/une-agglo-sobre-et-durable\/proteger-les-ressources\/ouverture-du-1er-centre-de-valorisation-des-dechets-a-perigny\/","name":"La tarification incitative des d\u00e9chets a \u00e9t\u00e9 adopt\u00e9e - Rapport du d\u00e9veloppement durable","isPartOf":{"@id":"https:\/\/dev-durable.agglo-larochelle.fr\/2022\/#website"},"datePublished":"2021-11-25T13:44:24+00:00","dateModified":"2022-12-08T18:12:32+00:00","breadcrumb":{"@id":"https:\/\/dev-durable.agglo-larochelle.fr\/2022\/une-agglo-sobre-et-durable\/proteger-les-ressources\/ouverture-du-1er-centre-de-valorisation-des-dechets-a-perigny\/#breadcrumb"},"inLanguage":"fr-FR","potentialAction":[{"@type":"ReadAction","target":["https:\/\/dev-durable.agglo-larochelle.fr\/2022\/une-agglo-sobre-et-durable\/proteger-les-ressources\/ouverture-du-1er-centre-de-valorisation-des-dechets-a-perigny\/"]}]},{"@type":"BreadcrumbList","@id":"https:\/\/dev-durable.agglo-larochelle.fr\/2022\/une-agglo-sobre-et-durable\/proteger-les-ressources\/ouverture-du-1er-centre-de-valorisation-des-dechets-a-perigny\/#breadcrumb","itemListElement":[{"@type":"ListItem","position":1,"name":"Accueil","item":"https:\/\/dev-durable.agglo-larochelle.fr\/2022\/"},{"@type":"ListItem","position":2,"name":"Une Agglo sobre et durable","item":"https:\/\/dev-durable.agglo-larochelle.fr\/2022\/une-agglo-sobre-et-durable\/"},{"@type":"ListItem","position":3,"name":"Prot\u00e9ger les ressources","item":"https:\/\/dev-durable.agglo-larochelle.fr\/2022\/une-agglo-sobre-et-durable\/proteger-les-ressources\/"},{"@type":"ListItem","position":4,"name":"La tarification incitative des d\u00e9chets a \u00e9t\u00e9 adopt\u00e9e"}]},{"@type":"WebSite","@id":"https:\/\/dev-durable.agglo-larochelle.fr\/2022\/#website","url":"https:\/\/dev-durable.agglo-larochelle.fr\/2022\/","name":"Rapport du d\u00e9veloppement durable - 2022","description":"Rapport 2022 du d\u00e9veloppement durable","alternateName":"Communaut\u00e9 d'Agglom\u00e9ration de La Rochelle","potentialAction":[{"@type":"SearchAction","target":{"@type":"EntryPoint","urlTemplate":"https:\/\/dev-durable.agglo-larochelle.fr\/2022\/?s={search_term_string}"},"query-input":"required name=search_term_string"}],"inLanguage":"fr-FR"}]}},"_links":{"self":[{"href":"https:\/\/dev-durable.agglo-larochelle.fr\/2022\/wp-json\/wp\/v2\/pages\/2086"}],"collection":[{"href":"https:\/\/dev-durable.agglo-larochelle.fr\/2022\/wp-json\/wp\/v2\/pages"}],"about":[{"href":"https:\/\/dev-durable.agglo-larochelle.fr\/2022\/wp-json\/wp\/v2\/types\/page"}],"author":[{"embeddable":true,"href":"https:\/\/dev-durable.agglo-larochelle.fr\/2022\/wp-json\/wp\/v2\/users\/1"}],"replies":[{"embeddable":true,"href":"https:\/\/dev-durable.agglo-larochelle.fr\/2022\/wp-json\/wp\/v2\/comments?post=2086"}],"version-history":[{"count":6,"href":"https:\/\/dev-durable.agglo-larochelle.fr\/2022\/wp-json\/wp\/v2\/pages\/2086\/revisions"}],"predecessor-version":[{"id":2968,"href":"https:\/\/dev-durable.agglo-larochelle.fr\/2022\/wp-json\/wp\/v2\/pages\/2086\/revisions\/2968"}],"up":[{"embeddable":true,"href":"https:\/\/dev-durable.agglo-larochelle.fr\/2022\/wp-json\/wp\/v2\/pages\/2072"}],"wp:featuredmedia":[{"embeddable":true,"href":"https:\/\/dev-durable.agglo-larochelle.fr\/2022\/wp-json\/wp\/v2\/media\/2942"}],"wp:attachment":[{"href":"https:\/\/dev-durable.agglo-larochelle.fr\/2022\/wp-json\/wp\/v2\/media?parent=2086"}],"curies":[{"name":"wp","href":"https:\/\/api.w.org\/{rel}","templated":true}]}}