{"id":2097,"date":"2021-11-25T14:53:50","date_gmt":"2021-11-25T13:53:50","guid":{"rendered":"https:\/\/dev-durable.agglo-larochelle.fr\/20226.0.2\/?page_id=2097"},"modified":"2022-12-08T13:12:42","modified_gmt":"2022-12-08T12:12:42","slug":"prise-en-charge-des-diagnostics-a-la-conversion-pour-lagriculture-biologique-ab","status":"publish","type":"page","link":"https:\/\/dev-durable.agglo-larochelle.fr\/2022\/une-agglo-sobre-et-durable\/proteger-les-ressources\/prise-en-charge-des-diagnostics-a-la-conversion-pour-lagriculture-biologique-ab\/","title":{"rendered":"Les travaux de modernisation de l\u2019Unit\u00e9 de Valorisation \u00c9nerg\u00e9tique se poursuivent"},"content":{"rendered":"<p><strong>\u00c0 La Rochelle, l\u2019Unit\u00e9 de Valorisation \u00c9nerg\u00e9tique de Chef-de-Baie incin\u00e8re depuis 1988 les ordures m\u00e9nag\u00e8res collect\u00e9es sur l\u2019agglom\u00e9ration.<\/strong><\/p>\n<p>Depuis janvier 2020, des travaux de modernisation sont en cours sur l\u2019\u00e9quipement afin d\u2019anticiper, d\u00e8s \u00e0 pr\u00e9sent, les futures r\u00e9glementations. Des \u00e9quipements destin\u00e9s \u00e0 r\u00e9duire encore le niveau de certains polluants seront implant\u00e9s. Une turbine a \u00e9t\u00e9 install\u00e9e pour fabriquer de l\u2019\u00e9lectricit\u00e9 et valoriser ainsi plus de 80 % de l\u2019\u00e9nergie produite. Un b\u00e2timent de stockage des balles de d\u00e9chets a \u00e9galement \u00e9t\u00e9 construit \u00e0 l\u2019arri\u00e8re et des travaux compl\u00e9mentaires sont programm\u00e9s en 2023 afin de r\u00e9duire les nuisances olfactives pour les riverains.<\/p>\n","protected":false},"excerpt":{"rendered":"<p>\u00c0 La Rochelle, l\u2019Unit\u00e9 de Valorisation \u00c9nerg\u00e9tique de Chef-de-Baie incin\u00e8re depuis 1988 les ordures m\u00e9nag\u00e8res collect\u00e9es sur l\u2019agglom\u00e9ration. Depuis janvier 2020, des travaux de modernisation sont en cours sur l\u2019\u00e9quipement afin d\u2019anticiper, d\u00e8s \u00e0 pr\u00e9sent, les futures r\u00e9glementations. Des \u00e9quipements destin\u00e9s \u00e0 r\u00e9duire encore le niveau de certains polluants seront implant\u00e9s. Une turbine a \u00e9t\u00e9 [&hellip;]<\/p>\n","protected":false},"author":1,"featured_media":2181,"parent":2072,"menu_order":11,"comment_status":"closed","ping_status":"closed","template":"page-sous-partie.php","meta":[],"acf":[],"yoast_head":"<!-- This site is optimized with the Yoast SEO plugin v19.12 - https:\/\/yoast.com\/wordpress\/plugins\/seo\/ -->\n<title>Les travaux de modernisation de l\u2019Unit\u00e9 de Valorisation \u00c9nerg\u00e9tique se poursuivent - Rapport du d\u00e9veloppement durable<\/title>\n<meta name=\"robots\" content=\"index, follow, max-snippet:-1, max-image-preview:large, max-video-preview:-1\" \/>\n<link rel=\"canonical\" href=\"https:\/\/dev-durable.agglo-larochelle.fr\/2022\/une-agglo-sobre-et-durable\/proteger-les-ressources\/prise-en-charge-des-diagnostics-a-la-conversion-pour-lagriculture-biologique-ab\/\" \/>\n<meta property=\"og:locale\" content=\"fr_FR\" \/>\n<meta property=\"og:type\" content=\"article\" \/>\n<meta property=\"og:title\" content=\"Les travaux de modernisation de l\u2019Unit\u00e9 de Valorisation \u00c9nerg\u00e9tique se poursuivent - Rapport du d\u00e9veloppement durable\" \/>\n<meta property=\"og:description\" content=\"\u00c0 La Rochelle, l\u2019Unit\u00e9 de Valorisation \u00c9nerg\u00e9tique de Chef-de-Baie incin\u00e8re depuis 1988 les ordures m\u00e9nag\u00e8res collect\u00e9es sur l\u2019agglom\u00e9ration. Depuis janvier 2020, des travaux de modernisation sont en cours sur l\u2019\u00e9quipement afin d\u2019anticiper, d\u00e8s \u00e0 pr\u00e9sent, les futures r\u00e9glementations. Des \u00e9quipements destin\u00e9s \u00e0 r\u00e9duire encore le niveau de certains polluants seront implant\u00e9s. Une turbine a \u00e9t\u00e9 [&hellip;]\" \/>\n<meta property=\"og:url\" content=\"https:\/\/dev-durable.agglo-larochelle.fr\/2022\/une-agglo-sobre-et-durable\/proteger-les-ressources\/prise-en-charge-des-diagnostics-a-la-conversion-pour-lagriculture-biologique-ab\/\" \/>\n<meta property=\"og:site_name\" content=\"Rapport du d\u00e9veloppement durable\" \/>\n<meta property=\"article:modified_time\" content=\"2022-12-08T12:12:42+00:00\" \/>\n<meta property=\"og:image\" content=\"https:\/\/dev-durable.agglo-larochelle.fr\/2022\/wp-content\/uploads\/2021\/11\/UVE.jpg\" \/>\n\t<meta property=\"og:image:width\" content=\"750\" \/>\n\t<meta property=\"og:image:height\" content=\"491\" \/>\n\t<meta property=\"og:image:type\" content=\"image\/jpeg\" \/>\n<meta name=\"twitter:card\" content=\"summary_large_image\" \/>\n<meta name=\"twitter:label1\" content=\"Dur\u00e9e de lecture estim\u00e9e\" \/>\n\t<meta name=\"twitter:data1\" content=\"1 minute\" \/>\n<script type=\"application\/ld+json\" class=\"yoast-schema-graph\">{\"@context\":\"https:\/\/schema.org\",\"@graph\":[{\"@type\":\"WebPage\",\"@id\":\"https:\/\/dev-durable.agglo-larochelle.fr\/2022\/une-agglo-sobre-et-durable\/proteger-les-ressources\/prise-en-charge-des-diagnostics-a-la-conversion-pour-lagriculture-biologique-ab\/\",\"url\":\"https:\/\/dev-durable.agglo-larochelle.fr\/2022\/une-agglo-sobre-et-durable\/proteger-les-ressources\/prise-en-charge-des-diagnostics-a-la-conversion-pour-lagriculture-biologique-ab\/\",\"name\":\"Les travaux de modernisation de l\u2019Unit\u00e9 de Valorisation \u00c9nerg\u00e9tique se poursuivent - Rapport du d\u00e9veloppement durable\",\"isPartOf\":{\"@id\":\"https:\/\/dev-durable.agglo-larochelle.fr\/2022\/#website\"},\"datePublished\":\"2021-11-25T13:53:50+00:00\",\"dateModified\":\"2022-12-08T12:12:42+00:00\",\"breadcrumb\":{\"@id\":\"https:\/\/dev-durable.agglo-larochelle.fr\/2022\/une-agglo-sobre-et-durable\/proteger-les-ressources\/prise-en-charge-des-diagnostics-a-la-conversion-pour-lagriculture-biologique-ab\/#breadcrumb\"},\"inLanguage\":\"fr-FR\",\"potentialAction\":[{\"@type\":\"ReadAction\",\"target\":[\"https:\/\/dev-durable.agglo-larochelle.fr\/2022\/une-agglo-sobre-et-durable\/proteger-les-ressources\/prise-en-charge-des-diagnostics-a-la-conversion-pour-lagriculture-biologique-ab\/\"]}]},{\"@type\":\"BreadcrumbList\",\"@id\":\"https:\/\/dev-durable.agglo-larochelle.fr\/2022\/une-agglo-sobre-et-durable\/proteger-les-ressources\/prise-en-charge-des-diagnostics-a-la-conversion-pour-lagriculture-biologique-ab\/#breadcrumb\",\"itemListElement\":[{\"@type\":\"ListItem\",\"position\":1,\"name\":\"Accueil\",\"item\":\"https:\/\/dev-durable.agglo-larochelle.fr\/2022\/\"},{\"@type\":\"ListItem\",\"position\":2,\"name\":\"Une Agglo sobre et durable\",\"item\":\"https:\/\/dev-durable.agglo-larochelle.fr\/2022\/une-agglo-sobre-et-durable\/\"},{\"@type\":\"ListItem\",\"position\":3,\"name\":\"Prot\u00e9ger les ressources\",\"item\":\"https:\/\/dev-durable.agglo-larochelle.fr\/2022\/une-agglo-sobre-et-durable\/proteger-les-ressources\/\"},{\"@type\":\"ListItem\",\"position\":4,\"name\":\"Les travaux de modernisation de l\u2019Unit\u00e9 de Valorisation \u00c9nerg\u00e9tique se poursuivent\"}]},{\"@type\":\"WebSite\",\"@id\":\"https:\/\/dev-durable.agglo-larochelle.fr\/2022\/#website\",\"url\":\"https:\/\/dev-durable.agglo-larochelle.fr\/2022\/\",\"name\":\"Rapport du d\u00e9veloppement durable - 2022\",\"description\":\"Rapport 2022 du d\u00e9veloppement durable\",\"alternateName\":\"Communaut\u00e9 d'Agglom\u00e9ration de La Rochelle\",\"potentialAction\":[{\"@type\":\"SearchAction\",\"target\":{\"@type\":\"EntryPoint\",\"urlTemplate\":\"https:\/\/dev-durable.agglo-larochelle.fr\/2022\/?s={search_term_string}\"},\"query-input\":\"required name=search_term_string\"}],\"inLanguage\":\"fr-FR\"}]}<\/script>\n<!-- \/ Yoast SEO plugin. -->","yoast_head_json":{"title":"Les travaux de modernisation de l\u2019Unit\u00e9 de Valorisation \u00c9nerg\u00e9tique se poursuivent - Rapport du d\u00e9veloppement durable","robots":{"index":"index","follow":"follow","max-snippet":"max-snippet:-1","max-image-preview":"max-image-preview:large","max-video-preview":"max-video-preview:-1"},"canonical":"https:\/\/dev-durable.agglo-larochelle.fr\/2022\/une-agglo-sobre-et-durable\/proteger-les-ressources\/prise-en-charge-des-diagnostics-a-la-conversion-pour-lagriculture-biologique-ab\/","og_locale":"fr_FR","og_type":"article","og_title":"Les travaux de modernisation de l\u2019Unit\u00e9 de Valorisation \u00c9nerg\u00e9tique se poursuivent - Rapport du d\u00e9veloppement durable","og_description":"\u00c0 La Rochelle, l\u2019Unit\u00e9 de Valorisation \u00c9nerg\u00e9tique de Chef-de-Baie incin\u00e8re depuis 1988 les ordures m\u00e9nag\u00e8res collect\u00e9es sur l\u2019agglom\u00e9ration. Depuis janvier 2020, des travaux de modernisation sont en cours sur l\u2019\u00e9quipement afin d\u2019anticiper, d\u00e8s \u00e0 pr\u00e9sent, les futures r\u00e9glementations. Des \u00e9quipements destin\u00e9s \u00e0 r\u00e9duire encore le niveau de certains polluants seront implant\u00e9s. Une turbine a \u00e9t\u00e9 [&hellip;]","og_url":"https:\/\/dev-durable.agglo-larochelle.fr\/2022\/une-agglo-sobre-et-durable\/proteger-les-ressources\/prise-en-charge-des-diagnostics-a-la-conversion-pour-lagriculture-biologique-ab\/","og_site_name":"Rapport du d\u00e9veloppement durable","article_modified_time":"2022-12-08T12:12:42+00:00","og_image":[{"width":750,"height":491,"url":"https:\/\/dev-durable.agglo-larochelle.fr\/2022\/wp-content\/uploads\/2021\/11\/UVE.jpg","type":"image\/jpeg"}],"twitter_card":"summary_large_image","twitter_misc":{"Dur\u00e9e de lecture estim\u00e9e":"1 minute"},"schema":{"@context":"https:\/\/schema.org","@graph":[{"@type":"WebPage","@id":"https:\/\/dev-durable.agglo-larochelle.fr\/2022\/une-agglo-sobre-et-durable\/proteger-les-ressources\/prise-en-charge-des-diagnostics-a-la-conversion-pour-lagriculture-biologique-ab\/","url":"https:\/\/dev-durable.agglo-larochelle.fr\/2022\/une-agglo-sobre-et-durable\/proteger-les-ressources\/prise-en-charge-des-diagnostics-a-la-conversion-pour-lagriculture-biologique-ab\/","name":"Les travaux de modernisation de l\u2019Unit\u00e9 de Valorisation \u00c9nerg\u00e9tique se poursuivent - Rapport du d\u00e9veloppement durable","isPartOf":{"@id":"https:\/\/dev-durable.agglo-larochelle.fr\/2022\/#website"},"datePublished":"2021-11-25T13:53:50+00:00","dateModified":"2022-12-08T12:12:42+00:00","breadcrumb":{"@id":"https:\/\/dev-durable.agglo-larochelle.fr\/2022\/une-agglo-sobre-et-durable\/proteger-les-ressources\/prise-en-charge-des-diagnostics-a-la-conversion-pour-lagriculture-biologique-ab\/#breadcrumb"},"inLanguage":"fr-FR","potentialAction":[{"@type":"ReadAction","target":["https:\/\/dev-durable.agglo-larochelle.fr\/2022\/une-agglo-sobre-et-durable\/proteger-les-ressources\/prise-en-charge-des-diagnostics-a-la-conversion-pour-lagriculture-biologique-ab\/"]}]},{"@type":"BreadcrumbList","@id":"https:\/\/dev-durable.agglo-larochelle.fr\/2022\/une-agglo-sobre-et-durable\/proteger-les-ressources\/prise-en-charge-des-diagnostics-a-la-conversion-pour-lagriculture-biologique-ab\/#breadcrumb","itemListElement":[{"@type":"ListItem","position":1,"name":"Accueil","item":"https:\/\/dev-durable.agglo-larochelle.fr\/2022\/"},{"@type":"ListItem","position":2,"name":"Une Agglo sobre et durable","item":"https:\/\/dev-durable.agglo-larochelle.fr\/2022\/une-agglo-sobre-et-durable\/"},{"@type":"ListItem","position":3,"name":"Prot\u00e9ger les ressources","item":"https:\/\/dev-durable.agglo-larochelle.fr\/2022\/une-agglo-sobre-et-durable\/proteger-les-ressources\/"},{"@type":"ListItem","position":4,"name":"Les travaux de modernisation de l\u2019Unit\u00e9 de Valorisation \u00c9nerg\u00e9tique se poursuivent"}]},{"@type":"WebSite","@id":"https:\/\/dev-durable.agglo-larochelle.fr\/2022\/#website","url":"https:\/\/dev-durable.agglo-larochelle.fr\/2022\/","name":"Rapport du d\u00e9veloppement durable - 2022","description":"Rapport 2022 du d\u00e9veloppement durable","alternateName":"Communaut\u00e9 d'Agglom\u00e9ration de La Rochelle","potentialAction":[{"@type":"SearchAction","target":{"@type":"EntryPoint","urlTemplate":"https:\/\/dev-durable.agglo-larochelle.fr\/2022\/?s={search_term_string}"},"query-input":"required name=search_term_string"}],"inLanguage":"fr-FR"}]}},"_links":{"self":[{"href":"https:\/\/dev-durable.agglo-larochelle.fr\/2022\/wp-json\/wp\/v2\/pages\/2097"}],"collection":[{"href":"https:\/\/dev-durable.agglo-larochelle.fr\/2022\/wp-json\/wp\/v2\/pages"}],"about":[{"href":"https:\/\/dev-durable.agglo-larochelle.fr\/2022\/wp-json\/wp\/v2\/types\/page"}],"author":[{"embeddable":true,"href":"https:\/\/dev-durable.agglo-larochelle.fr\/2022\/wp-json\/wp\/v2\/users\/1"}],"replies":[{"embeddable":true,"href":"https:\/\/dev-durable.agglo-larochelle.fr\/2022\/wp-json\/wp\/v2\/comments?post=2097"}],"version-history":[{"count":5,"href":"https:\/\/dev-durable.agglo-larochelle.fr\/2022\/wp-json\/wp\/v2\/pages\/2097\/revisions"}],"predecessor-version":[{"id":2759,"href":"https:\/\/dev-durable.agglo-larochelle.fr\/2022\/wp-json\/wp\/v2\/pages\/2097\/revisions\/2759"}],"up":[{"embeddable":true,"href":"https:\/\/dev-durable.agglo-larochelle.fr\/2022\/wp-json\/wp\/v2\/pages\/2072"}],"wp:featuredmedia":[{"embeddable":true,"href":"https:\/\/dev-durable.agglo-larochelle.fr\/2022\/wp-json\/wp\/v2\/media\/2181"}],"wp:attachment":[{"href":"https:\/\/dev-durable.agglo-larochelle.fr\/2022\/wp-json\/wp\/v2\/media?parent=2097"}],"curies":[{"name":"wp","href":"https:\/\/api.w.org\/{rel}","templated":true}]}}