{"id":2544,"date":"2022-11-21T17:01:36","date_gmt":"2022-11-21T16:01:36","guid":{"rendered":"https:\/\/dev-durable.agglo-larochelle.fr\/2022\/?page_id=2544"},"modified":"2022-12-09T15:08:57","modified_gmt":"2022-12-09T14:08:57","slug":"etude-strategie-eviter-reduire-compenser","status":"publish","type":"page","link":"https:\/\/dev-durable.agglo-larochelle.fr\/2022\/une-agglo-creative\/transition-ecologique\/etude-strategie-eviter-reduire-compenser\/","title":{"rendered":"Entretien et suivi de la biodiversit\u00e9 sur les sites de compensation"},"content":{"rendered":"\n<p><strong>L\u2019Agglom\u00e9ration poursuit le suivi naturaliste de plusieurs sites de compensation.<\/strong><\/p>\n<p>Lorsqu\u2019un habitat naturel et\/ou une esp\u00e8ce (animale ou v\u00e9g\u00e9tale) prot\u00e9g\u00e9e sont impact\u00e9s par un projet d\u2019am\u00e9nagement, la collectivit\u00e9 recherche des surfaces de compensation pour s\u2019assurer de leur maintien. Un suivi naturaliste est alors mis en place sur les sites de compensation. Sur le territoire communautaire, la construction de l\u2019\u00e9coquartier de Bongraine s\u2019est adjoint les sites compensatoires du marais doux d\u2019Aytr\u00e9, de l\u2019ancien champ de tirs, de l\u2019ancien terrain militaire d\u2019Angoulins et des parcelles sur la Pointe de Roux. Le chantier de l\u2019avenue Simone Veil est compens\u00e9 sur le marais renatur\u00e9 au sud d\u2019Aytr\u00e9. Le parc Bas Carbone Atlantech et le parc d\u2019activit\u00e9s de l\u2019Aubre\u00e7ay font \u00e9galement l\u2019objet de compensations.<\/p>\n","protected":false},"excerpt":{"rendered":"<p>L\u2019Agglom\u00e9ration poursuit le suivi naturaliste de plusieurs sites de compensation. Lorsqu\u2019un habitat naturel et\/ou une esp\u00e8ce (animale ou v\u00e9g\u00e9tale) prot\u00e9g\u00e9e sont impact\u00e9s par un projet d\u2019am\u00e9nagement, la collectivit\u00e9 recherche des surfaces de compensation pour s\u2019assurer de leur maintien. Un suivi naturaliste est alors mis en place sur les sites de compensation. Sur le territoire communautaire, [&hellip;]<\/p>\n","protected":false},"author":1,"featured_media":2471,"parent":272,"menu_order":5,"comment_status":"closed","ping_status":"closed","template":"page-sous-partie.php","meta":[],"acf":[],"yoast_head":"<!-- This site is optimized with the Yoast SEO plugin v19.12 - https:\/\/yoast.com\/wordpress\/plugins\/seo\/ -->\n<title>Entretien et suivi de la biodiversit\u00e9 sur les sites de compensation - Rapport du d\u00e9veloppement durable<\/title>\n<meta name=\"robots\" content=\"index, follow, max-snippet:-1, max-image-preview:large, max-video-preview:-1\" \/>\n<link rel=\"canonical\" href=\"https:\/\/dev-durable.agglo-larochelle.fr\/2022\/une-agglo-creative\/transition-ecologique\/etude-strategie-eviter-reduire-compenser\/\" \/>\n<meta property=\"og:locale\" content=\"fr_FR\" \/>\n<meta property=\"og:type\" content=\"article\" \/>\n<meta property=\"og:title\" content=\"Entretien et suivi de la biodiversit\u00e9 sur les sites de compensation - Rapport du d\u00e9veloppement durable\" \/>\n<meta property=\"og:description\" content=\"L\u2019Agglom\u00e9ration poursuit le suivi naturaliste de plusieurs sites de compensation. Lorsqu\u2019un habitat naturel et\/ou une esp\u00e8ce (animale ou v\u00e9g\u00e9tale) prot\u00e9g\u00e9e sont impact\u00e9s par un projet d\u2019am\u00e9nagement, la collectivit\u00e9 recherche des surfaces de compensation pour s\u2019assurer de leur maintien. Un suivi naturaliste est alors mis en place sur les sites de compensation. Sur le territoire communautaire, [&hellip;]\" \/>\n<meta property=\"og:url\" content=\"https:\/\/dev-durable.agglo-larochelle.fr\/2022\/une-agglo-creative\/transition-ecologique\/etude-strategie-eviter-reduire-compenser\/\" \/>\n<meta property=\"og:site_name\" content=\"Rapport du d\u00e9veloppement durable\" \/>\n<meta property=\"article:modified_time\" content=\"2022-12-09T14:08:57+00:00\" \/>\n<meta property=\"og:image\" content=\"https:\/\/dev-durable.agglo-larochelle.fr\/2022\/wp-content\/uploads\/2022\/09\/cda-rapport-dd-agglo-sobre-et-durable.jpg\" \/>\n\t<meta property=\"og:image:width\" content=\"1000\" \/>\n\t<meta property=\"og:image:height\" content=\"665\" \/>\n\t<meta property=\"og:image:type\" content=\"image\/jpeg\" \/>\n<meta name=\"twitter:card\" content=\"summary_large_image\" \/>\n<meta name=\"twitter:label1\" content=\"Dur\u00e9e de lecture estim\u00e9e\" \/>\n\t<meta name=\"twitter:data1\" content=\"1 minute\" \/>\n<script type=\"application\/ld+json\" class=\"yoast-schema-graph\">{\"@context\":\"https:\/\/schema.org\",\"@graph\":[{\"@type\":\"WebPage\",\"@id\":\"https:\/\/dev-durable.agglo-larochelle.fr\/2022\/une-agglo-creative\/transition-ecologique\/etude-strategie-eviter-reduire-compenser\/\",\"url\":\"https:\/\/dev-durable.agglo-larochelle.fr\/2022\/une-agglo-creative\/transition-ecologique\/etude-strategie-eviter-reduire-compenser\/\",\"name\":\"Entretien et suivi de la biodiversit\u00e9 sur les sites de compensation - Rapport du d\u00e9veloppement durable\",\"isPartOf\":{\"@id\":\"https:\/\/dev-durable.agglo-larochelle.fr\/2022\/#website\"},\"datePublished\":\"2022-11-21T16:01:36+00:00\",\"dateModified\":\"2022-12-09T14:08:57+00:00\",\"breadcrumb\":{\"@id\":\"https:\/\/dev-durable.agglo-larochelle.fr\/2022\/une-agglo-creative\/transition-ecologique\/etude-strategie-eviter-reduire-compenser\/#breadcrumb\"},\"inLanguage\":\"fr-FR\",\"potentialAction\":[{\"@type\":\"ReadAction\",\"target\":[\"https:\/\/dev-durable.agglo-larochelle.fr\/2022\/une-agglo-creative\/transition-ecologique\/etude-strategie-eviter-reduire-compenser\/\"]}]},{\"@type\":\"BreadcrumbList\",\"@id\":\"https:\/\/dev-durable.agglo-larochelle.fr\/2022\/une-agglo-creative\/transition-ecologique\/etude-strategie-eviter-reduire-compenser\/#breadcrumb\",\"itemListElement\":[{\"@type\":\"ListItem\",\"position\":1,\"name\":\"Accueil\",\"item\":\"https:\/\/dev-durable.agglo-larochelle.fr\/2022\/\"},{\"@type\":\"ListItem\",\"position\":2,\"name\":\"Une Agglo cr\u00e9ative\",\"item\":\"https:\/\/dev-durable.agglo-larochelle.fr\/2022\/une-agglo-creative\/\"},{\"@type\":\"ListItem\",\"position\":3,\"name\":\"Transition \u00e9cologique\",\"item\":\"https:\/\/dev-durable.agglo-larochelle.fr\/2022\/une-agglo-creative\/transition-ecologique\/\"},{\"@type\":\"ListItem\",\"position\":4,\"name\":\"Entretien et suivi de la biodiversit\u00e9 sur les sites de compensation\"}]},{\"@type\":\"WebSite\",\"@id\":\"https:\/\/dev-durable.agglo-larochelle.fr\/2022\/#website\",\"url\":\"https:\/\/dev-durable.agglo-larochelle.fr\/2022\/\",\"name\":\"Rapport du d\u00e9veloppement durable - 2022\",\"description\":\"Rapport 2022 du d\u00e9veloppement durable\",\"alternateName\":\"Communaut\u00e9 d'Agglom\u00e9ration de La Rochelle\",\"potentialAction\":[{\"@type\":\"SearchAction\",\"target\":{\"@type\":\"EntryPoint\",\"urlTemplate\":\"https:\/\/dev-durable.agglo-larochelle.fr\/2022\/?s={search_term_string}\"},\"query-input\":\"required name=search_term_string\"}],\"inLanguage\":\"fr-FR\"}]}<\/script>\n<!-- \/ Yoast SEO plugin. -->","yoast_head_json":{"title":"Entretien et suivi de la biodiversit\u00e9 sur les sites de compensation - Rapport du d\u00e9veloppement durable","robots":{"index":"index","follow":"follow","max-snippet":"max-snippet:-1","max-image-preview":"max-image-preview:large","max-video-preview":"max-video-preview:-1"},"canonical":"https:\/\/dev-durable.agglo-larochelle.fr\/2022\/une-agglo-creative\/transition-ecologique\/etude-strategie-eviter-reduire-compenser\/","og_locale":"fr_FR","og_type":"article","og_title":"Entretien et suivi de la biodiversit\u00e9 sur les sites de compensation - Rapport du d\u00e9veloppement durable","og_description":"L\u2019Agglom\u00e9ration poursuit le suivi naturaliste de plusieurs sites de compensation. Lorsqu\u2019un habitat naturel et\/ou une esp\u00e8ce (animale ou v\u00e9g\u00e9tale) prot\u00e9g\u00e9e sont impact\u00e9s par un projet d\u2019am\u00e9nagement, la collectivit\u00e9 recherche des surfaces de compensation pour s\u2019assurer de leur maintien. Un suivi naturaliste est alors mis en place sur les sites de compensation. Sur le territoire communautaire, [&hellip;]","og_url":"https:\/\/dev-durable.agglo-larochelle.fr\/2022\/une-agglo-creative\/transition-ecologique\/etude-strategie-eviter-reduire-compenser\/","og_site_name":"Rapport du d\u00e9veloppement durable","article_modified_time":"2022-12-09T14:08:57+00:00","og_image":[{"width":1000,"height":665,"url":"https:\/\/dev-durable.agglo-larochelle.fr\/2022\/wp-content\/uploads\/2022\/09\/cda-rapport-dd-agglo-sobre-et-durable.jpg","type":"image\/jpeg"}],"twitter_card":"summary_large_image","twitter_misc":{"Dur\u00e9e de lecture estim\u00e9e":"1 minute"},"schema":{"@context":"https:\/\/schema.org","@graph":[{"@type":"WebPage","@id":"https:\/\/dev-durable.agglo-larochelle.fr\/2022\/une-agglo-creative\/transition-ecologique\/etude-strategie-eviter-reduire-compenser\/","url":"https:\/\/dev-durable.agglo-larochelle.fr\/2022\/une-agglo-creative\/transition-ecologique\/etude-strategie-eviter-reduire-compenser\/","name":"Entretien et suivi de la biodiversit\u00e9 sur les sites de compensation - Rapport du d\u00e9veloppement durable","isPartOf":{"@id":"https:\/\/dev-durable.agglo-larochelle.fr\/2022\/#website"},"datePublished":"2022-11-21T16:01:36+00:00","dateModified":"2022-12-09T14:08:57+00:00","breadcrumb":{"@id":"https:\/\/dev-durable.agglo-larochelle.fr\/2022\/une-agglo-creative\/transition-ecologique\/etude-strategie-eviter-reduire-compenser\/#breadcrumb"},"inLanguage":"fr-FR","potentialAction":[{"@type":"ReadAction","target":["https:\/\/dev-durable.agglo-larochelle.fr\/2022\/une-agglo-creative\/transition-ecologique\/etude-strategie-eviter-reduire-compenser\/"]}]},{"@type":"BreadcrumbList","@id":"https:\/\/dev-durable.agglo-larochelle.fr\/2022\/une-agglo-creative\/transition-ecologique\/etude-strategie-eviter-reduire-compenser\/#breadcrumb","itemListElement":[{"@type":"ListItem","position":1,"name":"Accueil","item":"https:\/\/dev-durable.agglo-larochelle.fr\/2022\/"},{"@type":"ListItem","position":2,"name":"Une Agglo cr\u00e9ative","item":"https:\/\/dev-durable.agglo-larochelle.fr\/2022\/une-agglo-creative\/"},{"@type":"ListItem","position":3,"name":"Transition \u00e9cologique","item":"https:\/\/dev-durable.agglo-larochelle.fr\/2022\/une-agglo-creative\/transition-ecologique\/"},{"@type":"ListItem","position":4,"name":"Entretien et suivi de la biodiversit\u00e9 sur les sites de compensation"}]},{"@type":"WebSite","@id":"https:\/\/dev-durable.agglo-larochelle.fr\/2022\/#website","url":"https:\/\/dev-durable.agglo-larochelle.fr\/2022\/","name":"Rapport du d\u00e9veloppement durable - 2022","description":"Rapport 2022 du d\u00e9veloppement durable","alternateName":"Communaut\u00e9 d'Agglom\u00e9ration de La Rochelle","potentialAction":[{"@type":"SearchAction","target":{"@type":"EntryPoint","urlTemplate":"https:\/\/dev-durable.agglo-larochelle.fr\/2022\/?s={search_term_string}"},"query-input":"required name=search_term_string"}],"inLanguage":"fr-FR"}]}},"_links":{"self":[{"href":"https:\/\/dev-durable.agglo-larochelle.fr\/2022\/wp-json\/wp\/v2\/pages\/2544"}],"collection":[{"href":"https:\/\/dev-durable.agglo-larochelle.fr\/2022\/wp-json\/wp\/v2\/pages"}],"about":[{"href":"https:\/\/dev-durable.agglo-larochelle.fr\/2022\/wp-json\/wp\/v2\/types\/page"}],"author":[{"embeddable":true,"href":"https:\/\/dev-durable.agglo-larochelle.fr\/2022\/wp-json\/wp\/v2\/users\/1"}],"replies":[{"embeddable":true,"href":"https:\/\/dev-durable.agglo-larochelle.fr\/2022\/wp-json\/wp\/v2\/comments?post=2544"}],"version-history":[{"count":3,"href":"https:\/\/dev-durable.agglo-larochelle.fr\/2022\/wp-json\/wp\/v2\/pages\/2544\/revisions"}],"predecessor-version":[{"id":2629,"href":"https:\/\/dev-durable.agglo-larochelle.fr\/2022\/wp-json\/wp\/v2\/pages\/2544\/revisions\/2629"}],"up":[{"embeddable":true,"href":"https:\/\/dev-durable.agglo-larochelle.fr\/2022\/wp-json\/wp\/v2\/pages\/272"}],"wp:featuredmedia":[{"embeddable":true,"href":"https:\/\/dev-durable.agglo-larochelle.fr\/2022\/wp-json\/wp\/v2\/media\/2471"}],"wp:attachment":[{"href":"https:\/\/dev-durable.agglo-larochelle.fr\/2022\/wp-json\/wp\/v2\/media?parent=2544"}],"curies":[{"name":"wp","href":"https:\/\/api.w.org\/{rel}","templated":true}]}}