{"id":2549,"date":"2022-11-21T17:03:35","date_gmt":"2022-11-21T16:03:35","guid":{"rendered":"https:\/\/dev-durable.agglo-larochelle.fr\/2022\/?page_id=2549"},"modified":"2022-12-09T15:08:43","modified_gmt":"2022-12-09T14:08:43","slug":"etudes-hydrogeologiques-installation-de-pp-en-agriculture-urbaine","status":"publish","type":"page","link":"https:\/\/dev-durable.agglo-larochelle.fr\/2022\/une-agglo-creative\/transition-ecologique\/etudes-hydrogeologiques-installation-de-pp-en-agriculture-urbaine\/","title":{"rendered":"La transition agro-\u00e9cologique, nouvel axe de La Rochelle Territoire Z\u00e9ro Carbone"},"content":{"rendered":"\n<p><strong>La Chambre d\u2019agriculture de la Charente-Maritime et l\u2019Agglom\u00e9ration ont d\u00e9cid\u00e9 d\u2019ajouter un nouvel axe au programme LRTZC, ayant pour objectif la \u00ab transition agro-\u00e9cologique et alimentaire\u00a0\u00bb du territoire.<\/strong><\/p>\n<p>Les acteurs du monde agricole, directement impact\u00e9s par les effets du d\u00e9r\u00e8glement climatique, sont pleinement conscients de la n\u00e9cessit\u00e9 de faire \u00e9voluer leurs fili\u00e8res. En juin 2022, pr\u00e8s de cinquante acteurs de diff\u00e9rentes fili\u00e8res ont d\u00e9fini en ateliers quatre th\u00e9matiques-cibles pour amorcer la transition agro-\u00e9cologique et alimentaire du territoire\u00a0: l\u2019int\u00e9gration de la gestion du carbone dans les pratiques ; l\u2019augmentation de la r\u00e9silience alimentaire\u00a0; l\u2019\u00e9conomie, la ma\u00eetrise et la production de l\u2019\u00e9nergie\u00a0; la mise en place des outils du changement. Au sein de ces th\u00e9matiques, pr\u00e8s d\u2019une centaine d\u2019actions ont d\u2019ores et d\u00e9j\u00e0 \u00e9t\u00e9 propos\u00e9es, qui s\u2019inscrivent naturellement en compl\u00e9mentarit\u00e9 de dispositifs existants, comme le Programme Alimentaire Territorial ou le programme Re-Sources.<\/p>\n","protected":false},"excerpt":{"rendered":"<p>La Chambre d\u2019agriculture de la Charente-Maritime et l\u2019Agglom\u00e9ration ont d\u00e9cid\u00e9 d\u2019ajouter un nouvel axe au programme LRTZC, ayant pour objectif la \u00ab transition agro-\u00e9cologique et alimentaire\u00a0\u00bb du territoire. Les acteurs du monde agricole, directement impact\u00e9s par les effets du d\u00e9r\u00e8glement climatique, sont pleinement conscients de la n\u00e9cessit\u00e9 de faire \u00e9voluer leurs fili\u00e8res. En juin 2022, [&hellip;]<\/p>\n","protected":false},"author":1,"featured_media":1945,"parent":272,"menu_order":8,"comment_status":"closed","ping_status":"closed","template":"page-sous-partie.php","meta":[],"acf":[],"yoast_head":"<!-- This site is optimized with the Yoast SEO plugin v19.12 - https:\/\/yoast.com\/wordpress\/plugins\/seo\/ -->\n<title>La transition agro-\u00e9cologique, nouvel axe de La Rochelle Territoire Z\u00e9ro Carbone - Rapport du d\u00e9veloppement durable<\/title>\n<meta name=\"robots\" content=\"index, follow, max-snippet:-1, max-image-preview:large, max-video-preview:-1\" \/>\n<link rel=\"canonical\" href=\"https:\/\/dev-durable.agglo-larochelle.fr\/2022\/une-agglo-creative\/transition-ecologique\/etudes-hydrogeologiques-installation-de-pp-en-agriculture-urbaine\/\" \/>\n<meta property=\"og:locale\" content=\"fr_FR\" \/>\n<meta property=\"og:type\" content=\"article\" \/>\n<meta property=\"og:title\" content=\"La transition agro-\u00e9cologique, nouvel axe de La Rochelle Territoire Z\u00e9ro Carbone - Rapport du d\u00e9veloppement durable\" \/>\n<meta property=\"og:description\" content=\"La Chambre d\u2019agriculture de la Charente-Maritime et l\u2019Agglom\u00e9ration ont d\u00e9cid\u00e9 d\u2019ajouter un nouvel axe au programme LRTZC, ayant pour objectif la \u00ab transition agro-\u00e9cologique et alimentaire\u00a0\u00bb du territoire. Les acteurs du monde agricole, directement impact\u00e9s par les effets du d\u00e9r\u00e8glement climatique, sont pleinement conscients de la n\u00e9cessit\u00e9 de faire \u00e9voluer leurs fili\u00e8res. En juin 2022, [&hellip;]\" \/>\n<meta property=\"og:url\" content=\"https:\/\/dev-durable.agglo-larochelle.fr\/2022\/une-agglo-creative\/transition-ecologique\/etudes-hydrogeologiques-installation-de-pp-en-agriculture-urbaine\/\" \/>\n<meta property=\"og:site_name\" content=\"Rapport du d\u00e9veloppement durable\" \/>\n<meta property=\"article:modified_time\" content=\"2022-12-09T14:08:43+00:00\" \/>\n<meta property=\"og:image\" content=\"https:\/\/dev-durable.agglo-larochelle.fr\/2022\/wp-content\/uploads\/2021\/11\/Projet_alimentaire_territoire_CA_029118.jpg\" \/>\n\t<meta property=\"og:image:width\" content=\"700\" \/>\n\t<meta property=\"og:image:height\" content=\"466\" \/>\n\t<meta property=\"og:image:type\" content=\"image\/jpeg\" \/>\n<meta name=\"twitter:card\" content=\"summary_large_image\" \/>\n<meta name=\"twitter:label1\" content=\"Dur\u00e9e de lecture estim\u00e9e\" \/>\n\t<meta name=\"twitter:data1\" content=\"1 minute\" \/>\n<script type=\"application\/ld+json\" class=\"yoast-schema-graph\">{\"@context\":\"https:\/\/schema.org\",\"@graph\":[{\"@type\":\"WebPage\",\"@id\":\"https:\/\/dev-durable.agglo-larochelle.fr\/2022\/une-agglo-creative\/transition-ecologique\/etudes-hydrogeologiques-installation-de-pp-en-agriculture-urbaine\/\",\"url\":\"https:\/\/dev-durable.agglo-larochelle.fr\/2022\/une-agglo-creative\/transition-ecologique\/etudes-hydrogeologiques-installation-de-pp-en-agriculture-urbaine\/\",\"name\":\"La transition agro-\u00e9cologique, nouvel axe de La Rochelle Territoire Z\u00e9ro Carbone - Rapport du d\u00e9veloppement durable\",\"isPartOf\":{\"@id\":\"https:\/\/dev-durable.agglo-larochelle.fr\/2022\/#website\"},\"datePublished\":\"2022-11-21T16:03:35+00:00\",\"dateModified\":\"2022-12-09T14:08:43+00:00\",\"breadcrumb\":{\"@id\":\"https:\/\/dev-durable.agglo-larochelle.fr\/2022\/une-agglo-creative\/transition-ecologique\/etudes-hydrogeologiques-installation-de-pp-en-agriculture-urbaine\/#breadcrumb\"},\"inLanguage\":\"fr-FR\",\"potentialAction\":[{\"@type\":\"ReadAction\",\"target\":[\"https:\/\/dev-durable.agglo-larochelle.fr\/2022\/une-agglo-creative\/transition-ecologique\/etudes-hydrogeologiques-installation-de-pp-en-agriculture-urbaine\/\"]}]},{\"@type\":\"BreadcrumbList\",\"@id\":\"https:\/\/dev-durable.agglo-larochelle.fr\/2022\/une-agglo-creative\/transition-ecologique\/etudes-hydrogeologiques-installation-de-pp-en-agriculture-urbaine\/#breadcrumb\",\"itemListElement\":[{\"@type\":\"ListItem\",\"position\":1,\"name\":\"Accueil\",\"item\":\"https:\/\/dev-durable.agglo-larochelle.fr\/2022\/\"},{\"@type\":\"ListItem\",\"position\":2,\"name\":\"Une Agglo cr\u00e9ative\",\"item\":\"https:\/\/dev-durable.agglo-larochelle.fr\/2022\/une-agglo-creative\/\"},{\"@type\":\"ListItem\",\"position\":3,\"name\":\"Transition \u00e9cologique\",\"item\":\"https:\/\/dev-durable.agglo-larochelle.fr\/2022\/une-agglo-creative\/transition-ecologique\/\"},{\"@type\":\"ListItem\",\"position\":4,\"name\":\"La transition agro-\u00e9cologique, nouvel axe de La Rochelle Territoire Z\u00e9ro Carbone\"}]},{\"@type\":\"WebSite\",\"@id\":\"https:\/\/dev-durable.agglo-larochelle.fr\/2022\/#website\",\"url\":\"https:\/\/dev-durable.agglo-larochelle.fr\/2022\/\",\"name\":\"Rapport du d\u00e9veloppement durable - 2022\",\"description\":\"Rapport 2022 du d\u00e9veloppement durable\",\"alternateName\":\"Communaut\u00e9 d'Agglom\u00e9ration de La Rochelle\",\"potentialAction\":[{\"@type\":\"SearchAction\",\"target\":{\"@type\":\"EntryPoint\",\"urlTemplate\":\"https:\/\/dev-durable.agglo-larochelle.fr\/2022\/?s={search_term_string}\"},\"query-input\":\"required name=search_term_string\"}],\"inLanguage\":\"fr-FR\"}]}<\/script>\n<!-- \/ Yoast SEO plugin. -->","yoast_head_json":{"title":"La transition agro-\u00e9cologique, nouvel axe de La Rochelle Territoire Z\u00e9ro Carbone - Rapport du d\u00e9veloppement durable","robots":{"index":"index","follow":"follow","max-snippet":"max-snippet:-1","max-image-preview":"max-image-preview:large","max-video-preview":"max-video-preview:-1"},"canonical":"https:\/\/dev-durable.agglo-larochelle.fr\/2022\/une-agglo-creative\/transition-ecologique\/etudes-hydrogeologiques-installation-de-pp-en-agriculture-urbaine\/","og_locale":"fr_FR","og_type":"article","og_title":"La transition agro-\u00e9cologique, nouvel axe de La Rochelle Territoire Z\u00e9ro Carbone - Rapport du d\u00e9veloppement durable","og_description":"La Chambre d\u2019agriculture de la Charente-Maritime et l\u2019Agglom\u00e9ration ont d\u00e9cid\u00e9 d\u2019ajouter un nouvel axe au programme LRTZC, ayant pour objectif la \u00ab transition agro-\u00e9cologique et alimentaire\u00a0\u00bb du territoire. Les acteurs du monde agricole, directement impact\u00e9s par les effets du d\u00e9r\u00e8glement climatique, sont pleinement conscients de la n\u00e9cessit\u00e9 de faire \u00e9voluer leurs fili\u00e8res. En juin 2022, [&hellip;]","og_url":"https:\/\/dev-durable.agglo-larochelle.fr\/2022\/une-agglo-creative\/transition-ecologique\/etudes-hydrogeologiques-installation-de-pp-en-agriculture-urbaine\/","og_site_name":"Rapport du d\u00e9veloppement durable","article_modified_time":"2022-12-09T14:08:43+00:00","og_image":[{"width":700,"height":466,"url":"https:\/\/dev-durable.agglo-larochelle.fr\/2022\/wp-content\/uploads\/2021\/11\/Projet_alimentaire_territoire_CA_029118.jpg","type":"image\/jpeg"}],"twitter_card":"summary_large_image","twitter_misc":{"Dur\u00e9e de lecture estim\u00e9e":"1 minute"},"schema":{"@context":"https:\/\/schema.org","@graph":[{"@type":"WebPage","@id":"https:\/\/dev-durable.agglo-larochelle.fr\/2022\/une-agglo-creative\/transition-ecologique\/etudes-hydrogeologiques-installation-de-pp-en-agriculture-urbaine\/","url":"https:\/\/dev-durable.agglo-larochelle.fr\/2022\/une-agglo-creative\/transition-ecologique\/etudes-hydrogeologiques-installation-de-pp-en-agriculture-urbaine\/","name":"La transition agro-\u00e9cologique, nouvel axe de La Rochelle Territoire Z\u00e9ro Carbone - Rapport du d\u00e9veloppement durable","isPartOf":{"@id":"https:\/\/dev-durable.agglo-larochelle.fr\/2022\/#website"},"datePublished":"2022-11-21T16:03:35+00:00","dateModified":"2022-12-09T14:08:43+00:00","breadcrumb":{"@id":"https:\/\/dev-durable.agglo-larochelle.fr\/2022\/une-agglo-creative\/transition-ecologique\/etudes-hydrogeologiques-installation-de-pp-en-agriculture-urbaine\/#breadcrumb"},"inLanguage":"fr-FR","potentialAction":[{"@type":"ReadAction","target":["https:\/\/dev-durable.agglo-larochelle.fr\/2022\/une-agglo-creative\/transition-ecologique\/etudes-hydrogeologiques-installation-de-pp-en-agriculture-urbaine\/"]}]},{"@type":"BreadcrumbList","@id":"https:\/\/dev-durable.agglo-larochelle.fr\/2022\/une-agglo-creative\/transition-ecologique\/etudes-hydrogeologiques-installation-de-pp-en-agriculture-urbaine\/#breadcrumb","itemListElement":[{"@type":"ListItem","position":1,"name":"Accueil","item":"https:\/\/dev-durable.agglo-larochelle.fr\/2022\/"},{"@type":"ListItem","position":2,"name":"Une Agglo cr\u00e9ative","item":"https:\/\/dev-durable.agglo-larochelle.fr\/2022\/une-agglo-creative\/"},{"@type":"ListItem","position":3,"name":"Transition \u00e9cologique","item":"https:\/\/dev-durable.agglo-larochelle.fr\/2022\/une-agglo-creative\/transition-ecologique\/"},{"@type":"ListItem","position":4,"name":"La transition agro-\u00e9cologique, nouvel axe de La Rochelle Territoire Z\u00e9ro Carbone"}]},{"@type":"WebSite","@id":"https:\/\/dev-durable.agglo-larochelle.fr\/2022\/#website","url":"https:\/\/dev-durable.agglo-larochelle.fr\/2022\/","name":"Rapport du d\u00e9veloppement durable - 2022","description":"Rapport 2022 du d\u00e9veloppement durable","alternateName":"Communaut\u00e9 d'Agglom\u00e9ration de La Rochelle","potentialAction":[{"@type":"SearchAction","target":{"@type":"EntryPoint","urlTemplate":"https:\/\/dev-durable.agglo-larochelle.fr\/2022\/?s={search_term_string}"},"query-input":"required name=search_term_string"}],"inLanguage":"fr-FR"}]}},"_links":{"self":[{"href":"https:\/\/dev-durable.agglo-larochelle.fr\/2022\/wp-json\/wp\/v2\/pages\/2549"}],"collection":[{"href":"https:\/\/dev-durable.agglo-larochelle.fr\/2022\/wp-json\/wp\/v2\/pages"}],"about":[{"href":"https:\/\/dev-durable.agglo-larochelle.fr\/2022\/wp-json\/wp\/v2\/types\/page"}],"author":[{"embeddable":true,"href":"https:\/\/dev-durable.agglo-larochelle.fr\/2022\/wp-json\/wp\/v2\/users\/1"}],"replies":[{"embeddable":true,"href":"https:\/\/dev-durable.agglo-larochelle.fr\/2022\/wp-json\/wp\/v2\/comments?post=2549"}],"version-history":[{"count":3,"href":"https:\/\/dev-durable.agglo-larochelle.fr\/2022\/wp-json\/wp\/v2\/pages\/2549\/revisions"}],"predecessor-version":[{"id":2631,"href":"https:\/\/dev-durable.agglo-larochelle.fr\/2022\/wp-json\/wp\/v2\/pages\/2549\/revisions\/2631"}],"up":[{"embeddable":true,"href":"https:\/\/dev-durable.agglo-larochelle.fr\/2022\/wp-json\/wp\/v2\/pages\/272"}],"wp:featuredmedia":[{"embeddable":true,"href":"https:\/\/dev-durable.agglo-larochelle.fr\/2022\/wp-json\/wp\/v2\/media\/1945"}],"wp:attachment":[{"href":"https:\/\/dev-durable.agglo-larochelle.fr\/2022\/wp-json\/wp\/v2\/media?parent=2549"}],"curies":[{"name":"wp","href":"https:\/\/api.w.org\/{rel}","templated":true}]}}