{"id":2584,"date":"2022-11-21T17:20:32","date_gmt":"2022-11-21T16:20:32","guid":{"rendered":"https:\/\/dev-durable.agglo-larochelle.fr\/2022\/?page_id=2584"},"modified":"2022-12-06T09:47:11","modified_gmt":"2022-12-06T08:47:11","slug":"participation-a-lelaboration-de-lafnor-spec-ecoconception-des-services-numeriques","status":"publish","type":"page","link":"https:\/\/dev-durable.agglo-larochelle.fr\/2022\/une-agglo-creative\/numerique\/participation-a-lelaboration-de-lafnor-spec-ecoconception-des-services-numeriques\/","title":{"rendered":"L\u2019Agglom\u00e9ration partage son savoir-faire en mati\u00e8re d\u2019\u00e9coconception"},"content":{"rendered":"\n<p><strong>L\u2019Agglom\u00e9ration a particip\u00e9 \u00e0 l\u2019\u00e9laboration d\u2019un document de r\u00e9f\u00e9rence de l\u2019AFNOR en mati\u00e8re d\u2019\u00e9coconception de services num\u00e9riques.<\/strong><\/p>\n<p>Ce guide \u2013 Ecoconception de services num\u00e9riques \u2013 \u00e9dit\u00e9 et diffus\u00e9 par l\u2019AFNOR, est un document d\u00e9velopp\u00e9 collectivement par plusieurs participants sur une plateforme commune (une \u201cAFNOR SPEC\u201d). Le document \u00e9tabli avec l\u2019Agglom\u00e9ration a pour objectif de fournir des lignes directrices et des recommandations concr\u00e8tes applicables \u00e0 chaque \u00e9tape du cycle de vie du service num\u00e9rique, pour toutes les organisations souhaitant r\u00e9duire l\u2019impact environnemental de leurs services num\u00e9riques. En se dotant d\u2019outils et de m\u00e9thodologies leur permettant d\u2019\u00e9co-concevoir un service num\u00e9rique, les organisations, publiques comme priv\u00e9es, poss\u00e8dent les cl\u00e9s pour un num\u00e9rique plus sobre.<\/p>\n","protected":false},"excerpt":{"rendered":"<p>L\u2019Agglom\u00e9ration a particip\u00e9 \u00e0 l\u2019\u00e9laboration d\u2019un document de r\u00e9f\u00e9rence de l\u2019AFNOR en mati\u00e8re d\u2019\u00e9coconception de services num\u00e9riques. Ce guide \u2013 Ecoconception de services num\u00e9riques \u2013 \u00e9dit\u00e9 et diffus\u00e9 par l\u2019AFNOR, est un document d\u00e9velopp\u00e9 collectivement par plusieurs participants sur une plateforme commune (une \u201cAFNOR SPEC\u201d). Le document \u00e9tabli avec l\u2019Agglom\u00e9ration a pour objectif de fournir [&hellip;]<\/p>\n","protected":false},"author":1,"featured_media":2916,"parent":2571,"menu_order":1,"comment_status":"closed","ping_status":"closed","template":"page-sous-partie.php","meta":[],"acf":[],"yoast_head":"<!-- This site is optimized with the Yoast SEO plugin v19.12 - https:\/\/yoast.com\/wordpress\/plugins\/seo\/ -->\n<title>L\u2019Agglom\u00e9ration partage son savoir-faire en mati\u00e8re d\u2019\u00e9coconception - Rapport du d\u00e9veloppement durable<\/title>\n<meta name=\"robots\" content=\"index, follow, max-snippet:-1, max-image-preview:large, max-video-preview:-1\" \/>\n<link rel=\"canonical\" href=\"https:\/\/dev-durable.agglo-larochelle.fr\/2022\/une-agglo-creative\/numerique\/participation-a-lelaboration-de-lafnor-spec-ecoconception-des-services-numeriques\/\" \/>\n<meta property=\"og:locale\" content=\"fr_FR\" \/>\n<meta property=\"og:type\" content=\"article\" \/>\n<meta property=\"og:title\" content=\"L\u2019Agglom\u00e9ration partage son savoir-faire en mati\u00e8re d\u2019\u00e9coconception - Rapport du d\u00e9veloppement durable\" \/>\n<meta property=\"og:description\" content=\"L\u2019Agglom\u00e9ration a particip\u00e9 \u00e0 l\u2019\u00e9laboration d\u2019un document de r\u00e9f\u00e9rence de l\u2019AFNOR en mati\u00e8re d\u2019\u00e9coconception de services num\u00e9riques. Ce guide \u2013 Ecoconception de services num\u00e9riques \u2013 \u00e9dit\u00e9 et diffus\u00e9 par l\u2019AFNOR, est un document d\u00e9velopp\u00e9 collectivement par plusieurs participants sur une plateforme commune (une \u201cAFNOR SPEC\u201d). Le document \u00e9tabli avec l\u2019Agglom\u00e9ration a pour objectif de fournir [&hellip;]\" \/>\n<meta property=\"og:url\" content=\"https:\/\/dev-durable.agglo-larochelle.fr\/2022\/une-agglo-creative\/numerique\/participation-a-lelaboration-de-lafnor-spec-ecoconception-des-services-numeriques\/\" \/>\n<meta property=\"og:site_name\" content=\"Rapport du d\u00e9veloppement durable\" \/>\n<meta property=\"article:modified_time\" content=\"2022-12-06T08:47:11+00:00\" \/>\n<meta property=\"og:image\" content=\"https:\/\/dev-durable.agglo-larochelle.fr\/2022\/wp-content\/uploads\/2022\/12\/ecoconceprion.jpg\" \/>\n\t<meta property=\"og:image:width\" content=\"650\" \/>\n\t<meta property=\"og:image:height\" content=\"300\" \/>\n\t<meta property=\"og:image:type\" content=\"image\/jpeg\" \/>\n<meta name=\"twitter:card\" content=\"summary_large_image\" \/>\n<meta name=\"twitter:label1\" content=\"Dur\u00e9e de lecture estim\u00e9e\" \/>\n\t<meta name=\"twitter:data1\" content=\"1 minute\" \/>\n<script type=\"application\/ld+json\" class=\"yoast-schema-graph\">{\"@context\":\"https:\/\/schema.org\",\"@graph\":[{\"@type\":\"WebPage\",\"@id\":\"https:\/\/dev-durable.agglo-larochelle.fr\/2022\/une-agglo-creative\/numerique\/participation-a-lelaboration-de-lafnor-spec-ecoconception-des-services-numeriques\/\",\"url\":\"https:\/\/dev-durable.agglo-larochelle.fr\/2022\/une-agglo-creative\/numerique\/participation-a-lelaboration-de-lafnor-spec-ecoconception-des-services-numeriques\/\",\"name\":\"L\u2019Agglom\u00e9ration partage son savoir-faire en mati\u00e8re d\u2019\u00e9coconception - Rapport du d\u00e9veloppement durable\",\"isPartOf\":{\"@id\":\"https:\/\/dev-durable.agglo-larochelle.fr\/2022\/#website\"},\"datePublished\":\"2022-11-21T16:20:32+00:00\",\"dateModified\":\"2022-12-06T08:47:11+00:00\",\"breadcrumb\":{\"@id\":\"https:\/\/dev-durable.agglo-larochelle.fr\/2022\/une-agglo-creative\/numerique\/participation-a-lelaboration-de-lafnor-spec-ecoconception-des-services-numeriques\/#breadcrumb\"},\"inLanguage\":\"fr-FR\",\"potentialAction\":[{\"@type\":\"ReadAction\",\"target\":[\"https:\/\/dev-durable.agglo-larochelle.fr\/2022\/une-agglo-creative\/numerique\/participation-a-lelaboration-de-lafnor-spec-ecoconception-des-services-numeriques\/\"]}]},{\"@type\":\"BreadcrumbList\",\"@id\":\"https:\/\/dev-durable.agglo-larochelle.fr\/2022\/une-agglo-creative\/numerique\/participation-a-lelaboration-de-lafnor-spec-ecoconception-des-services-numeriques\/#breadcrumb\",\"itemListElement\":[{\"@type\":\"ListItem\",\"position\":1,\"name\":\"Accueil\",\"item\":\"https:\/\/dev-durable.agglo-larochelle.fr\/2022\/\"},{\"@type\":\"ListItem\",\"position\":2,\"name\":\"Une Agglo cr\u00e9ative\",\"item\":\"https:\/\/dev-durable.agglo-larochelle.fr\/2022\/une-agglo-creative\/\"},{\"@type\":\"ListItem\",\"position\":3,\"name\":\"Num\u00e9rique\",\"item\":\"https:\/\/dev-durable.agglo-larochelle.fr\/2022\/une-agglo-creative\/numerique\/\"},{\"@type\":\"ListItem\",\"position\":4,\"name\":\"L\u2019Agglom\u00e9ration partage son savoir-faire en mati\u00e8re d\u2019\u00e9coconception\"}]},{\"@type\":\"WebSite\",\"@id\":\"https:\/\/dev-durable.agglo-larochelle.fr\/2022\/#website\",\"url\":\"https:\/\/dev-durable.agglo-larochelle.fr\/2022\/\",\"name\":\"Rapport du d\u00e9veloppement durable - 2022\",\"description\":\"Rapport 2022 du d\u00e9veloppement durable\",\"alternateName\":\"Communaut\u00e9 d'Agglom\u00e9ration de La Rochelle\",\"potentialAction\":[{\"@type\":\"SearchAction\",\"target\":{\"@type\":\"EntryPoint\",\"urlTemplate\":\"https:\/\/dev-durable.agglo-larochelle.fr\/2022\/?s={search_term_string}\"},\"query-input\":\"required name=search_term_string\"}],\"inLanguage\":\"fr-FR\"}]}<\/script>\n<!-- \/ Yoast SEO plugin. -->","yoast_head_json":{"title":"L\u2019Agglom\u00e9ration partage son savoir-faire en mati\u00e8re d\u2019\u00e9coconception - Rapport du d\u00e9veloppement durable","robots":{"index":"index","follow":"follow","max-snippet":"max-snippet:-1","max-image-preview":"max-image-preview:large","max-video-preview":"max-video-preview:-1"},"canonical":"https:\/\/dev-durable.agglo-larochelle.fr\/2022\/une-agglo-creative\/numerique\/participation-a-lelaboration-de-lafnor-spec-ecoconception-des-services-numeriques\/","og_locale":"fr_FR","og_type":"article","og_title":"L\u2019Agglom\u00e9ration partage son savoir-faire en mati\u00e8re d\u2019\u00e9coconception - Rapport du d\u00e9veloppement durable","og_description":"L\u2019Agglom\u00e9ration a particip\u00e9 \u00e0 l\u2019\u00e9laboration d\u2019un document de r\u00e9f\u00e9rence de l\u2019AFNOR en mati\u00e8re d\u2019\u00e9coconception de services num\u00e9riques. Ce guide \u2013 Ecoconception de services num\u00e9riques \u2013 \u00e9dit\u00e9 et diffus\u00e9 par l\u2019AFNOR, est un document d\u00e9velopp\u00e9 collectivement par plusieurs participants sur une plateforme commune (une \u201cAFNOR SPEC\u201d). Le document \u00e9tabli avec l\u2019Agglom\u00e9ration a pour objectif de fournir [&hellip;]","og_url":"https:\/\/dev-durable.agglo-larochelle.fr\/2022\/une-agglo-creative\/numerique\/participation-a-lelaboration-de-lafnor-spec-ecoconception-des-services-numeriques\/","og_site_name":"Rapport du d\u00e9veloppement durable","article_modified_time":"2022-12-06T08:47:11+00:00","og_image":[{"width":650,"height":300,"url":"https:\/\/dev-durable.agglo-larochelle.fr\/2022\/wp-content\/uploads\/2022\/12\/ecoconceprion.jpg","type":"image\/jpeg"}],"twitter_card":"summary_large_image","twitter_misc":{"Dur\u00e9e de lecture estim\u00e9e":"1 minute"},"schema":{"@context":"https:\/\/schema.org","@graph":[{"@type":"WebPage","@id":"https:\/\/dev-durable.agglo-larochelle.fr\/2022\/une-agglo-creative\/numerique\/participation-a-lelaboration-de-lafnor-spec-ecoconception-des-services-numeriques\/","url":"https:\/\/dev-durable.agglo-larochelle.fr\/2022\/une-agglo-creative\/numerique\/participation-a-lelaboration-de-lafnor-spec-ecoconception-des-services-numeriques\/","name":"L\u2019Agglom\u00e9ration partage son savoir-faire en mati\u00e8re d\u2019\u00e9coconception - Rapport du d\u00e9veloppement durable","isPartOf":{"@id":"https:\/\/dev-durable.agglo-larochelle.fr\/2022\/#website"},"datePublished":"2022-11-21T16:20:32+00:00","dateModified":"2022-12-06T08:47:11+00:00","breadcrumb":{"@id":"https:\/\/dev-durable.agglo-larochelle.fr\/2022\/une-agglo-creative\/numerique\/participation-a-lelaboration-de-lafnor-spec-ecoconception-des-services-numeriques\/#breadcrumb"},"inLanguage":"fr-FR","potentialAction":[{"@type":"ReadAction","target":["https:\/\/dev-durable.agglo-larochelle.fr\/2022\/une-agglo-creative\/numerique\/participation-a-lelaboration-de-lafnor-spec-ecoconception-des-services-numeriques\/"]}]},{"@type":"BreadcrumbList","@id":"https:\/\/dev-durable.agglo-larochelle.fr\/2022\/une-agglo-creative\/numerique\/participation-a-lelaboration-de-lafnor-spec-ecoconception-des-services-numeriques\/#breadcrumb","itemListElement":[{"@type":"ListItem","position":1,"name":"Accueil","item":"https:\/\/dev-durable.agglo-larochelle.fr\/2022\/"},{"@type":"ListItem","position":2,"name":"Une Agglo cr\u00e9ative","item":"https:\/\/dev-durable.agglo-larochelle.fr\/2022\/une-agglo-creative\/"},{"@type":"ListItem","position":3,"name":"Num\u00e9rique","item":"https:\/\/dev-durable.agglo-larochelle.fr\/2022\/une-agglo-creative\/numerique\/"},{"@type":"ListItem","position":4,"name":"L\u2019Agglom\u00e9ration partage son savoir-faire en mati\u00e8re d\u2019\u00e9coconception"}]},{"@type":"WebSite","@id":"https:\/\/dev-durable.agglo-larochelle.fr\/2022\/#website","url":"https:\/\/dev-durable.agglo-larochelle.fr\/2022\/","name":"Rapport du d\u00e9veloppement durable - 2022","description":"Rapport 2022 du d\u00e9veloppement durable","alternateName":"Communaut\u00e9 d'Agglom\u00e9ration de La Rochelle","potentialAction":[{"@type":"SearchAction","target":{"@type":"EntryPoint","urlTemplate":"https:\/\/dev-durable.agglo-larochelle.fr\/2022\/?s={search_term_string}"},"query-input":"required name=search_term_string"}],"inLanguage":"fr-FR"}]}},"_links":{"self":[{"href":"https:\/\/dev-durable.agglo-larochelle.fr\/2022\/wp-json\/wp\/v2\/pages\/2584"}],"collection":[{"href":"https:\/\/dev-durable.agglo-larochelle.fr\/2022\/wp-json\/wp\/v2\/pages"}],"about":[{"href":"https:\/\/dev-durable.agglo-larochelle.fr\/2022\/wp-json\/wp\/v2\/types\/page"}],"author":[{"embeddable":true,"href":"https:\/\/dev-durable.agglo-larochelle.fr\/2022\/wp-json\/wp\/v2\/users\/1"}],"replies":[{"embeddable":true,"href":"https:\/\/dev-durable.agglo-larochelle.fr\/2022\/wp-json\/wp\/v2\/comments?post=2584"}],"version-history":[{"count":3,"href":"https:\/\/dev-durable.agglo-larochelle.fr\/2022\/wp-json\/wp\/v2\/pages\/2584\/revisions"}],"predecessor-version":[{"id":2642,"href":"https:\/\/dev-durable.agglo-larochelle.fr\/2022\/wp-json\/wp\/v2\/pages\/2584\/revisions\/2642"}],"up":[{"embeddable":true,"href":"https:\/\/dev-durable.agglo-larochelle.fr\/2022\/wp-json\/wp\/v2\/pages\/2571"}],"wp:featuredmedia":[{"embeddable":true,"href":"https:\/\/dev-durable.agglo-larochelle.fr\/2022\/wp-json\/wp\/v2\/media\/2916"}],"wp:attachment":[{"href":"https:\/\/dev-durable.agglo-larochelle.fr\/2022\/wp-json\/wp\/v2\/media?parent=2584"}],"curies":[{"name":"wp","href":"https:\/\/api.w.org\/{rel}","templated":true}]}}