{"id":2786,"date":"2022-11-23T17:01:58","date_gmt":"2022-11-23T16:01:58","guid":{"rendered":"https:\/\/dev-durable.agglo-larochelle.fr\/2022\/?page_id=2786"},"modified":"2022-12-09T14:47:57","modified_gmt":"2022-12-09T13:47:57","slug":"le-covoiturage-en-plein-essor-grace-a-une-application-mobile-soutenue-par-lagglo","status":"publish","type":"page","link":"https:\/\/dev-durable.agglo-larochelle.fr\/2022\/une-agglo-sobre-et-durable\/accompagnement-au-changement\/le-covoiturage-en-plein-essor-grace-a-une-application-mobile-soutenue-par-lagglo\/","title":{"rendered":"Le covoiturage en plein essor, gr\u00e2ce \u00e0 une application mobile soutenue par l\u2019Agglo"},"content":{"rendered":"<p><strong>Une exp\u00e9rimentation de covoiturage avec l\u2019op\u00e9rateur Klaxit a \u00e9t\u00e9 lanc\u00e9e d\u00e9but janvier 2022, dans le cadre d\u2019une strat\u00e9gie communautaire globale de covoiturage. Les r\u00e9sultats sont tr\u00e8s satisfaisants.<\/strong><\/p>\n<p>L\u2019objectif \u00e9tait de v\u00e9rifier si une aide financi\u00e8re aux covoitureurs permettait de promouvoir et d\u2019installer la pratique du covoiturage r\u00e9gulier et sur courte distance. Un bilan interm\u00e9diaire a \u00e9tabli que le nombre de trajets en covoiturage de courte distance est pass\u00e9 de 400 trajets r\u00e9alis\u00e9s avec des plateformes sp\u00e9cifiques \u00e0 pr\u00e8s de 70 000 trajets r\u00e9alis\u00e9s avec l\u2019application Klaxit (estimation \u00e0 fin 2022). Cette exp\u00e9rimentation concluante se poursuit donc, avec le soutien de la collectivit\u00e9.<\/p>\n","protected":false},"excerpt":{"rendered":"<p>Une exp\u00e9rimentation de covoiturage avec l\u2019op\u00e9rateur Klaxit a \u00e9t\u00e9 lanc\u00e9e d\u00e9but janvier 2022, dans le cadre d\u2019une strat\u00e9gie communautaire globale de covoiturage. Les r\u00e9sultats sont tr\u00e8s satisfaisants. L\u2019objectif \u00e9tait de v\u00e9rifier si une aide financi\u00e8re aux covoitureurs permettait de promouvoir et d\u2019installer la pratique du covoiturage r\u00e9gulier et sur courte distance. Un bilan interm\u00e9diaire a [&hellip;]<\/p>\n","protected":false},"author":1,"featured_media":2953,"parent":2120,"menu_order":6,"comment_status":"closed","ping_status":"closed","template":"page-sous-partie.php","meta":[],"acf":[],"yoast_head":"<!-- This site is optimized with the Yoast SEO plugin v19.12 - https:\/\/yoast.com\/wordpress\/plugins\/seo\/ -->\n<title>Le covoiturage en plein essor, gr\u00e2ce \u00e0 une application mobile soutenue par l\u2019Agglo - Rapport du d\u00e9veloppement durable<\/title>\n<meta name=\"robots\" content=\"index, follow, max-snippet:-1, max-image-preview:large, max-video-preview:-1\" \/>\n<link rel=\"canonical\" href=\"https:\/\/dev-durable.agglo-larochelle.fr\/2022\/une-agglo-sobre-et-durable\/accompagnement-au-changement\/le-covoiturage-en-plein-essor-grace-a-une-application-mobile-soutenue-par-lagglo\/\" \/>\n<meta property=\"og:locale\" content=\"fr_FR\" \/>\n<meta property=\"og:type\" content=\"article\" \/>\n<meta property=\"og:title\" content=\"Le covoiturage en plein essor, gr\u00e2ce \u00e0 une application mobile soutenue par l\u2019Agglo - Rapport du d\u00e9veloppement durable\" \/>\n<meta property=\"og:description\" content=\"Une exp\u00e9rimentation de covoiturage avec l\u2019op\u00e9rateur Klaxit a \u00e9t\u00e9 lanc\u00e9e d\u00e9but janvier 2022, dans le cadre d\u2019une strat\u00e9gie communautaire globale de covoiturage. Les r\u00e9sultats sont tr\u00e8s satisfaisants. L\u2019objectif \u00e9tait de v\u00e9rifier si une aide financi\u00e8re aux covoitureurs permettait de promouvoir et d\u2019installer la pratique du covoiturage r\u00e9gulier et sur courte distance. Un bilan interm\u00e9diaire a [&hellip;]\" \/>\n<meta property=\"og:url\" content=\"https:\/\/dev-durable.agglo-larochelle.fr\/2022\/une-agglo-sobre-et-durable\/accompagnement-au-changement\/le-covoiturage-en-plein-essor-grace-a-une-application-mobile-soutenue-par-lagglo\/\" \/>\n<meta property=\"og:site_name\" content=\"Rapport du d\u00e9veloppement durable\" \/>\n<meta property=\"article:modified_time\" content=\"2022-12-09T13:47:57+00:00\" \/>\n<meta property=\"og:image\" content=\"https:\/\/dev-durable.agglo-larochelle.fr\/2022\/wp-content\/uploads\/2022\/12\/covoiturage_CA_035405.jpg\" \/>\n\t<meta property=\"og:image:width\" content=\"650\" \/>\n\t<meta property=\"og:image:height\" content=\"300\" \/>\n\t<meta property=\"og:image:type\" content=\"image\/jpeg\" \/>\n<meta name=\"twitter:card\" content=\"summary_large_image\" \/>\n<meta name=\"twitter:label1\" content=\"Dur\u00e9e de lecture estim\u00e9e\" \/>\n\t<meta name=\"twitter:data1\" content=\"1 minute\" \/>\n<script type=\"application\/ld+json\" class=\"yoast-schema-graph\">{\"@context\":\"https:\/\/schema.org\",\"@graph\":[{\"@type\":\"WebPage\",\"@id\":\"https:\/\/dev-durable.agglo-larochelle.fr\/2022\/une-agglo-sobre-et-durable\/accompagnement-au-changement\/le-covoiturage-en-plein-essor-grace-a-une-application-mobile-soutenue-par-lagglo\/\",\"url\":\"https:\/\/dev-durable.agglo-larochelle.fr\/2022\/une-agglo-sobre-et-durable\/accompagnement-au-changement\/le-covoiturage-en-plein-essor-grace-a-une-application-mobile-soutenue-par-lagglo\/\",\"name\":\"Le covoiturage en plein essor, gr\u00e2ce \u00e0 une application mobile soutenue par l\u2019Agglo - Rapport du d\u00e9veloppement durable\",\"isPartOf\":{\"@id\":\"https:\/\/dev-durable.agglo-larochelle.fr\/2022\/#website\"},\"datePublished\":\"2022-11-23T16:01:58+00:00\",\"dateModified\":\"2022-12-09T13:47:57+00:00\",\"breadcrumb\":{\"@id\":\"https:\/\/dev-durable.agglo-larochelle.fr\/2022\/une-agglo-sobre-et-durable\/accompagnement-au-changement\/le-covoiturage-en-plein-essor-grace-a-une-application-mobile-soutenue-par-lagglo\/#breadcrumb\"},\"inLanguage\":\"fr-FR\",\"potentialAction\":[{\"@type\":\"ReadAction\",\"target\":[\"https:\/\/dev-durable.agglo-larochelle.fr\/2022\/une-agglo-sobre-et-durable\/accompagnement-au-changement\/le-covoiturage-en-plein-essor-grace-a-une-application-mobile-soutenue-par-lagglo\/\"]}]},{\"@type\":\"BreadcrumbList\",\"@id\":\"https:\/\/dev-durable.agglo-larochelle.fr\/2022\/une-agglo-sobre-et-durable\/accompagnement-au-changement\/le-covoiturage-en-plein-essor-grace-a-une-application-mobile-soutenue-par-lagglo\/#breadcrumb\",\"itemListElement\":[{\"@type\":\"ListItem\",\"position\":1,\"name\":\"Accueil\",\"item\":\"https:\/\/dev-durable.agglo-larochelle.fr\/2022\/\"},{\"@type\":\"ListItem\",\"position\":2,\"name\":\"Une Agglo sobre et durable\",\"item\":\"https:\/\/dev-durable.agglo-larochelle.fr\/2022\/une-agglo-sobre-et-durable\/\"},{\"@type\":\"ListItem\",\"position\":3,\"name\":\"Accompagnement au changement\",\"item\":\"https:\/\/dev-durable.agglo-larochelle.fr\/2022\/une-agglo-sobre-et-durable\/accompagnement-au-changement\/\"},{\"@type\":\"ListItem\",\"position\":4,\"name\":\"Le covoiturage en plein essor, gr\u00e2ce \u00e0 une application mobile soutenue par l\u2019Agglo\"}]},{\"@type\":\"WebSite\",\"@id\":\"https:\/\/dev-durable.agglo-larochelle.fr\/2022\/#website\",\"url\":\"https:\/\/dev-durable.agglo-larochelle.fr\/2022\/\",\"name\":\"Rapport du d\u00e9veloppement durable - 2022\",\"description\":\"Rapport 2022 du d\u00e9veloppement durable\",\"alternateName\":\"Communaut\u00e9 d'Agglom\u00e9ration de La Rochelle\",\"potentialAction\":[{\"@type\":\"SearchAction\",\"target\":{\"@type\":\"EntryPoint\",\"urlTemplate\":\"https:\/\/dev-durable.agglo-larochelle.fr\/2022\/?s={search_term_string}\"},\"query-input\":\"required name=search_term_string\"}],\"inLanguage\":\"fr-FR\"}]}<\/script>\n<!-- \/ Yoast SEO plugin. -->","yoast_head_json":{"title":"Le covoiturage en plein essor, gr\u00e2ce \u00e0 une application mobile soutenue par l\u2019Agglo - Rapport du d\u00e9veloppement durable","robots":{"index":"index","follow":"follow","max-snippet":"max-snippet:-1","max-image-preview":"max-image-preview:large","max-video-preview":"max-video-preview:-1"},"canonical":"https:\/\/dev-durable.agglo-larochelle.fr\/2022\/une-agglo-sobre-et-durable\/accompagnement-au-changement\/le-covoiturage-en-plein-essor-grace-a-une-application-mobile-soutenue-par-lagglo\/","og_locale":"fr_FR","og_type":"article","og_title":"Le covoiturage en plein essor, gr\u00e2ce \u00e0 une application mobile soutenue par l\u2019Agglo - Rapport du d\u00e9veloppement durable","og_description":"Une exp\u00e9rimentation de covoiturage avec l\u2019op\u00e9rateur Klaxit a \u00e9t\u00e9 lanc\u00e9e d\u00e9but janvier 2022, dans le cadre d\u2019une strat\u00e9gie communautaire globale de covoiturage. Les r\u00e9sultats sont tr\u00e8s satisfaisants. L\u2019objectif \u00e9tait de v\u00e9rifier si une aide financi\u00e8re aux covoitureurs permettait de promouvoir et d\u2019installer la pratique du covoiturage r\u00e9gulier et sur courte distance. Un bilan interm\u00e9diaire a [&hellip;]","og_url":"https:\/\/dev-durable.agglo-larochelle.fr\/2022\/une-agglo-sobre-et-durable\/accompagnement-au-changement\/le-covoiturage-en-plein-essor-grace-a-une-application-mobile-soutenue-par-lagglo\/","og_site_name":"Rapport du d\u00e9veloppement durable","article_modified_time":"2022-12-09T13:47:57+00:00","og_image":[{"width":650,"height":300,"url":"https:\/\/dev-durable.agglo-larochelle.fr\/2022\/wp-content\/uploads\/2022\/12\/covoiturage_CA_035405.jpg","type":"image\/jpeg"}],"twitter_card":"summary_large_image","twitter_misc":{"Dur\u00e9e de lecture estim\u00e9e":"1 minute"},"schema":{"@context":"https:\/\/schema.org","@graph":[{"@type":"WebPage","@id":"https:\/\/dev-durable.agglo-larochelle.fr\/2022\/une-agglo-sobre-et-durable\/accompagnement-au-changement\/le-covoiturage-en-plein-essor-grace-a-une-application-mobile-soutenue-par-lagglo\/","url":"https:\/\/dev-durable.agglo-larochelle.fr\/2022\/une-agglo-sobre-et-durable\/accompagnement-au-changement\/le-covoiturage-en-plein-essor-grace-a-une-application-mobile-soutenue-par-lagglo\/","name":"Le covoiturage en plein essor, gr\u00e2ce \u00e0 une application mobile soutenue par l\u2019Agglo - Rapport du d\u00e9veloppement durable","isPartOf":{"@id":"https:\/\/dev-durable.agglo-larochelle.fr\/2022\/#website"},"datePublished":"2022-11-23T16:01:58+00:00","dateModified":"2022-12-09T13:47:57+00:00","breadcrumb":{"@id":"https:\/\/dev-durable.agglo-larochelle.fr\/2022\/une-agglo-sobre-et-durable\/accompagnement-au-changement\/le-covoiturage-en-plein-essor-grace-a-une-application-mobile-soutenue-par-lagglo\/#breadcrumb"},"inLanguage":"fr-FR","potentialAction":[{"@type":"ReadAction","target":["https:\/\/dev-durable.agglo-larochelle.fr\/2022\/une-agglo-sobre-et-durable\/accompagnement-au-changement\/le-covoiturage-en-plein-essor-grace-a-une-application-mobile-soutenue-par-lagglo\/"]}]},{"@type":"BreadcrumbList","@id":"https:\/\/dev-durable.agglo-larochelle.fr\/2022\/une-agglo-sobre-et-durable\/accompagnement-au-changement\/le-covoiturage-en-plein-essor-grace-a-une-application-mobile-soutenue-par-lagglo\/#breadcrumb","itemListElement":[{"@type":"ListItem","position":1,"name":"Accueil","item":"https:\/\/dev-durable.agglo-larochelle.fr\/2022\/"},{"@type":"ListItem","position":2,"name":"Une Agglo sobre et durable","item":"https:\/\/dev-durable.agglo-larochelle.fr\/2022\/une-agglo-sobre-et-durable\/"},{"@type":"ListItem","position":3,"name":"Accompagnement au changement","item":"https:\/\/dev-durable.agglo-larochelle.fr\/2022\/une-agglo-sobre-et-durable\/accompagnement-au-changement\/"},{"@type":"ListItem","position":4,"name":"Le covoiturage en plein essor, gr\u00e2ce \u00e0 une application mobile soutenue par l\u2019Agglo"}]},{"@type":"WebSite","@id":"https:\/\/dev-durable.agglo-larochelle.fr\/2022\/#website","url":"https:\/\/dev-durable.agglo-larochelle.fr\/2022\/","name":"Rapport du d\u00e9veloppement durable - 2022","description":"Rapport 2022 du d\u00e9veloppement durable","alternateName":"Communaut\u00e9 d'Agglom\u00e9ration de La Rochelle","potentialAction":[{"@type":"SearchAction","target":{"@type":"EntryPoint","urlTemplate":"https:\/\/dev-durable.agglo-larochelle.fr\/2022\/?s={search_term_string}"},"query-input":"required name=search_term_string"}],"inLanguage":"fr-FR"}]}},"_links":{"self":[{"href":"https:\/\/dev-durable.agglo-larochelle.fr\/2022\/wp-json\/wp\/v2\/pages\/2786"}],"collection":[{"href":"https:\/\/dev-durable.agglo-larochelle.fr\/2022\/wp-json\/wp\/v2\/pages"}],"about":[{"href":"https:\/\/dev-durable.agglo-larochelle.fr\/2022\/wp-json\/wp\/v2\/types\/page"}],"author":[{"embeddable":true,"href":"https:\/\/dev-durable.agglo-larochelle.fr\/2022\/wp-json\/wp\/v2\/users\/1"}],"replies":[{"embeddable":true,"href":"https:\/\/dev-durable.agglo-larochelle.fr\/2022\/wp-json\/wp\/v2\/comments?post=2786"}],"version-history":[{"count":3,"href":"https:\/\/dev-durable.agglo-larochelle.fr\/2022\/wp-json\/wp\/v2\/pages\/2786\/revisions"}],"predecessor-version":[{"id":2978,"href":"https:\/\/dev-durable.agglo-larochelle.fr\/2022\/wp-json\/wp\/v2\/pages\/2786\/revisions\/2978"}],"up":[{"embeddable":true,"href":"https:\/\/dev-durable.agglo-larochelle.fr\/2022\/wp-json\/wp\/v2\/pages\/2120"}],"wp:featuredmedia":[{"embeddable":true,"href":"https:\/\/dev-durable.agglo-larochelle.fr\/2022\/wp-json\/wp\/v2\/media\/2953"}],"wp:attachment":[{"href":"https:\/\/dev-durable.agglo-larochelle.fr\/2022\/wp-json\/wp\/v2\/media?parent=2786"}],"curies":[{"name":"wp","href":"https:\/\/api.w.org\/{rel}","templated":true}]}}