{"id":756,"date":"2019-12-02T09:25:58","date_gmt":"2019-12-02T08:25:58","guid":{"rendered":"https:\/\/dev-durable.agglo-larochelle.fr\/20226.0.2\/?page_id=756"},"modified":"2022-09-09T16:40:53","modified_gmt":"2022-09-09T14:40:53","slug":"que-sont-les-objectifs-de-developpement-durable","status":"publish","type":"page","link":"https:\/\/dev-durable.agglo-larochelle.fr\/2022\/les-objectifs-du-developpement-durable\/que-sont-les-objectifs-de-developpement-durable\/","title":{"rendered":"Que sont les objectifs de d\u00e9veloppement durable ?"},"content":{"rendered":"<p>En 2015, 193 pays ont adopt\u00e9 dans le cadre de l\u2019Organisation des Nations Unies (ONU), un agenda qui fixe des objectifs simples et ambitieux lesquels visent \u00e0 transformer le monde \u00e0 l\u2019horizon 2030. Il s\u2019agit de r\u00e9soudre les grands probl\u00e8mes soci\u00e9taux, \u00e9conomiques et environnementaux comme la faim dans le monde, les in\u00e9galit\u00e9s, de permettre \u00e0 tous l\u2019acc\u00e8s \u00e0 la sant\u00e9, l\u2019acc\u00e8s \u00e0 l\u2019eau potable et \u00e0 l\u2019assainissement, la lutte contre les changements climatiques ou encore la pr\u00e9servation des ressources naturelles terrestres ou aquatiques\u2026<\/p>\n<p>Les Objectifs de D\u00e9veloppement Durable (ODD) sont au nombre de 17. Ils sont d\u00e9taill\u00e9s en sous-objectifs qui permettent \u00e0 chaque pays, chaque organisation (commune, EPCI, entreprise ou association) d\u2019y r\u00e9pondre et ainsi de participer \u00e0 leur r\u00e9alisation de fa\u00e7on effective. Par exemple, si le second ODD (lutte contre la faim) para\u00eet de prime abord plus prioritaire pour les pays en voie de d\u00e9veloppement, il comprend un sous-objectif sur la viabilit\u00e9 des syst\u00e8mes de production alimentaire et la mise en oeuvre de pratiques agricoles r\u00e9silientes qui int\u00e9resse directement l\u2019Agglo et pour lequel elle r\u00e9alise des actions, des \u00e9tudes qui participent \u00e0 cet objectif.<\/p>\n","protected":false},"excerpt":{"rendered":"<p>En 2015, 193 pays ont adopt\u00e9 dans le cadre de l\u2019Organisation des Nations Unies (ONU), un agenda qui fixe des objectifs simples et ambitieux lesquels visent \u00e0 transformer le monde \u00e0 l\u2019horizon 2030. Il s\u2019agit de r\u00e9soudre les grands probl\u00e8mes soci\u00e9taux, \u00e9conomiques et environnementaux comme la faim dans le monde, les in\u00e9galit\u00e9s, de permettre \u00e0 [&hellip;]<\/p>\n","protected":false},"author":1,"featured_media":0,"parent":754,"menu_order":0,"comment_status":"closed","ping_status":"closed","template":"page-odd.php","meta":[],"acf":[],"yoast_head":"<!-- This site is optimized with the Yoast SEO plugin v19.12 - https:\/\/yoast.com\/wordpress\/plugins\/seo\/ -->\n<title>Que sont les objectifs de d\u00e9veloppement durable ? - Rapport du d\u00e9veloppement durable<\/title>\n<meta name=\"robots\" content=\"index, follow, max-snippet:-1, max-image-preview:large, max-video-preview:-1\" \/>\n<link rel=\"canonical\" href=\"https:\/\/dev-durable.agglo-larochelle.fr\/2022\/les-objectifs-du-developpement-durable\/que-sont-les-objectifs-de-developpement-durable\/\" \/>\n<meta property=\"og:locale\" content=\"fr_FR\" \/>\n<meta property=\"og:type\" content=\"article\" \/>\n<meta property=\"og:title\" content=\"Que sont les objectifs de d\u00e9veloppement durable ? - Rapport du d\u00e9veloppement durable\" \/>\n<meta property=\"og:description\" content=\"En 2015, 193 pays ont adopt\u00e9 dans le cadre de l\u2019Organisation des Nations Unies (ONU), un agenda qui fixe des objectifs simples et ambitieux lesquels visent \u00e0 transformer le monde \u00e0 l\u2019horizon 2030. Il s\u2019agit de r\u00e9soudre les grands probl\u00e8mes soci\u00e9taux, \u00e9conomiques et environnementaux comme la faim dans le monde, les in\u00e9galit\u00e9s, de permettre \u00e0 [&hellip;]\" \/>\n<meta property=\"og:url\" content=\"https:\/\/dev-durable.agglo-larochelle.fr\/2022\/les-objectifs-du-developpement-durable\/que-sont-les-objectifs-de-developpement-durable\/\" \/>\n<meta property=\"og:site_name\" content=\"Rapport du d\u00e9veloppement durable\" \/>\n<meta property=\"article:modified_time\" content=\"2022-09-09T14:40:53+00:00\" \/>\n<meta name=\"twitter:card\" content=\"summary_large_image\" \/>\n<meta name=\"twitter:label1\" content=\"Dur\u00e9e de lecture estim\u00e9e\" \/>\n\t<meta name=\"twitter:data1\" content=\"1 minute\" \/>\n<script type=\"application\/ld+json\" class=\"yoast-schema-graph\">{\"@context\":\"https:\/\/schema.org\",\"@graph\":[{\"@type\":\"WebPage\",\"@id\":\"https:\/\/dev-durable.agglo-larochelle.fr\/2022\/les-objectifs-du-developpement-durable\/que-sont-les-objectifs-de-developpement-durable\/\",\"url\":\"https:\/\/dev-durable.agglo-larochelle.fr\/2022\/les-objectifs-du-developpement-durable\/que-sont-les-objectifs-de-developpement-durable\/\",\"name\":\"Que sont les objectifs de d\u00e9veloppement durable ? - Rapport du d\u00e9veloppement durable\",\"isPartOf\":{\"@id\":\"https:\/\/dev-durable.agglo-larochelle.fr\/2022\/#website\"},\"datePublished\":\"2019-12-02T08:25:58+00:00\",\"dateModified\":\"2022-09-09T14:40:53+00:00\",\"breadcrumb\":{\"@id\":\"https:\/\/dev-durable.agglo-larochelle.fr\/2022\/les-objectifs-du-developpement-durable\/que-sont-les-objectifs-de-developpement-durable\/#breadcrumb\"},\"inLanguage\":\"fr-FR\",\"potentialAction\":[{\"@type\":\"ReadAction\",\"target\":[\"https:\/\/dev-durable.agglo-larochelle.fr\/2022\/les-objectifs-du-developpement-durable\/que-sont-les-objectifs-de-developpement-durable\/\"]}]},{\"@type\":\"BreadcrumbList\",\"@id\":\"https:\/\/dev-durable.agglo-larochelle.fr\/2022\/les-objectifs-du-developpement-durable\/que-sont-les-objectifs-de-developpement-durable\/#breadcrumb\",\"itemListElement\":[{\"@type\":\"ListItem\",\"position\":1,\"name\":\"Accueil\",\"item\":\"https:\/\/dev-durable.agglo-larochelle.fr\/2022\/\"},{\"@type\":\"ListItem\",\"position\":2,\"name\":\"Les objectifs du d\u00e9veloppement durable\",\"item\":\"https:\/\/dev-durable.agglo-larochelle.fr\/2022\/les-objectifs-du-developpement-durable\/\"},{\"@type\":\"ListItem\",\"position\":3,\"name\":\"Que sont les objectifs de d\u00e9veloppement durable ?\"}]},{\"@type\":\"WebSite\",\"@id\":\"https:\/\/dev-durable.agglo-larochelle.fr\/2022\/#website\",\"url\":\"https:\/\/dev-durable.agglo-larochelle.fr\/2022\/\",\"name\":\"Rapport du d\u00e9veloppement durable - 2022\",\"description\":\"Rapport 2022 du d\u00e9veloppement durable\",\"alternateName\":\"Communaut\u00e9 d'Agglom\u00e9ration de La Rochelle\",\"potentialAction\":[{\"@type\":\"SearchAction\",\"target\":{\"@type\":\"EntryPoint\",\"urlTemplate\":\"https:\/\/dev-durable.agglo-larochelle.fr\/2022\/?s={search_term_string}\"},\"query-input\":\"required name=search_term_string\"}],\"inLanguage\":\"fr-FR\"}]}<\/script>\n<!-- \/ Yoast SEO plugin. -->","yoast_head_json":{"title":"Que sont les objectifs de d\u00e9veloppement durable ? - Rapport du d\u00e9veloppement durable","robots":{"index":"index","follow":"follow","max-snippet":"max-snippet:-1","max-image-preview":"max-image-preview:large","max-video-preview":"max-video-preview:-1"},"canonical":"https:\/\/dev-durable.agglo-larochelle.fr\/2022\/les-objectifs-du-developpement-durable\/que-sont-les-objectifs-de-developpement-durable\/","og_locale":"fr_FR","og_type":"article","og_title":"Que sont les objectifs de d\u00e9veloppement durable ? - Rapport du d\u00e9veloppement durable","og_description":"En 2015, 193 pays ont adopt\u00e9 dans le cadre de l\u2019Organisation des Nations Unies (ONU), un agenda qui fixe des objectifs simples et ambitieux lesquels visent \u00e0 transformer le monde \u00e0 l\u2019horizon 2030. Il s\u2019agit de r\u00e9soudre les grands probl\u00e8mes soci\u00e9taux, \u00e9conomiques et environnementaux comme la faim dans le monde, les in\u00e9galit\u00e9s, de permettre \u00e0 [&hellip;]","og_url":"https:\/\/dev-durable.agglo-larochelle.fr\/2022\/les-objectifs-du-developpement-durable\/que-sont-les-objectifs-de-developpement-durable\/","og_site_name":"Rapport du d\u00e9veloppement durable","article_modified_time":"2022-09-09T14:40:53+00:00","twitter_card":"summary_large_image","twitter_misc":{"Dur\u00e9e de lecture estim\u00e9e":"1 minute"},"schema":{"@context":"https:\/\/schema.org","@graph":[{"@type":"WebPage","@id":"https:\/\/dev-durable.agglo-larochelle.fr\/2022\/les-objectifs-du-developpement-durable\/que-sont-les-objectifs-de-developpement-durable\/","url":"https:\/\/dev-durable.agglo-larochelle.fr\/2022\/les-objectifs-du-developpement-durable\/que-sont-les-objectifs-de-developpement-durable\/","name":"Que sont les objectifs de d\u00e9veloppement durable ? - Rapport du d\u00e9veloppement durable","isPartOf":{"@id":"https:\/\/dev-durable.agglo-larochelle.fr\/2022\/#website"},"datePublished":"2019-12-02T08:25:58+00:00","dateModified":"2022-09-09T14:40:53+00:00","breadcrumb":{"@id":"https:\/\/dev-durable.agglo-larochelle.fr\/2022\/les-objectifs-du-developpement-durable\/que-sont-les-objectifs-de-developpement-durable\/#breadcrumb"},"inLanguage":"fr-FR","potentialAction":[{"@type":"ReadAction","target":["https:\/\/dev-durable.agglo-larochelle.fr\/2022\/les-objectifs-du-developpement-durable\/que-sont-les-objectifs-de-developpement-durable\/"]}]},{"@type":"BreadcrumbList","@id":"https:\/\/dev-durable.agglo-larochelle.fr\/2022\/les-objectifs-du-developpement-durable\/que-sont-les-objectifs-de-developpement-durable\/#breadcrumb","itemListElement":[{"@type":"ListItem","position":1,"name":"Accueil","item":"https:\/\/dev-durable.agglo-larochelle.fr\/2022\/"},{"@type":"ListItem","position":2,"name":"Les objectifs du d\u00e9veloppement durable","item":"https:\/\/dev-durable.agglo-larochelle.fr\/2022\/les-objectifs-du-developpement-durable\/"},{"@type":"ListItem","position":3,"name":"Que sont les objectifs de d\u00e9veloppement durable ?"}]},{"@type":"WebSite","@id":"https:\/\/dev-durable.agglo-larochelle.fr\/2022\/#website","url":"https:\/\/dev-durable.agglo-larochelle.fr\/2022\/","name":"Rapport du d\u00e9veloppement durable - 2022","description":"Rapport 2022 du d\u00e9veloppement durable","alternateName":"Communaut\u00e9 d'Agglom\u00e9ration de La Rochelle","potentialAction":[{"@type":"SearchAction","target":{"@type":"EntryPoint","urlTemplate":"https:\/\/dev-durable.agglo-larochelle.fr\/2022\/?s={search_term_string}"},"query-input":"required name=search_term_string"}],"inLanguage":"fr-FR"}]}},"_links":{"self":[{"href":"https:\/\/dev-durable.agglo-larochelle.fr\/2022\/wp-json\/wp\/v2\/pages\/756"}],"collection":[{"href":"https:\/\/dev-durable.agglo-larochelle.fr\/2022\/wp-json\/wp\/v2\/pages"}],"about":[{"href":"https:\/\/dev-durable.agglo-larochelle.fr\/2022\/wp-json\/wp\/v2\/types\/page"}],"author":[{"embeddable":true,"href":"https:\/\/dev-durable.agglo-larochelle.fr\/2022\/wp-json\/wp\/v2\/users\/1"}],"replies":[{"embeddable":true,"href":"https:\/\/dev-durable.agglo-larochelle.fr\/2022\/wp-json\/wp\/v2\/comments?post=756"}],"version-history":[{"count":4,"href":"https:\/\/dev-durable.agglo-larochelle.fr\/2022\/wp-json\/wp\/v2\/pages\/756\/revisions"}],"predecessor-version":[{"id":2476,"href":"https:\/\/dev-durable.agglo-larochelle.fr\/2022\/wp-json\/wp\/v2\/pages\/756\/revisions\/2476"}],"up":[{"embeddable":true,"href":"https:\/\/dev-durable.agglo-larochelle.fr\/2022\/wp-json\/wp\/v2\/pages\/754"}],"wp:attachment":[{"href":"https:\/\/dev-durable.agglo-larochelle.fr\/2022\/wp-json\/wp\/v2\/media?parent=756"}],"curies":[{"name":"wp","href":"https:\/\/api.w.org\/{rel}","templated":true}]}}