{"id":895,"date":"2019-12-03T14:02:13","date_gmt":"2019-12-03T13:02:13","guid":{"rendered":"https:\/\/dev-durable.agglo-larochelle.fr\/20226.0.2\/?page_id=895"},"modified":"2022-12-09T15:09:05","modified_gmt":"2022-12-09T14:09:05","slug":"acquisition-de-terres-agricoles-pour-le-developpement-dune-agriculture-de-proximite","status":"publish","type":"page","link":"https:\/\/dev-durable.agglo-larochelle.fr\/2022\/une-agglo-creative\/transition-ecologique\/acquisition-de-terres-agricoles-pour-le-developpement-dune-agriculture-de-proximite\/","title":{"rendered":"Le Projet Alimentaire de Territoire (PAT) \u00e9tablit une veille fonci\u00e8re pour prot\u00e9ger les terres agricoles d\u2019int\u00e9r\u00eat"},"content":{"rendered":"\n<p><strong>Apr\u00e8s avoir \u00e9tabli un diagnostic foncier, le Projet Alimentaire de Territoire (PAT) met en place une action de suivi des terres agricoles susceptibles de contribuer au d\u00e9ploiement de sa strat\u00e9gie.<\/strong><\/p>\n<p>Apr\u00e8s une premi\u00e8re phase d\u2019identification et de cartographie des espaces agricoles d&rsquo;int\u00e9r\u00eat sur le territoire, qui a abouti \u00e0 la cat\u00e9gorisation de plusieurs types d\u2019espaces, le\u00a0 PAT est entr\u00e9 depuis l\u2019\u00e9t\u00e9 2022 dans une nouvelle phase, qui concerne l\u2019analyse strat\u00e9gique sur la faisabilit\u00e9 de d\u00e9velopper la r\u00e9silience alimentaire du territoire. Cette phase passe par des propositions d\u2019actions en fonction des espaces fonciers, des ateliers d\u2019\u00e9changes avec les acteurs engag\u00e9s et la mise en place de feuilles de route par typologies d\u2019espaces. La phase suivante portera sur des propositions en vue de renforcer la protection des terres agricoles.\u00a0<\/p>\n","protected":false},"excerpt":{"rendered":"<p>Apr\u00e8s avoir \u00e9tabli un diagnostic foncier, le Projet Alimentaire de Territoire (PAT) met en place une action de suivi des terres agricoles susceptibles de contribuer au d\u00e9ploiement de sa strat\u00e9gie. Apr\u00e8s une premi\u00e8re phase d\u2019identification et de cartographie des espaces agricoles d&rsquo;int\u00e9r\u00eat sur le territoire, qui a abouti \u00e0 la cat\u00e9gorisation de plusieurs types d\u2019espaces, [&hellip;]<\/p>\n","protected":false},"author":1,"featured_media":2908,"parent":272,"menu_order":6,"comment_status":"closed","ping_status":"closed","template":"page-sous-partie.php","meta":[],"acf":[],"yoast_head":"<!-- This site is optimized with the Yoast SEO plugin v19.12 - https:\/\/yoast.com\/wordpress\/plugins\/seo\/ -->\n<title>Le Projet Alimentaire de Territoire (PAT) \u00e9tablit une veille fonci\u00e8re pour prot\u00e9ger les terres agricoles d\u2019int\u00e9r\u00eat - Rapport du d\u00e9veloppement durable<\/title>\n<meta name=\"robots\" content=\"index, follow, max-snippet:-1, max-image-preview:large, max-video-preview:-1\" \/>\n<link rel=\"canonical\" href=\"https:\/\/dev-durable.agglo-larochelle.fr\/2022\/une-agglo-creative\/transition-ecologique\/acquisition-de-terres-agricoles-pour-le-developpement-dune-agriculture-de-proximite\/\" \/>\n<meta property=\"og:locale\" content=\"fr_FR\" \/>\n<meta property=\"og:type\" content=\"article\" \/>\n<meta property=\"og:title\" content=\"Le Projet Alimentaire de Territoire (PAT) \u00e9tablit une veille fonci\u00e8re pour prot\u00e9ger les terres agricoles d\u2019int\u00e9r\u00eat - Rapport du d\u00e9veloppement durable\" \/>\n<meta property=\"og:description\" content=\"Apr\u00e8s avoir \u00e9tabli un diagnostic foncier, le Projet Alimentaire de Territoire (PAT) met en place une action de suivi des terres agricoles susceptibles de contribuer au d\u00e9ploiement de sa strat\u00e9gie. Apr\u00e8s une premi\u00e8re phase d\u2019identification et de cartographie des espaces agricoles d&rsquo;int\u00e9r\u00eat sur le territoire, qui a abouti \u00e0 la cat\u00e9gorisation de plusieurs types d\u2019espaces, [&hellip;]\" \/>\n<meta property=\"og:url\" content=\"https:\/\/dev-durable.agglo-larochelle.fr\/2022\/une-agglo-creative\/transition-ecologique\/acquisition-de-terres-agricoles-pour-le-developpement-dune-agriculture-de-proximite\/\" \/>\n<meta property=\"og:site_name\" content=\"Rapport du d\u00e9veloppement durable\" \/>\n<meta property=\"article:modified_time\" content=\"2022-12-09T14:09:05+00:00\" \/>\n<meta property=\"og:image\" content=\"https:\/\/dev-durable.agglo-larochelle.fr\/2022\/wp-content\/uploads\/2022\/12\/agriculture_MLRC_125889.jpg\" \/>\n\t<meta property=\"og:image:width\" content=\"650\" \/>\n\t<meta property=\"og:image:height\" content=\"301\" \/>\n\t<meta property=\"og:image:type\" content=\"image\/jpeg\" \/>\n<meta name=\"twitter:card\" content=\"summary_large_image\" \/>\n<meta name=\"twitter:label1\" content=\"Dur\u00e9e de lecture estim\u00e9e\" \/>\n\t<meta name=\"twitter:data1\" content=\"1 minute\" \/>\n<script type=\"application\/ld+json\" class=\"yoast-schema-graph\">{\"@context\":\"https:\/\/schema.org\",\"@graph\":[{\"@type\":\"WebPage\",\"@id\":\"https:\/\/dev-durable.agglo-larochelle.fr\/2022\/une-agglo-creative\/transition-ecologique\/acquisition-de-terres-agricoles-pour-le-developpement-dune-agriculture-de-proximite\/\",\"url\":\"https:\/\/dev-durable.agglo-larochelle.fr\/2022\/une-agglo-creative\/transition-ecologique\/acquisition-de-terres-agricoles-pour-le-developpement-dune-agriculture-de-proximite\/\",\"name\":\"Le Projet Alimentaire de Territoire (PAT) \u00e9tablit une veille fonci\u00e8re pour prot\u00e9ger les terres agricoles d\u2019int\u00e9r\u00eat - Rapport du d\u00e9veloppement durable\",\"isPartOf\":{\"@id\":\"https:\/\/dev-durable.agglo-larochelle.fr\/2022\/#website\"},\"datePublished\":\"2019-12-03T13:02:13+00:00\",\"dateModified\":\"2022-12-09T14:09:05+00:00\",\"breadcrumb\":{\"@id\":\"https:\/\/dev-durable.agglo-larochelle.fr\/2022\/une-agglo-creative\/transition-ecologique\/acquisition-de-terres-agricoles-pour-le-developpement-dune-agriculture-de-proximite\/#breadcrumb\"},\"inLanguage\":\"fr-FR\",\"potentialAction\":[{\"@type\":\"ReadAction\",\"target\":[\"https:\/\/dev-durable.agglo-larochelle.fr\/2022\/une-agglo-creative\/transition-ecologique\/acquisition-de-terres-agricoles-pour-le-developpement-dune-agriculture-de-proximite\/\"]}]},{\"@type\":\"BreadcrumbList\",\"@id\":\"https:\/\/dev-durable.agglo-larochelle.fr\/2022\/une-agglo-creative\/transition-ecologique\/acquisition-de-terres-agricoles-pour-le-developpement-dune-agriculture-de-proximite\/#breadcrumb\",\"itemListElement\":[{\"@type\":\"ListItem\",\"position\":1,\"name\":\"Accueil\",\"item\":\"https:\/\/dev-durable.agglo-larochelle.fr\/2022\/\"},{\"@type\":\"ListItem\",\"position\":2,\"name\":\"Une Agglo cr\u00e9ative\",\"item\":\"https:\/\/dev-durable.agglo-larochelle.fr\/2022\/une-agglo-creative\/\"},{\"@type\":\"ListItem\",\"position\":3,\"name\":\"Transition \u00e9cologique\",\"item\":\"https:\/\/dev-durable.agglo-larochelle.fr\/2022\/une-agglo-creative\/transition-ecologique\/\"},{\"@type\":\"ListItem\",\"position\":4,\"name\":\"Le Projet Alimentaire de Territoire (PAT) \u00e9tablit une veille fonci\u00e8re pour prot\u00e9ger les terres agricoles d\u2019int\u00e9r\u00eat\"}]},{\"@type\":\"WebSite\",\"@id\":\"https:\/\/dev-durable.agglo-larochelle.fr\/2022\/#website\",\"url\":\"https:\/\/dev-durable.agglo-larochelle.fr\/2022\/\",\"name\":\"Rapport du d\u00e9veloppement durable - 2022\",\"description\":\"Rapport 2022 du d\u00e9veloppement durable\",\"alternateName\":\"Communaut\u00e9 d'Agglom\u00e9ration de La Rochelle\",\"potentialAction\":[{\"@type\":\"SearchAction\",\"target\":{\"@type\":\"EntryPoint\",\"urlTemplate\":\"https:\/\/dev-durable.agglo-larochelle.fr\/2022\/?s={search_term_string}\"},\"query-input\":\"required name=search_term_string\"}],\"inLanguage\":\"fr-FR\"}]}<\/script>\n<!-- \/ Yoast SEO plugin. -->","yoast_head_json":{"title":"Le Projet Alimentaire de Territoire (PAT) \u00e9tablit une veille fonci\u00e8re pour prot\u00e9ger les terres agricoles d\u2019int\u00e9r\u00eat - Rapport du d\u00e9veloppement durable","robots":{"index":"index","follow":"follow","max-snippet":"max-snippet:-1","max-image-preview":"max-image-preview:large","max-video-preview":"max-video-preview:-1"},"canonical":"https:\/\/dev-durable.agglo-larochelle.fr\/2022\/une-agglo-creative\/transition-ecologique\/acquisition-de-terres-agricoles-pour-le-developpement-dune-agriculture-de-proximite\/","og_locale":"fr_FR","og_type":"article","og_title":"Le Projet Alimentaire de Territoire (PAT) \u00e9tablit une veille fonci\u00e8re pour prot\u00e9ger les terres agricoles d\u2019int\u00e9r\u00eat - Rapport du d\u00e9veloppement durable","og_description":"Apr\u00e8s avoir \u00e9tabli un diagnostic foncier, le Projet Alimentaire de Territoire (PAT) met en place une action de suivi des terres agricoles susceptibles de contribuer au d\u00e9ploiement de sa strat\u00e9gie. Apr\u00e8s une premi\u00e8re phase d\u2019identification et de cartographie des espaces agricoles d&rsquo;int\u00e9r\u00eat sur le territoire, qui a abouti \u00e0 la cat\u00e9gorisation de plusieurs types d\u2019espaces, [&hellip;]","og_url":"https:\/\/dev-durable.agglo-larochelle.fr\/2022\/une-agglo-creative\/transition-ecologique\/acquisition-de-terres-agricoles-pour-le-developpement-dune-agriculture-de-proximite\/","og_site_name":"Rapport du d\u00e9veloppement durable","article_modified_time":"2022-12-09T14:09:05+00:00","og_image":[{"width":650,"height":301,"url":"https:\/\/dev-durable.agglo-larochelle.fr\/2022\/wp-content\/uploads\/2022\/12\/agriculture_MLRC_125889.jpg","type":"image\/jpeg"}],"twitter_card":"summary_large_image","twitter_misc":{"Dur\u00e9e de lecture estim\u00e9e":"1 minute"},"schema":{"@context":"https:\/\/schema.org","@graph":[{"@type":"WebPage","@id":"https:\/\/dev-durable.agglo-larochelle.fr\/2022\/une-agglo-creative\/transition-ecologique\/acquisition-de-terres-agricoles-pour-le-developpement-dune-agriculture-de-proximite\/","url":"https:\/\/dev-durable.agglo-larochelle.fr\/2022\/une-agglo-creative\/transition-ecologique\/acquisition-de-terres-agricoles-pour-le-developpement-dune-agriculture-de-proximite\/","name":"Le Projet Alimentaire de Territoire (PAT) \u00e9tablit une veille fonci\u00e8re pour prot\u00e9ger les terres agricoles d\u2019int\u00e9r\u00eat - Rapport du d\u00e9veloppement durable","isPartOf":{"@id":"https:\/\/dev-durable.agglo-larochelle.fr\/2022\/#website"},"datePublished":"2019-12-03T13:02:13+00:00","dateModified":"2022-12-09T14:09:05+00:00","breadcrumb":{"@id":"https:\/\/dev-durable.agglo-larochelle.fr\/2022\/une-agglo-creative\/transition-ecologique\/acquisition-de-terres-agricoles-pour-le-developpement-dune-agriculture-de-proximite\/#breadcrumb"},"inLanguage":"fr-FR","potentialAction":[{"@type":"ReadAction","target":["https:\/\/dev-durable.agglo-larochelle.fr\/2022\/une-agglo-creative\/transition-ecologique\/acquisition-de-terres-agricoles-pour-le-developpement-dune-agriculture-de-proximite\/"]}]},{"@type":"BreadcrumbList","@id":"https:\/\/dev-durable.agglo-larochelle.fr\/2022\/une-agglo-creative\/transition-ecologique\/acquisition-de-terres-agricoles-pour-le-developpement-dune-agriculture-de-proximite\/#breadcrumb","itemListElement":[{"@type":"ListItem","position":1,"name":"Accueil","item":"https:\/\/dev-durable.agglo-larochelle.fr\/2022\/"},{"@type":"ListItem","position":2,"name":"Une Agglo cr\u00e9ative","item":"https:\/\/dev-durable.agglo-larochelle.fr\/2022\/une-agglo-creative\/"},{"@type":"ListItem","position":3,"name":"Transition \u00e9cologique","item":"https:\/\/dev-durable.agglo-larochelle.fr\/2022\/une-agglo-creative\/transition-ecologique\/"},{"@type":"ListItem","position":4,"name":"Le Projet Alimentaire de Territoire (PAT) \u00e9tablit une veille fonci\u00e8re pour prot\u00e9ger les terres agricoles d\u2019int\u00e9r\u00eat"}]},{"@type":"WebSite","@id":"https:\/\/dev-durable.agglo-larochelle.fr\/2022\/#website","url":"https:\/\/dev-durable.agglo-larochelle.fr\/2022\/","name":"Rapport du d\u00e9veloppement durable - 2022","description":"Rapport 2022 du d\u00e9veloppement durable","alternateName":"Communaut\u00e9 d'Agglom\u00e9ration de La Rochelle","potentialAction":[{"@type":"SearchAction","target":{"@type":"EntryPoint","urlTemplate":"https:\/\/dev-durable.agglo-larochelle.fr\/2022\/?s={search_term_string}"},"query-input":"required name=search_term_string"}],"inLanguage":"fr-FR"}]}},"_links":{"self":[{"href":"https:\/\/dev-durable.agglo-larochelle.fr\/2022\/wp-json\/wp\/v2\/pages\/895"}],"collection":[{"href":"https:\/\/dev-durable.agglo-larochelle.fr\/2022\/wp-json\/wp\/v2\/pages"}],"about":[{"href":"https:\/\/dev-durable.agglo-larochelle.fr\/2022\/wp-json\/wp\/v2\/types\/page"}],"author":[{"embeddable":true,"href":"https:\/\/dev-durable.agglo-larochelle.fr\/2022\/wp-json\/wp\/v2\/users\/1"}],"replies":[{"embeddable":true,"href":"https:\/\/dev-durable.agglo-larochelle.fr\/2022\/wp-json\/wp\/v2\/comments?post=895"}],"version-history":[{"count":12,"href":"https:\/\/dev-durable.agglo-larochelle.fr\/2022\/wp-json\/wp\/v2\/pages\/895\/revisions"}],"predecessor-version":[{"id":2962,"href":"https:\/\/dev-durable.agglo-larochelle.fr\/2022\/wp-json\/wp\/v2\/pages\/895\/revisions\/2962"}],"up":[{"embeddable":true,"href":"https:\/\/dev-durable.agglo-larochelle.fr\/2022\/wp-json\/wp\/v2\/pages\/272"}],"wp:featuredmedia":[{"embeddable":true,"href":"https:\/\/dev-durable.agglo-larochelle.fr\/2022\/wp-json\/wp\/v2\/media\/2908"}],"wp:attachment":[{"href":"https:\/\/dev-durable.agglo-larochelle.fr\/2022\/wp-json\/wp\/v2\/media?parent=895"}],"curies":[{"name":"wp","href":"https:\/\/api.w.org\/{rel}","templated":true}]}}