{"id":897,"date":"2019-12-03T14:02:51","date_gmt":"2019-12-03T13:02:51","guid":{"rendered":"https:\/\/dev-durable.agglo-larochelle.fr\/20226.0.2\/?page_id=897"},"modified":"2022-12-05T17:30:58","modified_gmt":"2022-12-05T16:30:58","slug":"forum-participatif-des-acteurs-de-la-transition","status":"publish","type":"page","link":"https:\/\/dev-durable.agglo-larochelle.fr\/2022\/une-agglo-creative\/gouvernance-et-animation-du-territoire\/forum-participatif-des-acteurs-de-la-transition\/","title":{"rendered":"Le dialogue au c\u0153ur de la d\u00e9marche de r\u00e9duction de l\u2019exposition aux pesticides"},"content":{"rendered":"\n<p><strong>Une action de m\u00e9diation de projets est entreprise afin de faciliter les \u00e9changes entre les agriculteurs et les habitants, avec le souci commun de r\u00e9duire l\u2019exposition aux pesticides.<\/strong><\/p>\n<p>Cette action fait partie d\u2019un programme d\u2019actions d\u00e9velopp\u00e9 avec la Chambre d\u2019Agriculture dans le cadre du Plan R\u00e9gional Sant\u00e9 Environnement. Cette volont\u00e9 de recr\u00e9er un dialogue a pour objectif d\u2019initier un programme d\u2019actions concert\u00e9es \u00e0 l\u2019\u00e9chelle de cinq communes de l\u2019agglom\u00e9ration (1\u00e8re zone d\u2019exp\u00e9rimentation), pour diminuer l\u2019utilisation des produits phytosanitaires en p\u00e9riph\u00e9rie de zones urbanis\u00e9es, accompagner les acteurs par une meilleure connaissance des pratiques des impacts sur la sant\u00e9 et donner une meilleure appr\u00e9hension du risque. En parall\u00e8le, deux autres actions sont envisag\u00e9es : le d\u00e9ploiement d\u2019une application pour favoriser la proximit\u00e9 entre agriculteurs et riverains et un travail sur la mise en place d\u2019un assolement vertueux par les agriculteurs volontaires. La situation des pesticides dans l\u2019air de la Plaine de l\u2019Aunis a fait l\u2019objet d\u2019une pr\u00e9sentation publique de l\u2019\u00e9tude ATMO organis\u00e9e \u00e0 Montroy en septembre 2022, en pr\u00e9sence d\u2019experts sur la question.<\/p>\n","protected":false},"excerpt":{"rendered":"<p>Une action de m\u00e9diation de projets est entreprise afin de faciliter les \u00e9changes entre les agriculteurs et les habitants, avec le souci commun de r\u00e9duire l\u2019exposition aux pesticides. Cette action fait partie d\u2019un programme d\u2019actions d\u00e9velopp\u00e9 avec la Chambre d\u2019Agriculture dans le cadre du Plan R\u00e9gional Sant\u00e9 Environnement. Cette volont\u00e9 de recr\u00e9er un dialogue a [&hellip;]<\/p>\n","protected":false},"author":1,"featured_media":1947,"parent":289,"menu_order":1,"comment_status":"closed","ping_status":"closed","template":"page-sous-partie.php","meta":[],"acf":[],"yoast_head":"<!-- This site is optimized with the Yoast SEO plugin v19.12 - https:\/\/yoast.com\/wordpress\/plugins\/seo\/ -->\n<title>Le dialogue au c\u0153ur de la d\u00e9marche de r\u00e9duction de l\u2019exposition aux pesticides - Rapport du d\u00e9veloppement durable<\/title>\n<meta name=\"robots\" content=\"index, follow, max-snippet:-1, max-image-preview:large, max-video-preview:-1\" \/>\n<link rel=\"canonical\" href=\"https:\/\/dev-durable.agglo-larochelle.fr\/2022\/une-agglo-creative\/gouvernance-et-animation-du-territoire\/forum-participatif-des-acteurs-de-la-transition\/\" \/>\n<meta property=\"og:locale\" content=\"fr_FR\" \/>\n<meta property=\"og:type\" content=\"article\" \/>\n<meta property=\"og:title\" content=\"Le dialogue au c\u0153ur de la d\u00e9marche de r\u00e9duction de l\u2019exposition aux pesticides - Rapport du d\u00e9veloppement durable\" \/>\n<meta property=\"og:description\" content=\"Une action de m\u00e9diation de projets est entreprise afin de faciliter les \u00e9changes entre les agriculteurs et les habitants, avec le souci commun de r\u00e9duire l\u2019exposition aux pesticides. Cette action fait partie d\u2019un programme d\u2019actions d\u00e9velopp\u00e9 avec la Chambre d\u2019Agriculture dans le cadre du Plan R\u00e9gional Sant\u00e9 Environnement. Cette volont\u00e9 de recr\u00e9er un dialogue a [&hellip;]\" \/>\n<meta property=\"og:url\" content=\"https:\/\/dev-durable.agglo-larochelle.fr\/2022\/une-agglo-creative\/gouvernance-et-animation-du-territoire\/forum-participatif-des-acteurs-de-la-transition\/\" \/>\n<meta property=\"og:site_name\" content=\"Rapport du d\u00e9veloppement durable\" \/>\n<meta property=\"article:modified_time\" content=\"2022-12-05T16:30:58+00:00\" \/>\n<meta property=\"og:image\" content=\"https:\/\/dev-durable.agglo-larochelle.fr\/2022\/wp-content\/uploads\/2021\/11\/transition-agro-ecologique_CA_029481.jpg\" \/>\n\t<meta property=\"og:image:width\" content=\"700\" \/>\n\t<meta property=\"og:image:height\" content=\"466\" \/>\n\t<meta property=\"og:image:type\" content=\"image\/jpeg\" \/>\n<meta name=\"twitter:card\" content=\"summary_large_image\" \/>\n<meta name=\"twitter:label1\" content=\"Dur\u00e9e de lecture estim\u00e9e\" \/>\n\t<meta name=\"twitter:data1\" content=\"1 minute\" \/>\n<script type=\"application\/ld+json\" class=\"yoast-schema-graph\">{\"@context\":\"https:\/\/schema.org\",\"@graph\":[{\"@type\":\"WebPage\",\"@id\":\"https:\/\/dev-durable.agglo-larochelle.fr\/2022\/une-agglo-creative\/gouvernance-et-animation-du-territoire\/forum-participatif-des-acteurs-de-la-transition\/\",\"url\":\"https:\/\/dev-durable.agglo-larochelle.fr\/2022\/une-agglo-creative\/gouvernance-et-animation-du-territoire\/forum-participatif-des-acteurs-de-la-transition\/\",\"name\":\"Le dialogue au c\u0153ur de la d\u00e9marche de r\u00e9duction de l\u2019exposition aux pesticides - Rapport du d\u00e9veloppement durable\",\"isPartOf\":{\"@id\":\"https:\/\/dev-durable.agglo-larochelle.fr\/2022\/#website\"},\"datePublished\":\"2019-12-03T13:02:51+00:00\",\"dateModified\":\"2022-12-05T16:30:58+00:00\",\"breadcrumb\":{\"@id\":\"https:\/\/dev-durable.agglo-larochelle.fr\/2022\/une-agglo-creative\/gouvernance-et-animation-du-territoire\/forum-participatif-des-acteurs-de-la-transition\/#breadcrumb\"},\"inLanguage\":\"fr-FR\",\"potentialAction\":[{\"@type\":\"ReadAction\",\"target\":[\"https:\/\/dev-durable.agglo-larochelle.fr\/2022\/une-agglo-creative\/gouvernance-et-animation-du-territoire\/forum-participatif-des-acteurs-de-la-transition\/\"]}]},{\"@type\":\"BreadcrumbList\",\"@id\":\"https:\/\/dev-durable.agglo-larochelle.fr\/2022\/une-agglo-creative\/gouvernance-et-animation-du-territoire\/forum-participatif-des-acteurs-de-la-transition\/#breadcrumb\",\"itemListElement\":[{\"@type\":\"ListItem\",\"position\":1,\"name\":\"Accueil\",\"item\":\"https:\/\/dev-durable.agglo-larochelle.fr\/2022\/\"},{\"@type\":\"ListItem\",\"position\":2,\"name\":\"Une Agglo cr\u00e9ative\",\"item\":\"https:\/\/dev-durable.agglo-larochelle.fr\/2022\/une-agglo-creative\/\"},{\"@type\":\"ListItem\",\"position\":3,\"name\":\"Gouvernance et animation du territoire\",\"item\":\"https:\/\/dev-durable.agglo-larochelle.fr\/2022\/une-agglo-creative\/gouvernance-et-animation-du-territoire\/\"},{\"@type\":\"ListItem\",\"position\":4,\"name\":\"Le dialogue au c\u0153ur de la d\u00e9marche de r\u00e9duction de l\u2019exposition aux pesticides\"}]},{\"@type\":\"WebSite\",\"@id\":\"https:\/\/dev-durable.agglo-larochelle.fr\/2022\/#website\",\"url\":\"https:\/\/dev-durable.agglo-larochelle.fr\/2022\/\",\"name\":\"Rapport du d\u00e9veloppement durable - 2022\",\"description\":\"Rapport 2022 du d\u00e9veloppement durable\",\"alternateName\":\"Communaut\u00e9 d'Agglom\u00e9ration de La Rochelle\",\"potentialAction\":[{\"@type\":\"SearchAction\",\"target\":{\"@type\":\"EntryPoint\",\"urlTemplate\":\"https:\/\/dev-durable.agglo-larochelle.fr\/2022\/?s={search_term_string}\"},\"query-input\":\"required name=search_term_string\"}],\"inLanguage\":\"fr-FR\"}]}<\/script>\n<!-- \/ Yoast SEO plugin. -->","yoast_head_json":{"title":"Le dialogue au c\u0153ur de la d\u00e9marche de r\u00e9duction de l\u2019exposition aux pesticides - Rapport du d\u00e9veloppement durable","robots":{"index":"index","follow":"follow","max-snippet":"max-snippet:-1","max-image-preview":"max-image-preview:large","max-video-preview":"max-video-preview:-1"},"canonical":"https:\/\/dev-durable.agglo-larochelle.fr\/2022\/une-agglo-creative\/gouvernance-et-animation-du-territoire\/forum-participatif-des-acteurs-de-la-transition\/","og_locale":"fr_FR","og_type":"article","og_title":"Le dialogue au c\u0153ur de la d\u00e9marche de r\u00e9duction de l\u2019exposition aux pesticides - Rapport du d\u00e9veloppement durable","og_description":"Une action de m\u00e9diation de projets est entreprise afin de faciliter les \u00e9changes entre les agriculteurs et les habitants, avec le souci commun de r\u00e9duire l\u2019exposition aux pesticides. Cette action fait partie d\u2019un programme d\u2019actions d\u00e9velopp\u00e9 avec la Chambre d\u2019Agriculture dans le cadre du Plan R\u00e9gional Sant\u00e9 Environnement. Cette volont\u00e9 de recr\u00e9er un dialogue a [&hellip;]","og_url":"https:\/\/dev-durable.agglo-larochelle.fr\/2022\/une-agglo-creative\/gouvernance-et-animation-du-territoire\/forum-participatif-des-acteurs-de-la-transition\/","og_site_name":"Rapport du d\u00e9veloppement durable","article_modified_time":"2022-12-05T16:30:58+00:00","og_image":[{"width":700,"height":466,"url":"https:\/\/dev-durable.agglo-larochelle.fr\/2022\/wp-content\/uploads\/2021\/11\/transition-agro-ecologique_CA_029481.jpg","type":"image\/jpeg"}],"twitter_card":"summary_large_image","twitter_misc":{"Dur\u00e9e de lecture estim\u00e9e":"1 minute"},"schema":{"@context":"https:\/\/schema.org","@graph":[{"@type":"WebPage","@id":"https:\/\/dev-durable.agglo-larochelle.fr\/2022\/une-agglo-creative\/gouvernance-et-animation-du-territoire\/forum-participatif-des-acteurs-de-la-transition\/","url":"https:\/\/dev-durable.agglo-larochelle.fr\/2022\/une-agglo-creative\/gouvernance-et-animation-du-territoire\/forum-participatif-des-acteurs-de-la-transition\/","name":"Le dialogue au c\u0153ur de la d\u00e9marche de r\u00e9duction de l\u2019exposition aux pesticides - Rapport du d\u00e9veloppement durable","isPartOf":{"@id":"https:\/\/dev-durable.agglo-larochelle.fr\/2022\/#website"},"datePublished":"2019-12-03T13:02:51+00:00","dateModified":"2022-12-05T16:30:58+00:00","breadcrumb":{"@id":"https:\/\/dev-durable.agglo-larochelle.fr\/2022\/une-agglo-creative\/gouvernance-et-animation-du-territoire\/forum-participatif-des-acteurs-de-la-transition\/#breadcrumb"},"inLanguage":"fr-FR","potentialAction":[{"@type":"ReadAction","target":["https:\/\/dev-durable.agglo-larochelle.fr\/2022\/une-agglo-creative\/gouvernance-et-animation-du-territoire\/forum-participatif-des-acteurs-de-la-transition\/"]}]},{"@type":"BreadcrumbList","@id":"https:\/\/dev-durable.agglo-larochelle.fr\/2022\/une-agglo-creative\/gouvernance-et-animation-du-territoire\/forum-participatif-des-acteurs-de-la-transition\/#breadcrumb","itemListElement":[{"@type":"ListItem","position":1,"name":"Accueil","item":"https:\/\/dev-durable.agglo-larochelle.fr\/2022\/"},{"@type":"ListItem","position":2,"name":"Une Agglo cr\u00e9ative","item":"https:\/\/dev-durable.agglo-larochelle.fr\/2022\/une-agglo-creative\/"},{"@type":"ListItem","position":3,"name":"Gouvernance et animation du territoire","item":"https:\/\/dev-durable.agglo-larochelle.fr\/2022\/une-agglo-creative\/gouvernance-et-animation-du-territoire\/"},{"@type":"ListItem","position":4,"name":"Le dialogue au c\u0153ur de la d\u00e9marche de r\u00e9duction de l\u2019exposition aux pesticides"}]},{"@type":"WebSite","@id":"https:\/\/dev-durable.agglo-larochelle.fr\/2022\/#website","url":"https:\/\/dev-durable.agglo-larochelle.fr\/2022\/","name":"Rapport du d\u00e9veloppement durable - 2022","description":"Rapport 2022 du d\u00e9veloppement durable","alternateName":"Communaut\u00e9 d'Agglom\u00e9ration de La Rochelle","potentialAction":[{"@type":"SearchAction","target":{"@type":"EntryPoint","urlTemplate":"https:\/\/dev-durable.agglo-larochelle.fr\/2022\/?s={search_term_string}"},"query-input":"required name=search_term_string"}],"inLanguage":"fr-FR"}]}},"_links":{"self":[{"href":"https:\/\/dev-durable.agglo-larochelle.fr\/2022\/wp-json\/wp\/v2\/pages\/897"}],"collection":[{"href":"https:\/\/dev-durable.agglo-larochelle.fr\/2022\/wp-json\/wp\/v2\/pages"}],"about":[{"href":"https:\/\/dev-durable.agglo-larochelle.fr\/2022\/wp-json\/wp\/v2\/types\/page"}],"author":[{"embeddable":true,"href":"https:\/\/dev-durable.agglo-larochelle.fr\/2022\/wp-json\/wp\/v2\/users\/1"}],"replies":[{"embeddable":true,"href":"https:\/\/dev-durable.agglo-larochelle.fr\/2022\/wp-json\/wp\/v2\/comments?post=897"}],"version-history":[{"count":10,"href":"https:\/\/dev-durable.agglo-larochelle.fr\/2022\/wp-json\/wp\/v2\/pages\/897\/revisions"}],"predecessor-version":[{"id":2644,"href":"https:\/\/dev-durable.agglo-larochelle.fr\/2022\/wp-json\/wp\/v2\/pages\/897\/revisions\/2644"}],"up":[{"embeddable":true,"href":"https:\/\/dev-durable.agglo-larochelle.fr\/2022\/wp-json\/wp\/v2\/pages\/289"}],"wp:featuredmedia":[{"embeddable":true,"href":"https:\/\/dev-durable.agglo-larochelle.fr\/2022\/wp-json\/wp\/v2\/media\/1947"}],"wp:attachment":[{"href":"https:\/\/dev-durable.agglo-larochelle.fr\/2022\/wp-json\/wp\/v2\/media?parent=897"}],"curies":[{"name":"wp","href":"https:\/\/api.w.org\/{rel}","templated":true}]}}