{"id":156,"date":"2018-10-17T11:45:57","date_gmt":"2018-10-17T09:45:57","guid":{"rendered":"https:\/\/dev-durable.agglo-larochelle.fr\/20236.0.2\/?page_id=156"},"modified":"2022-11-22T16:30:16","modified_gmt":"2022-11-22T15:30:16","slug":"transition-economique","status":"publish","type":"page","link":"https:\/\/dev-durable.agglo-larochelle.fr\/2023\/un-territoire-creative\/transition-economique\/","title":{"rendered":"Transition \u00e9conomique"},"content":{"rendered":"<p><strong>L\u2019Agglom\u00e9ration cr\u00e9e les conditions d\u2019une transition optimale aupr\u00e8s de ses partenaires et des acteurs \u00e9conomiques. En encourageant et en soutenant les projets durables, elle concourt \u00e0 faire du territoire un territoire engag\u00e9 pour la transition \u00e9cologique.<\/strong><\/p>\n","protected":false},"excerpt":{"rendered":"<p>L\u2019Agglom\u00e9ration cr\u00e9e les conditions d\u2019une transition optimale aupr\u00e8s de ses partenaires et des acteurs \u00e9conomiques. En encourageant et en soutenant les projets durables, elle concourt \u00e0 faire du territoire un territoire engag\u00e9 pour la transition \u00e9cologique.<\/p>\n","protected":false},"author":1,"featured_media":0,"parent":7,"menu_order":3,"comment_status":"closed","ping_status":"closed","template":"page-sous-partie.php","meta":{"inline_featured_image":false,"footnotes":""},"categories":[],"tags":[],"acf":[],"_links":{"self":[{"href":"https:\/\/dev-durable.agglo-larochelle.fr\/2023\/wp-json\/wp\/v2\/pages\/156"}],"collection":[{"href":"https:\/\/dev-durable.agglo-larochelle.fr\/2023\/wp-json\/wp\/v2\/pages"}],"about":[{"href":"https:\/\/dev-durable.agglo-larochelle.fr\/2023\/wp-json\/wp\/v2\/types\/page"}],"author":[{"embeddable":true,"href":"https:\/\/dev-durable.agglo-larochelle.fr\/2023\/wp-json\/wp\/v2\/users\/1"}],"replies":[{"embeddable":true,"href":"https:\/\/dev-durable.agglo-larochelle.fr\/2023\/wp-json\/wp\/v2\/comments?post=156"}],"version-history":[{"count":7,"href":"https:\/\/dev-durable.agglo-larochelle.fr\/2023\/wp-json\/wp\/v2\/pages\/156\/revisions"}],"predecessor-version":[{"id":2616,"href":"https:\/\/dev-durable.agglo-larochelle.fr\/2023\/wp-json\/wp\/v2\/pages\/156\/revisions\/2616"}],"up":[{"embeddable":true,"href":"https:\/\/dev-durable.agglo-larochelle.fr\/2023\/wp-json\/wp\/v2\/pages\/7"}],"wp:attachment":[{"href":"https:\/\/dev-durable.agglo-larochelle.fr\/2023\/wp-json\/wp\/v2\/media?parent=156"}],"wp:term":[{"taxonomy":"category","embeddable":true,"href":"https:\/\/dev-durable.agglo-larochelle.fr\/2023\/wp-json\/wp\/v2\/categories?post=156"},{"taxonomy":"post_tag","embeddable":true,"href":"https:\/\/dev-durable.agglo-larochelle.fr\/2023\/wp-json\/wp\/v2\/tags?post=156"}],"curies":[{"name":"wp","href":"https:\/\/api.w.org\/{rel}","templated":true}]}}

Transition économique

<p><strong>L’Agglomération crée les conditions d’une transition optimale auprès de ses partenaires et des acteurs économiques. En encourageant et en soutenant les projets durables, elle concourt à faire du territoire un territoire engagé pour la transition écologique.</strong></p>

<p>L’Agglomération crée les conditions d’une transition optimale auprès de ses partenaires et des acteurs économiques. En encourageant et en soutenant les projets durables, elle concourt à faire du territoire un territoire engagé pour la transition écologique.</p>
