{"id":1878,"date":"2021-11-25T09:17:20","date_gmt":"2021-11-25T08:17:20","guid":{"rendered":"https:\/\/dev-durable.agglo-larochelle.fr\/20236.0.2\/?page_id=1878"},"modified":"2023-12-11T17:35:56","modified_gmt":"2023-12-11T16:35:56","slug":"mise-en-place-dun-appel-a-manifestation-dinteret-sur-des-projets-agricoles-a-lagord","status":"publish","type":"page","link":"https:\/\/dev-durable.agglo-larochelle.fr\/2023\/un-territoire-creative\/amenagement\/mise-en-place-dun-appel-a-manifestation-dinteret-sur-des-projets-agricoles-a-lagord\/","title":{"rendered":"Mise en place d\u2019un Appel \u00e0 Manifestation d\u2019Int\u00e9r\u00eat sur des projets agricoles \u00e0 Lagord"},"content":{"rendered":"\n<p><strong>Afin d\u2019accro\u00eetre l\u2019autonomie et la r\u00e9silience alimentaires du territoire, l\u2019Agglom\u00e9ration et ses partenaires du Projet Alimentaire de Territoire (PAT) se sont engag\u00e9s dans une d\u00e9marche de ma\u00eetrise fonci\u00e8re, en vue de faciliter les projets d\u2019installation de nouveaux agriculteurs. <\/strong><\/p>\n<p class=\"Standard\" style=\"text-align: left;\">Un nouvel Appel \u00e0 Manifestation d\u2019Int\u00e9r\u00eat (AMI) est \u00e0 ce titre propos\u00e9 \u00e0 Lagord et Puilboreau, portant sur plusieurs fonciers communautaires et priv\u00e9s, avec pour objectif de faire \u00e9merger des projets ax\u00e9s notamment sur la mutualisation du b\u00e2ti, le d\u00e9veloppement des cultures vivri\u00e8res, la r\u00e9flexion sur les impacts environnementaux et la rencontre entre le monde rural et la ville. La consultation pour cet AMI a fait l\u2019objet d\u2019un important travail de pr\u00e9paration, afin d\u2019en garantir le succ\u00e8s. Cet AMI a notamment \u00e9t\u00e9 pr\u00e9sent\u00e9 aux 48 heures de l\u2019Agriculture urbaine et lors de deux ateliers pour permettre aux porteurs de projet de mieux comprendre les attendus, les diff\u00e9rents terrains et leurs contraintes et offrir un espace de travail pour imaginer des synergies entre eux. La consultation s\u2019est d\u00e9roul\u00e9e cet \u00e9t\u00e9 et six candidats ont formul\u00e9 des offres pour du mara\u00eechage, des plantes aromatiques et m\u00e9dicinales, de l\u2019apiculture, de la gestion du compost, ou des cultures atypiques. Ces dossiers sont en cours d\u2019analyses par le comit\u00e9 de s\u00e9lection.<\/p>\n","protected":false},"excerpt":{"rendered":"<p>Afin d\u2019accro\u00eetre l\u2019autonomie et la r\u00e9silience alimentaires du territoire, l\u2019Agglom\u00e9ration et ses partenaires du Projet Alimentaire de Territoire (PAT) se sont engag\u00e9s dans une d\u00e9marche de ma\u00eetrise fonci\u00e8re, en vue de faciliter les projets d\u2019installation de nouveaux agriculteurs. Un nouvel Appel \u00e0 Manifestation d\u2019Int\u00e9r\u00eat (AMI) est \u00e0 ce titre propos\u00e9 \u00e0 Lagord et Puilboreau, portant [&hellip;]<\/p>\n","protected":false},"author":1,"featured_media":3685,"parent":9,"menu_order":1,"comment_status":"closed","ping_status":"closed","template":"page-sous-partie.php","meta":{"inline_featured_image":false,"footnotes":""},"categories":[],"tags":[],"acf":[],"_links":{"self":[{"href":"https:\/\/dev-durable.agglo-larochelle.fr\/2023\/wp-json\/wp\/v2\/pages\/1878"}],"collection":[{"href":"https:\/\/dev-durable.agglo-larochelle.fr\/2023\/wp-json\/wp\/v2\/pages"}],"about":[{"href":"https:\/\/dev-durable.agglo-larochelle.fr\/2023\/wp-json\/wp\/v2\/types\/page"}],"author":[{"embeddable":true,"href":"https:\/\/dev-durable.agglo-larochelle.fr\/2023\/wp-json\/wp\/v2\/users\/1"}],"replies":[{"embeddable":true,"href":"https:\/\/dev-durable.agglo-larochelle.fr\/2023\/wp-json\/wp\/v2\/comments?post=1878"}],"version-history":[{"count":12,"href":"https:\/\/dev-durable.agglo-larochelle.fr\/2023\/wp-json\/wp\/v2\/pages\/1878\/revisions"}],"predecessor-version":[{"id":3686,"href":"https:\/\/dev-durable.agglo-larochelle.fr\/2023\/wp-json\/wp\/v2\/pages\/1878\/revisions\/3686"}],"up":[{"embeddable":true,"href":"https:\/\/dev-durable.agglo-larochelle.fr\/2023\/wp-json\/wp\/v2\/pages\/9"}],"wp:featuredmedia":[{"embeddable":true,"href":"https:\/\/dev-durable.agglo-larochelle.fr\/2023\/wp-json\/wp\/v2\/media\/3685"}],"wp:attachment":[{"href":"https:\/\/dev-durable.agglo-larochelle.fr\/2023\/wp-json\/wp\/v2\/media?parent=1878"}],"wp:term":[{"taxonomy":"category","embeddable":true,"href":"https:\/\/dev-durable.agglo-larochelle.fr\/2023\/wp-json\/wp\/v2\/categories?post=1878"},{"taxonomy":"post_tag","embeddable":true,"href":"https:\/\/dev-durable.agglo-larochelle.fr\/2023\/wp-json\/wp\/v2\/tags?post=1878"}],"curies":[{"name":"wp","href":"https:\/\/api.w.org\/{rel}","templated":true}]}}

Mise en place d’un Appel à Manifestation d’Intérêt sur des projets agricoles à Lagord

<p><strong>Afin d’accroître l’autonomie et la résilience alimentaires du territoire, l’Agglomération et ses partenaires du Projet Alimentaire de Territoire (PAT) se sont engagés dans une démarche de maîtrise foncière, en vue de faciliter les projets d’installation de nouveaux agriculteurs. </strong></p>
<p class="Standard" style="text-align: left;">Un nouvel Appel à Manifestation d’Intérêt (AMI) est à ce titre proposé à Lagord et Puilboreau, portant sur plusieurs fonciers communautaires et privés, avec pour objectif de faire émerger des projets axés notamment sur la mutualisation du bâti, le développement des cultures vivrières, la réflexion sur les impacts environnementaux et la rencontre entre le monde rural et la ville. La consultation pour cet AMI a fait l’objet d’un important travail de préparation, afin d’en garantir le succès. Cet AMI a notamment été présenté aux 48 heures de l’Agriculture urbaine et lors de deux ateliers pour permettre aux porteurs de projet de mieux comprendre les attendus, les différents terrains et leurs contraintes et offrir un espace de travail pour imaginer des synergies entre eux. La consultation s’est déroulée cet été et six candidats ont formulé des offres pour du maraîchage, des plantes aromatiques et médicinales, de l’apiculture, de la gestion du compost, ou des cultures atypiques. Ces dossiers sont en cours d’analyses par le comité de sélection.</p>

<p>Afin d’accroître l’autonomie et la résilience alimentaires du territoire, l’Agglomération et ses partenaires du Projet Alimentaire de Territoire (PAT) se sont engagés dans une démarche de maîtrise foncière, en vue de faciliter les projets d’installation de nouveaux agriculteurs. Un nouvel Appel à Manifestation d’Intérêt (AMI) est à ce titre proposé à Lagord et Puilboreau, portant [&hellip;]</p>
