{"id":2564,"date":"2022-11-21T17:10:30","date_gmt":"2022-11-21T16:10:30","guid":{"rendered":"https:\/\/dev-durable.agglo-larochelle.fr\/2023\/?page_id=2564"},"modified":"2023-11-21T09:32:41","modified_gmt":"2023-11-21T08:32:41","slug":"mobilite","status":"publish","type":"page","link":"https:\/\/dev-durable.agglo-larochelle.fr\/2023\/un-territoire-creative\/mobilite\/","title":{"rendered":"Mobilit\u00e9"},"content":{"rendered":"<p><strong>Le secteur de la mobilit\u00e9 constitue un levier d\u2019actions essentiel pour parvenir \u00e0 la transition. Qu\u2019il s&rsquo;agisse des d\u00e9placements \u201cintra\u201d domicile-travail, ou de flux traversant le territoire, il est n\u00e9cessaire d\u2019agir pour r\u00e9duire les impacts. A l\u2019\u00e9chelle de l\u2019Agglom\u00e9ration, des solutions sont mises en \u0153uvre pour que le transport limite ses \u00e9missions.<\/strong><\/p>\n","protected":false},"excerpt":{"rendered":"<p>Le secteur de la mobilit\u00e9 constitue un levier d\u2019actions essentiel pour parvenir \u00e0 la transition. Qu\u2019il s&rsquo;agisse des d\u00e9placements \u201cintra\u201d domicile-travail, ou de flux traversant le territoire, il est n\u00e9cessaire d\u2019agir pour r\u00e9duire les impacts. A l\u2019\u00e9chelle de l\u2019Agglom\u00e9ration, des solutions sont mises en \u0153uvre pour que le transport limite ses \u00e9missions.<\/p>\n","protected":false},"author":1,"featured_media":2150,"parent":7,"menu_order":5,"comment_status":"closed","ping_status":"closed","template":"page-sous-partie.php","meta":{"inline_featured_image":false,"footnotes":""},"categories":[],"tags":[],"acf":[],"_links":{"self":[{"href":"https:\/\/dev-durable.agglo-larochelle.fr\/2023\/wp-json\/wp\/v2\/pages\/2564"}],"collection":[{"href":"https:\/\/dev-durable.agglo-larochelle.fr\/2023\/wp-json\/wp\/v2\/pages"}],"about":[{"href":"https:\/\/dev-durable.agglo-larochelle.fr\/2023\/wp-json\/wp\/v2\/types\/page"}],"author":[{"embeddable":true,"href":"https:\/\/dev-durable.agglo-larochelle.fr\/2023\/wp-json\/wp\/v2\/users\/1"}],"replies":[{"embeddable":true,"href":"https:\/\/dev-durable.agglo-larochelle.fr\/2023\/wp-json\/wp\/v2\/comments?post=2564"}],"version-history":[{"count":2,"href":"https:\/\/dev-durable.agglo-larochelle.fr\/2023\/wp-json\/wp\/v2\/pages\/2564\/revisions"}],"predecessor-version":[{"id":2636,"href":"https:\/\/dev-durable.agglo-larochelle.fr\/2023\/wp-json\/wp\/v2\/pages\/2564\/revisions\/2636"}],"up":[{"embeddable":true,"href":"https:\/\/dev-durable.agglo-larochelle.fr\/2023\/wp-json\/wp\/v2\/pages\/7"}],"wp:featuredmedia":[{"embeddable":true,"href":"https:\/\/dev-durable.agglo-larochelle.fr\/2023\/wp-json\/wp\/v2\/media\/2150"}],"wp:attachment":[{"href":"https:\/\/dev-durable.agglo-larochelle.fr\/2023\/wp-json\/wp\/v2\/media?parent=2564"}],"wp:term":[{"taxonomy":"category","embeddable":true,"href":"https:\/\/dev-durable.agglo-larochelle.fr\/2023\/wp-json\/wp\/v2\/categories?post=2564"},{"taxonomy":"post_tag","embeddable":true,"href":"https:\/\/dev-durable.agglo-larochelle.fr\/2023\/wp-json\/wp\/v2\/tags?post=2564"}],"curies":[{"name":"wp","href":"https:\/\/api.w.org\/{rel}","templated":true}]}}

Mobilité

<p><strong>Le secteur de la mobilité constitue un levier d’actions essentiel pour parvenir à la transition. Qu’il s&rsquo;agisse des déplacements “intra” domicile-travail, ou de flux traversant le territoire, il est nécessaire d’agir pour réduire les impacts. A l’échelle de l’Agglomération, des solutions sont mises en œuvre pour que le transport limite ses émissions.</strong></p>

<p>Le secteur de la mobilité constitue un levier d’actions essentiel pour parvenir à la transition. Qu’il s&rsquo;agisse des déplacements “intra” domicile-travail, ou de flux traversant le territoire, il est nécessaire d’agir pour réduire les impacts. A l’échelle de l’Agglomération, des solutions sont mises en œuvre pour que le transport limite ses émissions.</p>
