{"id":2845,"date":"2022-11-24T10:12:35","date_gmt":"2022-11-24T09:12:35","guid":{"rendered":"https:\/\/dev-durable.agglo-larochelle.fr\/2023\/?page_id=2845"},"modified":"2023-11-21T15:00:34","modified_gmt":"2023-11-21T14:00:34","slug":"cooperations-decentralisees","status":"publish","type":"page","link":"https:\/\/dev-durable.agglo-larochelle.fr\/2023\/un-territoire-de-cooperations\/cooperations-decentralisees\/","title":{"rendered":"Coop\u00e9rations d\u00e9centralis\u00e9es"},"content":{"rendered":"\n<p><strong>La Ville et l\u2019Agglom\u00e9ration de La Rochelle partagent leur exp\u00e9rience, leurs savoir-faire, leur expertise \u00e0 l\u2019international, dans des programmes de coop\u00e9ration, en mati\u00e8re d\u2019acc\u00e8s \u00e0 l\u2019eau potable, d\u2019urbanisme ou encore de formation. Des actions culturelles sont \u00e9galement men\u00e9es.<\/strong><\/p>\n","protected":false},"excerpt":{"rendered":"<p>La Ville et l\u2019Agglom\u00e9ration de La Rochelle partagent leur exp\u00e9rience, leurs savoir-faire, leur expertise \u00e0 l\u2019international, dans des programmes de coop\u00e9ration, en mati\u00e8re d\u2019acc\u00e8s \u00e0 l\u2019eau potable, d\u2019urbanisme ou encore de formation. Des actions culturelles sont \u00e9galement men\u00e9es.<\/p>\n","protected":false},"author":1,"featured_media":0,"parent":2812,"menu_order":3,"comment_status":"closed","ping_status":"closed","template":"page-sous-partie.php","meta":{"inline_featured_image":false,"footnotes":""},"categories":[],"tags":[],"acf":[],"_links":{"self":[{"href":"https:\/\/dev-durable.agglo-larochelle.fr\/2023\/wp-json\/wp\/v2\/pages\/2845"}],"collection":[{"href":"https:\/\/dev-durable.agglo-larochelle.fr\/2023\/wp-json\/wp\/v2\/pages"}],"about":[{"href":"https:\/\/dev-durable.agglo-larochelle.fr\/2023\/wp-json\/wp\/v2\/types\/page"}],"author":[{"embeddable":true,"href":"https:\/\/dev-durable.agglo-larochelle.fr\/2023\/wp-json\/wp\/v2\/users\/1"}],"replies":[{"embeddable":true,"href":"https:\/\/dev-durable.agglo-larochelle.fr\/2023\/wp-json\/wp\/v2\/comments?post=2845"}],"version-history":[{"count":3,"href":"https:\/\/dev-durable.agglo-larochelle.fr\/2023\/wp-json\/wp\/v2\/pages\/2845\/revisions"}],"predecessor-version":[{"id":3331,"href":"https:\/\/dev-durable.agglo-larochelle.fr\/2023\/wp-json\/wp\/v2\/pages\/2845\/revisions\/3331"}],"up":[{"embeddable":true,"href":"https:\/\/dev-durable.agglo-larochelle.fr\/2023\/wp-json\/wp\/v2\/pages\/2812"}],"wp:attachment":[{"href":"https:\/\/dev-durable.agglo-larochelle.fr\/2023\/wp-json\/wp\/v2\/media?parent=2845"}],"wp:term":[{"taxonomy":"category","embeddable":true,"href":"https:\/\/dev-durable.agglo-larochelle.fr\/2023\/wp-json\/wp\/v2\/categories?post=2845"},{"taxonomy":"post_tag","embeddable":true,"href":"https:\/\/dev-durable.agglo-larochelle.fr\/2023\/wp-json\/wp\/v2\/tags?post=2845"}],"curies":[{"name":"wp","href":"https:\/\/api.w.org\/{rel}","templated":true}]}}

Coopérations décentralisées

<p><strong>La Ville et l’Agglomération de La Rochelle partagent leur expérience, leurs savoir-faire, leur expertise à l’international, dans des programmes de coopération, en matière d’accès à l’eau potable, d’urbanisme ou encore de formation. Des actions culturelles sont également menées.</strong></p>

<p>La Ville et l’Agglomération de La Rochelle partagent leur expérience, leurs savoir-faire, leur expertise à l’international, dans des programmes de coopération, en matière d’accès à l’eau potable, d’urbanisme ou encore de formation. Des actions culturelles sont également menées.</p>
