{"id":2985,"date":"2023-11-17T14:07:35","date_gmt":"2023-11-17T13:07:35","guid":{"rendered":"https:\/\/dev-durable.agglo-larochelle.fr\/2023\/?page_id=2985"},"modified":"2023-11-21T09:22:48","modified_gmt":"2023-11-21T08:22:48","slug":"la-phase-de-consultation-du-plan-climat-air-energie-territorial-pcaet-est-engagee","status":"publish","type":"page","link":"https:\/\/dev-durable.agglo-larochelle.fr\/2023\/un-territoire-creative\/transition-energetique\/la-phase-de-consultation-du-plan-climat-air-energie-territorial-pcaet-est-engagee\/","title":{"rendered":"La phase de consultation du Plan Climat Air \u00c9nergie Territorial (PCAET) est engag\u00e9e"},"content":{"rendered":"\n<p><strong>Le PCAET est entr\u00e9 dans une nouvelle phase\u00a0: une premi\u00e8re consultation s\u2019est d\u00e9roul\u00e9e en mai et juin, compl\u00e9t\u00e9e par une phase compl\u00e9mentaire d\u2019un mois en ao\u00fbt. La synth\u00e8se et une version finale du PCAET vont \u00eatre pr\u00e9sent\u00e9es au Conseil communautaire.<\/strong><\/p>\n<p>Les Plans Climat Air \u00c9nergie Territoriaux sont des projets territoriaux de d\u00e9veloppement durable \u00e0 caract\u00e8re r\u00e9glementaire dont la port\u00e9e est \u00e0 la fois strat\u00e9gique et op\u00e9rationnelle. L\u2019\u00e9tablissement du PCAET de l\u2019Agglom\u00e9ration, initi\u00e9 en 2017, s\u2019inscrit dans le prolongement des dispositifs engag\u00e9s sur la th\u00e9matique climat-\u00e9nergie en y renfor\u00e7ant le volet \u00ab qualit\u00e9 de l\u2019air \u00bb. Une d\u00e9marche de concertation, impliquant acteurs du territoire et associations de citoyens, a permis de d\u00e9finir les objectifs et le programme d\u2019actions de ce plan. Ce PCAET confirme l\u2019ambition du territoire d\u2019atteindre la neutralit\u00e9 carbone d\u00e8s 2040, soit 10 ans plus t\u00f4t que l\u2019horizon temporel fix\u00e9 par la Strat\u00e9gie Nationale Bas Carbone et d\u2019atteindre le niveau \u00ab Territoire \u00e0 \u00c9nergie Positive \u00bb en 2050.<\/p>\n<p>Le projet de Plan Climat Air Energie Territorial (PCAET) arr\u00eat\u00e9 en mars 2022 a d\u2019abord \u00e9t\u00e9 soumis \u00e0 l\u2019avis des Personnes Publiques Associ\u00e9es (Pr\u00e9fete de R\u00e9gion, R\u00e9gion, Mission R\u00e9gionale de l\u2019Autorit\u00e9 Environnementale) avant d\u2019\u00eatre mis \u00e0 disposition du public au cours de l\u2019\u00e9t\u00e9 2023. 446 contributions ont ainsi \u00e9t\u00e9 re\u00e7ues puis analys\u00e9es pour une \u00e9ventuelle retranscription dans la version finale du PCAET.<\/p>\n","protected":false},"excerpt":{"rendered":"<p>Le PCAET est entr\u00e9 dans une nouvelle phase\u00a0: une premi\u00e8re consultation s\u2019est d\u00e9roul\u00e9e en mai et juin, compl\u00e9t\u00e9e par une phase compl\u00e9mentaire d\u2019un mois en ao\u00fbt. La synth\u00e8se et une version finale du PCAET vont \u00eatre pr\u00e9sent\u00e9es au Conseil communautaire. Les Plans Climat Air \u00c9nergie Territoriaux sont des projets territoriaux de d\u00e9veloppement durable \u00e0 caract\u00e8re [&hellip;]<\/p>\n","protected":false},"author":1,"featured_media":3665,"parent":32,"menu_order":1,"comment_status":"closed","ping_status":"closed","template":"page-sous-partie.php","meta":{"inline_featured_image":false,"footnotes":""},"categories":[],"tags":[9,10,13],"acf":[],"_links":{"self":[{"href":"https:\/\/dev-durable.agglo-larochelle.fr\/2023\/wp-json\/wp\/v2\/pages\/2985"}],"collection":[{"href":"https:\/\/dev-durable.agglo-larochelle.fr\/2023\/wp-json\/wp\/v2\/pages"}],"about":[{"href":"https:\/\/dev-durable.agglo-larochelle.fr\/2023\/wp-json\/wp\/v2\/types\/page"}],"author":[{"embeddable":true,"href":"https:\/\/dev-durable.agglo-larochelle.fr\/2023\/wp-json\/wp\/v2\/users\/1"}],"replies":[{"embeddable":true,"href":"https:\/\/dev-durable.agglo-larochelle.fr\/2023\/wp-json\/wp\/v2\/comments?post=2985"}],"version-history":[{"count":8,"href":"https:\/\/dev-durable.agglo-larochelle.fr\/2023\/wp-json\/wp\/v2\/pages\/2985\/revisions"}],"predecessor-version":[{"id":2994,"href":"https:\/\/dev-durable.agglo-larochelle.fr\/2023\/wp-json\/wp\/v2\/pages\/2985\/revisions\/2994"}],"up":[{"embeddable":true,"href":"https:\/\/dev-durable.agglo-larochelle.fr\/2023\/wp-json\/wp\/v2\/pages\/32"}],"wp:featuredmedia":[{"embeddable":true,"href":"https:\/\/dev-durable.agglo-larochelle.fr\/2023\/wp-json\/wp\/v2\/media\/3665"}],"wp:attachment":[{"href":"https:\/\/dev-durable.agglo-larochelle.fr\/2023\/wp-json\/wp\/v2\/media?parent=2985"}],"wp:term":[{"taxonomy":"category","embeddable":true,"href":"https:\/\/dev-durable.agglo-larochelle.fr\/2023\/wp-json\/wp\/v2\/categories?post=2985"},{"taxonomy":"post_tag","embeddable":true,"href":"https:\/\/dev-durable.agglo-larochelle.fr\/2023\/wp-json\/wp\/v2\/tags?post=2985"}],"curies":[{"name":"wp","href":"https:\/\/api.w.org\/{rel}","templated":true}]}}

La phase de consultation du Plan Climat Air Énergie Territorial (PCAET) est engagée

<p><strong>Le PCAET est entré dans une nouvelle phase : une première consultation s’est déroulée en mai et juin, complétée par une phase complémentaire d’un mois en août. La synthèse et une version finale du PCAET vont être présentées au Conseil communautaire.</strong></p>
<p>Les Plans Climat Air Énergie Territoriaux sont des projets territoriaux de développement durable à caractère réglementaire dont la portée est à la fois stratégique et opérationnelle. L’établissement du PCAET de l’Agglomération, initié en 2017, s’inscrit dans le prolongement des dispositifs engagés sur la thématique climat-énergie en y renforçant le volet « qualité de l’air ». Une démarche de concertation, impliquant acteurs du territoire et associations de citoyens, a permis de définir les objectifs et le programme d’actions de ce plan. Ce PCAET confirme l’ambition du territoire d’atteindre la neutralité carbone dès 2040, soit 10 ans plus tôt que l’horizon temporel fixé par la Stratégie Nationale Bas Carbone et d’atteindre le niveau « Territoire à Énergie Positive » en 2050.</p>
<p>Le projet de Plan Climat Air Energie Territorial (PCAET) arrêté en mars 2022 a d’abord été soumis à l’avis des Personnes Publiques Associées (Préfete de Région, Région, Mission Régionale de l’Autorité Environnementale) avant d’être mis à disposition du public au cours de l’été 2023. 446 contributions ont ainsi été reçues puis analysées pour une éventuelle retranscription dans la version finale du PCAET.</p>

<p>Le PCAET est entré dans une nouvelle phase : une première consultation s’est déroulée en mai et juin, complétée par une phase complémentaire d’un mois en août. La synthèse et une version finale du PCAET vont être présentées au Conseil communautaire. Les Plans Climat Air Énergie Territoriaux sont des projets territoriaux de développement durable à caractère [&hellip;]</p>
