{"id":3013,"date":"2023-11-17T14:46:49","date_gmt":"2023-11-17T13:46:49","guid":{"rendered":"https:\/\/dev-durable.agglo-larochelle.fr\/2023\/?page_id=3013"},"modified":"2023-11-21T09:23:23","modified_gmt":"2023-11-21T08:23:23","slug":"lagglomeration-actualise-sa-strategie-de-developpement-economique-2023-2030","status":"publish","type":"page","link":"https:\/\/dev-durable.agglo-larochelle.fr\/2023\/un-territoire-creative\/transition-economique\/lagglomeration-actualise-sa-strategie-de-developpement-economique-2023-2030\/","title":{"rendered":"L\u2019Agglom\u00e9ration actualise sa strat\u00e9gie de d\u00e9veloppement \u00e9conomique 2023-2030"},"content":{"rendered":"\n<p><strong>L\u2019actualisation de la strat\u00e9gie de d\u00e9veloppement \u00e9conomique de l\u2019Agglom\u00e9ration \u00e0 l\u2019horizon 2030 renforce une \u00e9conomie forte, \u00e9quilibr\u00e9e et diversifi\u00e9e entre 7 fili\u00e8res prioritaires. Cette strat\u00e9gie se d\u00e9cline en 16 chantiers au service de 4 d\u00e9fis majeurs et 100 actions.<\/strong><\/p>\n<p>La Strat\u00e9gie de d\u00e9veloppement \u00e9conomique 2023-2030 s\u2019inscrit dans le Sch\u00e9ma R\u00e9gional de D\u00e9veloppement \u00c9conomique, d\u2019Innovation et d\u2019Internationalisation (SRDEII) de la R\u00e9gion Nouvelle-Aquitaine et sa feuille de route Neo Terra. Elle s\u2019inscrit \u00e9galement dans le projet d\u2019Agglom\u00e9ration La Rochelle 2040 et le programme La Rochelle Territoire Z\u00e9ro Carbone. Cette strat\u00e9gie vise la r\u00e9alisation de 4 d\u00e9fis principaux : faire \u00e9merger les activit\u00e9s d\u2019avenir, garantir les solutions fonci\u00e8res et immobili\u00e8res, renforcer les 7 fili\u00e8res productives prioritaires et acc\u00e9l\u00e9rer la transition \u00e9conomique des entreprises. Chaque d\u00e9fi est d\u00e9clin\u00e9 en 4 chantiers. 100 actions, dont certaines op\u00e9rationnelles d\u00e8s 2023, sont \u00e9galement list\u00e9es.<\/p>\n","protected":false},"excerpt":{"rendered":"<p>L\u2019actualisation de la strat\u00e9gie de d\u00e9veloppement \u00e9conomique de l\u2019Agglom\u00e9ration \u00e0 l\u2019horizon 2030 renforce une \u00e9conomie forte, \u00e9quilibr\u00e9e et diversifi\u00e9e entre 7 fili\u00e8res prioritaires. Cette strat\u00e9gie se d\u00e9cline en 16 chantiers au service de 4 d\u00e9fis majeurs et 100 actions. La Strat\u00e9gie de d\u00e9veloppement \u00e9conomique 2023-2030 s\u2019inscrit dans le Sch\u00e9ma R\u00e9gional de D\u00e9veloppement \u00c9conomique, d\u2019Innovation et [&hellip;]<\/p>\n","protected":false},"author":1,"featured_media":3462,"parent":156,"menu_order":1,"comment_status":"closed","ping_status":"closed","template":"page-sous-partie.php","meta":{"inline_featured_image":false,"footnotes":""},"categories":[],"tags":[18],"acf":[],"_links":{"self":[{"href":"https:\/\/dev-durable.agglo-larochelle.fr\/2023\/wp-json\/wp\/v2\/pages\/3013"}],"collection":[{"href":"https:\/\/dev-durable.agglo-larochelle.fr\/2023\/wp-json\/wp\/v2\/pages"}],"about":[{"href":"https:\/\/dev-durable.agglo-larochelle.fr\/2023\/wp-json\/wp\/v2\/types\/page"}],"author":[{"embeddable":true,"href":"https:\/\/dev-durable.agglo-larochelle.fr\/2023\/wp-json\/wp\/v2\/users\/1"}],"replies":[{"embeddable":true,"href":"https:\/\/dev-durable.agglo-larochelle.fr\/2023\/wp-json\/wp\/v2\/comments?post=3013"}],"version-history":[{"count":2,"href":"https:\/\/dev-durable.agglo-larochelle.fr\/2023\/wp-json\/wp\/v2\/pages\/3013\/revisions"}],"predecessor-version":[{"id":3015,"href":"https:\/\/dev-durable.agglo-larochelle.fr\/2023\/wp-json\/wp\/v2\/pages\/3013\/revisions\/3015"}],"up":[{"embeddable":true,"href":"https:\/\/dev-durable.agglo-larochelle.fr\/2023\/wp-json\/wp\/v2\/pages\/156"}],"wp:featuredmedia":[{"embeddable":true,"href":"https:\/\/dev-durable.agglo-larochelle.fr\/2023\/wp-json\/wp\/v2\/media\/3462"}],"wp:attachment":[{"href":"https:\/\/dev-durable.agglo-larochelle.fr\/2023\/wp-json\/wp\/v2\/media?parent=3013"}],"wp:term":[{"taxonomy":"category","embeddable":true,"href":"https:\/\/dev-durable.agglo-larochelle.fr\/2023\/wp-json\/wp\/v2\/categories?post=3013"},{"taxonomy":"post_tag","embeddable":true,"href":"https:\/\/dev-durable.agglo-larochelle.fr\/2023\/wp-json\/wp\/v2\/tags?post=3013"}],"curies":[{"name":"wp","href":"https:\/\/api.w.org\/{rel}","templated":true}]}}