{"id":3025,"date":"2023-11-17T14:53:48","date_gmt":"2023-11-17T13:53:48","guid":{"rendered":"https:\/\/dev-durable.agglo-larochelle.fr\/2023\/?page_id=3025"},"modified":"2023-12-11T18:11:09","modified_gmt":"2023-12-11T17:11:09","slug":"la-finance-participative-au-service-de-projets-locaux","status":"publish","type":"page","link":"https:\/\/dev-durable.agglo-larochelle.fr\/2023\/un-territoire-creative\/transition-economique\/la-finance-participative-au-service-de-projets-locaux\/","title":{"rendered":"La finance participative au service de projets locaux"},"content":{"rendered":"\n<p><strong>Depuis 2017 et le partenariat de l\u2019Agglom\u00e9ration avec la plateforme r\u00e9gionale de financement participatif solidaire \u00ab\u00a0jadopteunprojet.com \u00bb, plus de 123 000 \u20ac ont \u00e9t\u00e9 collect\u00e9s et ont contribu\u00e9 \u00e0 financer des projets d\u2019\u00e9co-mobilit\u00e9, de ferme urbaine ou encore d\u2019ateliers de r\u00e9cup\u00e9ration.<\/strong><\/p>\n<p class=\"Standard\" style=\"text-align: left;\">La plateforme r\u00e9gionale de financement participatif solidaire \u00ab\u00a0jadopteunprojet.com \u00bb est g\u00e9r\u00e9e par l\u2019association Adefip (Action pour le d\u00e9veloppement \u00e9conomique par la finance participative), avec pour objectif de permettre aux citoyens de soutenir, via le \u00ab\u00a0crowdfunding\u00a0\u00bb, des projets entrepreneuriaux, sociaux, environnementaux ou culturels, localis\u00e9s sur l\u2019une des communes-membres de l\u2019Agglo. En 2022, 273 contributeurs ont particip\u00e9 au financement de ces projets locaux.<\/p>\n","protected":false},"excerpt":{"rendered":"<p>Depuis 2017 et le partenariat de l\u2019Agglom\u00e9ration avec la plateforme r\u00e9gionale de financement participatif solidaire \u00ab\u00a0jadopteunprojet.com \u00bb, plus de 123 000 \u20ac ont \u00e9t\u00e9 collect\u00e9s et ont contribu\u00e9 \u00e0 financer des projets d\u2019\u00e9co-mobilit\u00e9, de ferme urbaine ou encore d\u2019ateliers de r\u00e9cup\u00e9ration. La plateforme r\u00e9gionale de financement participatif solidaire \u00ab\u00a0jadopteunprojet.com \u00bb est g\u00e9r\u00e9e par l\u2019association Adefip [&hellip;]<\/p>\n","protected":false},"author":1,"featured_media":3700,"parent":156,"menu_order":4,"comment_status":"closed","ping_status":"closed","template":"page-sous-partie.php","meta":{"inline_featured_image":false,"footnotes":""},"categories":[],"tags":[18,24,20],"acf":[],"_links":{"self":[{"href":"https:\/\/dev-durable.agglo-larochelle.fr\/2023\/wp-json\/wp\/v2\/pages\/3025"}],"collection":[{"href":"https:\/\/dev-durable.agglo-larochelle.fr\/2023\/wp-json\/wp\/v2\/pages"}],"about":[{"href":"https:\/\/dev-durable.agglo-larochelle.fr\/2023\/wp-json\/wp\/v2\/types\/page"}],"author":[{"embeddable":true,"href":"https:\/\/dev-durable.agglo-larochelle.fr\/2023\/wp-json\/wp\/v2\/users\/1"}],"replies":[{"embeddable":true,"href":"https:\/\/dev-durable.agglo-larochelle.fr\/2023\/wp-json\/wp\/v2\/comments?post=3025"}],"version-history":[{"count":3,"href":"https:\/\/dev-durable.agglo-larochelle.fr\/2023\/wp-json\/wp\/v2\/pages\/3025\/revisions"}],"predecessor-version":[{"id":3028,"href":"https:\/\/dev-durable.agglo-larochelle.fr\/2023\/wp-json\/wp\/v2\/pages\/3025\/revisions\/3028"}],"up":[{"embeddable":true,"href":"https:\/\/dev-durable.agglo-larochelle.fr\/2023\/wp-json\/wp\/v2\/pages\/156"}],"wp:featuredmedia":[{"embeddable":true,"href":"https:\/\/dev-durable.agglo-larochelle.fr\/2023\/wp-json\/wp\/v2\/media\/3700"}],"wp:attachment":[{"href":"https:\/\/dev-durable.agglo-larochelle.fr\/2023\/wp-json\/wp\/v2\/media?parent=3025"}],"wp:term":[{"taxonomy":"category","embeddable":true,"href":"https:\/\/dev-durable.agglo-larochelle.fr\/2023\/wp-json\/wp\/v2\/categories?post=3025"},{"taxonomy":"post_tag","embeddable":true,"href":"https:\/\/dev-durable.agglo-larochelle.fr\/2023\/wp-json\/wp\/v2\/tags?post=3025"}],"curies":[{"name":"wp","href":"https:\/\/api.w.org\/{rel}","templated":true}]}}

<p><strong>Depuis 2017 et le partenariat de l’Agglomération avec la plateforme régionale de financement participatif solidaire « jadopteunprojet.com », plus de 123 000 € ont été collectés et ont contribué à financer des projets d’éco-mobilité, de ferme urbaine ou encore d’ateliers de récupération.</strong></p>
<p class="Standard" style="text-align: left;">La plateforme régionale de financement participatif solidaire « jadopteunprojet.com » est gérée par l’association Adefip (Action pour le développement économique par la finance participative), avec pour objectif de permettre aux citoyens de soutenir, via le « crowdfunding », des projets entrepreneuriaux, sociaux, environnementaux ou culturels, localisés sur l’une des communes-membres de l’Agglo. En 2022, 273 contributeurs ont participé au financement de ces projets locaux.</p>

<p>Depuis 2017 et le partenariat de l’Agglomération avec la plateforme régionale de financement participatif solidaire « jadopteunprojet.com », plus de 123 000 € ont été collectés et ont contribué à financer des projets d’éco-mobilité, de ferme urbaine ou encore d’ateliers de récupération. La plateforme régionale de financement participatif solidaire « jadopteunprojet.com » est gérée par l’association Adefip [&hellip;]</p>
