{"id":3032,"date":"2023-11-17T15:02:47","date_gmt":"2023-11-17T14:02:47","guid":{"rendered":"https:\/\/dev-durable.agglo-larochelle.fr\/2023\/?page_id=3032"},"modified":"2023-12-11T18:17:48","modified_gmt":"2023-12-11T17:17:48","slug":"les-rencontres-esspresso-favorisent-la-cooperation-entre-acteurs-de-leconomie-sociale-et-solidaire","status":"publish","type":"page","link":"https:\/\/dev-durable.agglo-larochelle.fr\/2023\/un-territoire-creative\/transition-economique\/les-rencontres-esspresso-favorisent-la-cooperation-entre-acteurs-de-leconomie-sociale-et-solidaire\/","title":{"rendered":"Les rencontres ESSpresso favorisent la coop\u00e9ration entre acteurs de l\u2019\u00e9conomie sociale et solidaire"},"content":{"rendered":"\n<p><strong>Les rencontres ESSpresso en faveur de l\u2019\u00e9conomie sociale et solidaire (ESS) se sont d\u00e9roul\u00e9es \u00e0 La Rochelle au printemps 2023, \u00e0 l\u2019occasion du mois de l\u2019ESS en novembre. Ces rencontres d\u2019affaires visent \u00e0 encourager l\u2019emploi, l\u2019insertion et l\u2019entrepreneuriat au service du social et\/ou de l\u2019environnement.<\/strong><\/p>\n<p class=\"Standard\" style=\"text-align: left;\">Chaque ann\u00e9e, ESS France, la chambre fran\u00e7aise de l\u2019\u00e9conomie sociale et solidaire, organise le Mois de l\u2019ESS dans de tr\u00e8s nombreuses villes et r\u00e9gions de France. La CDA de La Rochelle a particip\u00e9 en novembre 2023 \u00e0 la 16<sup>e<\/sup> \u00e9dition de cet \u00e9v\u00e9nement national, en organisant une rencontre ESSpresso au Tiers Lieu des Jardins de L\u2019Aubre\u00e7ay \u00e0 Saint Xandre. Cette d\u00e9clinaison locale de l\u2019\u00e9v\u00e9nement facilite les rencontres et les mises en relation entre porteurs de projets, dispositifs de soutien locaux et nationaux, et agit comme un facilitateur de l\u2019ESS sur le territoire.<\/p>\n","protected":false},"excerpt":{"rendered":"<p>Les rencontres ESSpresso en faveur de l\u2019\u00e9conomie sociale et solidaire (ESS) se sont d\u00e9roul\u00e9es \u00e0 La Rochelle au printemps 2023, \u00e0 l\u2019occasion du mois de l\u2019ESS en novembre. Ces rencontres d\u2019affaires visent \u00e0 encourager l\u2019emploi, l\u2019insertion et l\u2019entrepreneuriat au service du social et\/ou de l\u2019environnement. Chaque ann\u00e9e, ESS France, la chambre fran\u00e7aise de l\u2019\u00e9conomie sociale [&hellip;]<\/p>\n","protected":false},"author":1,"featured_media":3702,"parent":156,"menu_order":6,"comment_status":"closed","ping_status":"closed","template":"page-sous-partie.php","meta":{"inline_featured_image":false,"footnotes":""},"categories":[],"tags":[18,25],"acf":[],"_links":{"self":[{"href":"https:\/\/dev-durable.agglo-larochelle.fr\/2023\/wp-json\/wp\/v2\/pages\/3032"}],"collection":[{"href":"https:\/\/dev-durable.agglo-larochelle.fr\/2023\/wp-json\/wp\/v2\/pages"}],"about":[{"href":"https:\/\/dev-durable.agglo-larochelle.fr\/2023\/wp-json\/wp\/v2\/types\/page"}],"author":[{"embeddable":true,"href":"https:\/\/dev-durable.agglo-larochelle.fr\/2023\/wp-json\/wp\/v2\/users\/1"}],"replies":[{"embeddable":true,"href":"https:\/\/dev-durable.agglo-larochelle.fr\/2023\/wp-json\/wp\/v2\/comments?post=3032"}],"version-history":[{"count":2,"href":"https:\/\/dev-durable.agglo-larochelle.fr\/2023\/wp-json\/wp\/v2\/pages\/3032\/revisions"}],"predecessor-version":[{"id":3034,"href":"https:\/\/dev-durable.agglo-larochelle.fr\/2023\/wp-json\/wp\/v2\/pages\/3032\/revisions\/3034"}],"up":[{"embeddable":true,"href":"https:\/\/dev-durable.agglo-larochelle.fr\/2023\/wp-json\/wp\/v2\/pages\/156"}],"wp:featuredmedia":[{"embeddable":true,"href":"https:\/\/dev-durable.agglo-larochelle.fr\/2023\/wp-json\/wp\/v2\/media\/3702"}],"wp:attachment":[{"href":"https:\/\/dev-durable.agglo-larochelle.fr\/2023\/wp-json\/wp\/v2\/media?parent=3032"}],"wp:term":[{"taxonomy":"category","embeddable":true,"href":"https:\/\/dev-durable.agglo-larochelle.fr\/2023\/wp-json\/wp\/v2\/categories?post=3032"},{"taxonomy":"post_tag","embeddable":true,"href":"https:\/\/dev-durable.agglo-larochelle.fr\/2023\/wp-json\/wp\/v2\/tags?post=3032"}],"curies":[{"name":"wp","href":"https:\/\/api.w.org\/{rel}","templated":true}]}}

Les rencontres ESSpresso favorisent la coopération entre acteurs de l’économie sociale et solidaire

<p><strong>Les rencontres ESSpresso en faveur de l’économie sociale et solidaire (ESS) se sont déroulées à La Rochelle au printemps 2023, à l’occasion du mois de l’ESS en novembre. Ces rencontres d’affaires visent à encourager l’emploi, l’insertion et l’entrepreneuriat au service du social et/ou de l’environnement.</strong></p>
<p class="Standard" style="text-align: left;">Chaque année, ESS France, la chambre française de l’économie sociale et solidaire, organise le Mois de l’ESS dans de très nombreuses villes et régions de France. La CDA de La Rochelle a participé en novembre 2023 à la 16<sup>e</sup> édition de cet événement national, en organisant une rencontre ESSpresso au Tiers Lieu des Jardins de L’Aubreçay à Saint Xandre. Cette déclinaison locale de l’événement facilite les rencontres et les mises en relation entre porteurs de projets, dispositifs de soutien locaux et nationaux, et agit comme un facilitateur de l’ESS sur le territoire.</p>

<p>Les rencontres ESSpresso en faveur de l’économie sociale et solidaire (ESS) se sont déroulées à La Rochelle au printemps 2023, à l’occasion du mois de l’ESS en novembre. Ces rencontres d’affaires visent à encourager l’emploi, l’insertion et l’entrepreneuriat au service du social et/ou de l’environnement. Chaque année, ESS France, la chambre française de l’économie sociale [&hellip;]</p>
