{"id":3035,"date":"2023-11-17T15:04:39","date_gmt":"2023-11-17T14:04:39","guid":{"rendered":"https:\/\/dev-durable.agglo-larochelle.fr\/2023\/?page_id=3035"},"modified":"2023-12-11T18:21:03","modified_gmt":"2023-12-11T17:21:03","slug":"mise-en-place-dune-strategie-de-compensation-agricole-collective","status":"publish","type":"page","link":"https:\/\/dev-durable.agglo-larochelle.fr\/2023\/un-territoire-creative\/transition-economique\/mise-en-place-dune-strategie-de-compensation-agricole-collective\/","title":{"rendered":"Mise en place d\u2019une strat\u00e9gie de compensation agricole collective"},"content":{"rendered":"\n<p><strong>L\u2019Agglom\u00e9ration a entam\u00e9 une r\u00e9flexion pour rendre op\u00e9rationnel le dispositif de compensation agricole collective introduit par la Loi d\u2019Avenir pour l\u2019Agriculture et la For\u00eat. La strat\u00e9gie communautaire va orienter les financements de la compensation sur les enjeux territoriaux prioritaires.<\/strong><\/p>\n<p class=\"Standard\" style=\"text-align: left;\">\u00c0 la demande de la profession agricole, l\u2019Agglom\u00e9ration a conduit une \u00e9tude globale sur la compensation agricole collective : pr\u00e8s de 320 ha de surfaces agricoles sont concern\u00e9s \u00e0 moyen terme (10 ans) par des projets d\u2019am\u00e9nagement du territoire. Sur ces surfaces, seuls 174 ha seraient soumis \u00e0 compensation, pour un montant de 500 k\u20ac. Un Comit\u00e9 de pilotage s\u2019est r\u00e9uni \u00e0 deux reprises en \u00e9t\u00e9 et en automne pour d\u00e9finir la strat\u00e9gie de compensation agricole collective de l\u2019Agglom\u00e9ration. Les enjeux de cette compensation sur le territoire sont multiples : ressource en eau, PAT, captation carbone, \u00e9nergie renouvelable, sant\u00e9 environnementale, biodiversit\u00e9, transition agro-\u00e9cologique, etc. Il appara\u00eet donc comme naturel que les financements issus de la compensation agricole collective soient orient\u00e9s sur des actions et des investissements coh\u00e9rents avec ces enjeux prioritaires, dans le cadre d\u2019un travail partenarial \u00e0 conduire avec l\u2019\u00c9tat et la profession agricole. \u00c0 ces fins, l\u2019Agglom\u00e9ration propose de se doter d\u2019un comit\u00e9 de suivi partenarial pour d\u00e9cider, avec une vision globale, des projets retenus.<\/p>\n","protected":false},"excerpt":{"rendered":"<p>L\u2019Agglom\u00e9ration a entam\u00e9 une r\u00e9flexion pour rendre op\u00e9rationnel le dispositif de compensation agricole collective introduit par la Loi d\u2019Avenir pour l\u2019Agriculture et la For\u00eat. La strat\u00e9gie communautaire va orienter les financements de la compensation sur les enjeux territoriaux prioritaires. \u00c0 la demande de la profession agricole, l\u2019Agglom\u00e9ration a conduit une \u00e9tude globale sur la compensation [&hellip;]<\/p>\n","protected":false},"author":1,"featured_media":3703,"parent":156,"menu_order":7,"comment_status":"closed","ping_status":"closed","template":"page-sous-partie.php","meta":{"inline_featured_image":false,"footnotes":""},"categories":[],"tags":[26,27],"acf":[],"_links":{"self":[{"href":"https:\/\/dev-durable.agglo-larochelle.fr\/2023\/wp-json\/wp\/v2\/pages\/3035"}],"collection":[{"href":"https:\/\/dev-durable.agglo-larochelle.fr\/2023\/wp-json\/wp\/v2\/pages"}],"about":[{"href":"https:\/\/dev-durable.agglo-larochelle.fr\/2023\/wp-json\/wp\/v2\/types\/page"}],"author":[{"embeddable":true,"href":"https:\/\/dev-durable.agglo-larochelle.fr\/2023\/wp-json\/wp\/v2\/users\/1"}],"replies":[{"embeddable":true,"href":"https:\/\/dev-durable.agglo-larochelle.fr\/2023\/wp-json\/wp\/v2\/comments?post=3035"}],"version-history":[{"count":2,"href":"https:\/\/dev-durable.agglo-larochelle.fr\/2023\/wp-json\/wp\/v2\/pages\/3035\/revisions"}],"predecessor-version":[{"id":3037,"href":"https:\/\/dev-durable.agglo-larochelle.fr\/2023\/wp-json\/wp\/v2\/pages\/3035\/revisions\/3037"}],"up":[{"embeddable":true,"href":"https:\/\/dev-durable.agglo-larochelle.fr\/2023\/wp-json\/wp\/v2\/pages\/156"}],"wp:featuredmedia":[{"embeddable":true,"href":"https:\/\/dev-durable.agglo-larochelle.fr\/2023\/wp-json\/wp\/v2\/media\/3703"}],"wp:attachment":[{"href":"https:\/\/dev-durable.agglo-larochelle.fr\/2023\/wp-json\/wp\/v2\/media?parent=3035"}],"wp:term":[{"taxonomy":"category","embeddable":true,"href":"https:\/\/dev-durable.agglo-larochelle.fr\/2023\/wp-json\/wp\/v2\/categories?post=3035"},{"taxonomy":"post_tag","embeddable":true,"href":"https:\/\/dev-durable.agglo-larochelle.fr\/2023\/wp-json\/wp\/v2\/tags?post=3035"}],"curies":[{"name":"wp","href":"https:\/\/api.w.org\/{rel}","templated":true}]}}

Mise en place d’une stratégie de compensation agricole collective

<p><strong>L’Agglomération a entamé une réflexion pour rendre opérationnel le dispositif de compensation agricole collective introduit par la Loi d’Avenir pour l’Agriculture et la Forêt. La stratégie communautaire va orienter les financements de la compensation sur les enjeux territoriaux prioritaires.</strong></p>
<p class="Standard" style="text-align: left;">À la demande de la profession agricole, l’Agglomération a conduit une étude globale sur la compensation agricole collective : près de 320 ha de surfaces agricoles sont concernés à moyen terme (10 ans) par des projets d’aménagement du territoire. Sur ces surfaces, seuls 174 ha seraient soumis à compensation, pour un montant de 500 k€. Un Comité de pilotage s’est réuni à deux reprises en été et en automne pour définir la stratégie de compensation agricole collective de l’Agglomération. Les enjeux de cette compensation sur le territoire sont multiples : ressource en eau, PAT, captation carbone, énergie renouvelable, santé environnementale, biodiversité, transition agro-écologique, etc. Il apparaît donc comme naturel que les financements issus de la compensation agricole collective soient orientés sur des actions et des investissements cohérents avec ces enjeux prioritaires, dans le cadre d’un travail partenarial à conduire avec l’État et la profession agricole. À ces fins, l’Agglomération propose de se doter d’un comité de suivi partenarial pour décider, avec une vision globale, des projets retenus.</p>

<p>L’Agglomération a entamé une réflexion pour rendre opérationnel le dispositif de compensation agricole collective introduit par la Loi d’Avenir pour l’Agriculture et la Forêt. La stratégie communautaire va orienter les financements de la compensation sur les enjeux territoriaux prioritaires. À la demande de la profession agricole, l’Agglomération a conduit une étude globale sur la compensation [&hellip;]</p>
