{"id":3047,"date":"2023-11-17T15:17:43","date_gmt":"2023-11-17T14:17:43","guid":{"rendered":"https:\/\/dev-durable.agglo-larochelle.fr\/2023\/?page_id=3047"},"modified":"2023-11-21T09:24:35","modified_gmt":"2023-11-21T08:24:35","slug":"succes-prometteur-de-la-premiere-semaine-super-nulle-en-carbone","status":"publish","type":"page","link":"https:\/\/dev-durable.agglo-larochelle.fr\/2023\/un-territoire-creative\/transition-ecologique\/succes-prometteur-de-la-premiere-semaine-super-nulle-en-carbone\/","title":{"rendered":"Succ\u00e8s prometteur de la premi\u00e8re \u00ab\u00a0Semaine super nulle\u2026 en carbone\u00a0\u00bb"},"content":{"rendered":"\n<p><strong>La premi\u00e8re \u00ab\u00a0Semaine super nulle\u2026 en carbone\u00a0\u00bb s\u2019est d\u00e9roul\u00e9e au printemps. L\u2019objectif de cet \u00e9v\u00e9nement \u00e9tait de valoriser les initiatives d\u2019associations, entreprises, citoyens, quartiers, acteurs \u00e9ducatifs, culturels, institutionnels &#8211; en mati\u00e8re de r\u00e9duction de notre empreinte carbone<\/strong><em>.<\/em><\/p>\n<p>La participation \u00e0 cette premi\u00e8re semaine a \u00e9t\u00e9 tr\u00e8s encourageante : pr\u00e8s d\u2019une soixantaine d\u2019animations ont \u00e9t\u00e9 propos\u00e9es sur 11 communes de l\u2019Agglom\u00e9ration, impliquant plus de 1 400 participants, plusieurs milliers d\u2019enfants dans les restaurants scolaires, pr\u00e8s de 30 groupes entra\u00eenant 250 participants et 7 211 \u00e9co-gestes r\u00e9alis\u00e9s lors du \u00ab\u00a0Challenge \u00e9quipe\u00a0\u00bb, et 17\u00a0743 kg de CO<sub>2<\/sub> r\u00e9duits par les habitants. Cette masse de CO<sub>2<\/sub> \u00ab\u00a0non-\u00e9mis\u00a0\u00bb rapport\u00e9e au nombre de personnes sensibilis\u00e9es durant cette Semaine nulle (soit 9 kg par personne) laisse entrevoir ce qui pourrait se passer si l\u2019ensemble des 175 000 habitants de l\u2019Agglom\u00e9ration r\u00e9duisait ses \u00e9missions.<\/p>\n","protected":false},"excerpt":{"rendered":"<p>La premi\u00e8re \u00ab\u00a0Semaine super nulle\u2026 en carbone\u00a0\u00bb s\u2019est d\u00e9roul\u00e9e au printemps. L\u2019objectif de cet \u00e9v\u00e9nement \u00e9tait de valoriser les initiatives d\u2019associations, entreprises, citoyens, quartiers, acteurs \u00e9ducatifs, culturels, institutionnels &#8211; en mati\u00e8re de r\u00e9duction de notre empreinte carbone. La participation \u00e0 cette premi\u00e8re semaine a \u00e9t\u00e9 tr\u00e8s encourageante : pr\u00e8s d\u2019une soixantaine d\u2019animations ont \u00e9t\u00e9 propos\u00e9es [&hellip;]<\/p>\n","protected":false},"author":1,"featured_media":3658,"parent":272,"menu_order":4,"comment_status":"closed","ping_status":"closed","template":"page-sous-partie.php","meta":{"inline_featured_image":false,"footnotes":""},"categories":[],"tags":[35,33,20,34],"acf":[],"_links":{"self":[{"href":"https:\/\/dev-durable.agglo-larochelle.fr\/2023\/wp-json\/wp\/v2\/pages\/3047"}],"collection":[{"href":"https:\/\/dev-durable.agglo-larochelle.fr\/2023\/wp-json\/wp\/v2\/pages"}],"about":[{"href":"https:\/\/dev-durable.agglo-larochelle.fr\/2023\/wp-json\/wp\/v2\/types\/page"}],"author":[{"embeddable":true,"href":"https:\/\/dev-durable.agglo-larochelle.fr\/2023\/wp-json\/wp\/v2\/users\/1"}],"replies":[{"embeddable":true,"href":"https:\/\/dev-durable.agglo-larochelle.fr\/2023\/wp-json\/wp\/v2\/comments?post=3047"}],"version-history":[{"count":2,"href":"https:\/\/dev-durable.agglo-larochelle.fr\/2023\/wp-json\/wp\/v2\/pages\/3047\/revisions"}],"predecessor-version":[{"id":3049,"href":"https:\/\/dev-durable.agglo-larochelle.fr\/2023\/wp-json\/wp\/v2\/pages\/3047\/revisions\/3049"}],"up":[{"embeddable":true,"href":"https:\/\/dev-durable.agglo-larochelle.fr\/2023\/wp-json\/wp\/v2\/pages\/272"}],"wp:featuredmedia":[{"embeddable":true,"href":"https:\/\/dev-durable.agglo-larochelle.fr\/2023\/wp-json\/wp\/v2\/media\/3658"}],"wp:attachment":[{"href":"https:\/\/dev-durable.agglo-larochelle.fr\/2023\/wp-json\/wp\/v2\/media?parent=3047"}],"wp:term":[{"taxonomy":"category","embeddable":true,"href":"https:\/\/dev-durable.agglo-larochelle.fr\/2023\/wp-json\/wp\/v2\/categories?post=3047"},{"taxonomy":"post_tag","embeddable":true,"href":"https:\/\/dev-durable.agglo-larochelle.fr\/2023\/wp-json\/wp\/v2\/tags?post=3047"}],"curies":[{"name":"wp","href":"https:\/\/api.w.org\/{rel}","templated":true}]}}

Succès prometteur de la première « Semaine super nulle… en carbone »

<p><strong>La première « Semaine super nulle… en carbone » s’est déroulée au printemps. L’objectif de cet événement était de valoriser les initiatives d’associations, entreprises, citoyens, quartiers, acteurs éducatifs, culturels, institutionnels &#8211; en matière de réduction de notre empreinte carbone</strong><em>.</em></p>
<p>La participation à cette première semaine a été très encourageante : près d’une soixantaine d’animations ont été proposées sur 11 communes de l’Agglomération, impliquant plus de 1 400 participants, plusieurs milliers d’enfants dans les restaurants scolaires, près de 30 groupes entraînant 250 participants et 7 211 éco-gestes réalisés lors du « Challenge équipe », et 17 743 kg de CO<sub>2</sub> réduits par les habitants. Cette masse de CO<sub>2</sub> « non-émis » rapportée au nombre de personnes sensibilisées durant cette Semaine nulle (soit 9 kg par personne) laisse entrevoir ce qui pourrait se passer si l’ensemble des 175 000 habitants de l’Agglomération réduisait ses émissions.</p>

<p>La première « Semaine super nulle… en carbone » s’est déroulée au printemps. L’objectif de cet événement était de valoriser les initiatives d’associations, entreprises, citoyens, quartiers, acteurs éducatifs, culturels, institutionnels &#8211; en matière de réduction de notre empreinte carbone. La participation à cette première semaine a été très encourageante : près d’une soixantaine d’animations ont été proposées [&hellip;]</p>
