{"id":3063,"date":"2023-11-17T15:49:29","date_gmt":"2023-11-17T14:49:29","guid":{"rendered":"https:\/\/dev-durable.agglo-larochelle.fr\/2023\/?page_id=3063"},"modified":"2023-11-21T09:25:42","modified_gmt":"2023-11-21T08:25:42","slug":"une-action-de-mediation-menee-pour-retablir-le-dialogue-entre-agriculteurs-et-riverains","status":"publish","type":"page","link":"https:\/\/dev-durable.agglo-larochelle.fr\/2023\/un-territoire-creative\/gouvernance-et-animation-du-territoire\/une-action-de-mediation-menee-pour-retablir-le-dialogue-entre-agriculteurs-et-riverains\/","title":{"rendered":"Une action de m\u00e9diation men\u00e9e pour r\u00e9tablir le dialogue entre agriculteurs et riverains"},"content":{"rendered":"\n<p><strong>L\u2019Agglom\u00e9ration a organis\u00e9 une m\u00e9diation de projet pour faciliter le dialogue entre riverains et agriculteurs sur les pratiques agricoles dans la campagne rochelaise.<\/strong><\/p>\n<p>Entre novembre 2022 et janvier 2023, une s\u00e9rie d\u2019\u00e9changes ont permis aux riverains, agriculteurs, membres de l\u2019Association Avenir Sant\u00e9 Environnement et \u00e9lus de l\u2019Agglom\u00e9ration, en entretiens s\u00e9par\u00e9s pr\u00e9alables aux futures r\u00e9unions pl\u00e9ni\u00e8res, d\u2019\u00e9voquer entre eux leurs peurs, leurs col\u00e8res parfois, leurs attentes et besoins quant aux pratiques agricoles sur 5 communes concern\u00e9es\u00a0 par la m\u00e9diation dans la Plaine d\u2019Aunis. Ce travail pr\u00e9paratoire achev\u00e9, une r\u00e9union pl\u00e9ni\u00e8re s&rsquo;est tenue \u00e0 huis clos le 30 janvier 2023, avec une centaine de personnes repr\u00e9sentant les 4 parties prenantes. Une seconde r\u00e9union le 7 mars, a permis aux participants de r\u00e9fl\u00e9chir ensemble pour proposer des solutions, sous quelles \u00e9ch\u00e9ances et quel \u00e9chelon : local, r\u00e9gional, national et europ\u00e9en. Une r\u00e9union de restitution de l\u2019action de facilitation du dialogue entre riverains et agriculteurs a eu lieu le 29 mars 2023. Le 16 octobre, une r\u00e9union portant sur le bilan de la m\u00e9diation et l\u2019articulation avec le Projet Alimentaire de Territoire s\u2019est tenue \u00e0 P\u00e9rigny.<\/p>\n","protected":false},"excerpt":{"rendered":"<p>L\u2019Agglom\u00e9ration a organis\u00e9 une m\u00e9diation de projet pour faciliter le dialogue entre riverains et agriculteurs sur les pratiques agricoles dans la campagne rochelaise. Entre novembre 2022 et janvier 2023, une s\u00e9rie d\u2019\u00e9changes ont permis aux riverains, agriculteurs, membres de l\u2019Association Avenir Sant\u00e9 Environnement et \u00e9lus de l\u2019Agglom\u00e9ration, en entretiens s\u00e9par\u00e9s pr\u00e9alables aux futures r\u00e9unions pl\u00e9ni\u00e8res, [&hellip;]<\/p>\n","protected":false},"author":1,"featured_media":3661,"parent":289,"menu_order":2,"comment_status":"closed","ping_status":"closed","template":"page-sous-partie.php","meta":{"inline_featured_image":false,"footnotes":""},"categories":[],"tags":[26,27,20,13],"acf":[],"_links":{"self":[{"href":"https:\/\/dev-durable.agglo-larochelle.fr\/2023\/wp-json\/wp\/v2\/pages\/3063"}],"collection":[{"href":"https:\/\/dev-durable.agglo-larochelle.fr\/2023\/wp-json\/wp\/v2\/pages"}],"about":[{"href":"https:\/\/dev-durable.agglo-larochelle.fr\/2023\/wp-json\/wp\/v2\/types\/page"}],"author":[{"embeddable":true,"href":"https:\/\/dev-durable.agglo-larochelle.fr\/2023\/wp-json\/wp\/v2\/users\/1"}],"replies":[{"embeddable":true,"href":"https:\/\/dev-durable.agglo-larochelle.fr\/2023\/wp-json\/wp\/v2\/comments?post=3063"}],"version-history":[{"count":2,"href":"https:\/\/dev-durable.agglo-larochelle.fr\/2023\/wp-json\/wp\/v2\/pages\/3063\/revisions"}],"predecessor-version":[{"id":3065,"href":"https:\/\/dev-durable.agglo-larochelle.fr\/2023\/wp-json\/wp\/v2\/pages\/3063\/revisions\/3065"}],"up":[{"embeddable":true,"href":"https:\/\/dev-durable.agglo-larochelle.fr\/2023\/wp-json\/wp\/v2\/pages\/289"}],"wp:featuredmedia":[{"embeddable":true,"href":"https:\/\/dev-durable.agglo-larochelle.fr\/2023\/wp-json\/wp\/v2\/media\/3661"}],"wp:attachment":[{"href":"https:\/\/dev-durable.agglo-larochelle.fr\/2023\/wp-json\/wp\/v2\/media?parent=3063"}],"wp:term":[{"taxonomy":"category","embeddable":true,"href":"https:\/\/dev-durable.agglo-larochelle.fr\/2023\/wp-json\/wp\/v2\/categories?post=3063"},{"taxonomy":"post_tag","embeddable":true,"href":"https:\/\/dev-durable.agglo-larochelle.fr\/2023\/wp-json\/wp\/v2\/tags?post=3063"}],"curies":[{"name":"wp","href":"https:\/\/api.w.org\/{rel}","templated":true}]}}

Une action de médiation menée pour rétablir le dialogue entre agriculteurs et riverains

<p><strong>L’Agglomération a organisé une médiation de projet pour faciliter le dialogue entre riverains et agriculteurs sur les pratiques agricoles dans la campagne rochelaise.</strong></p>
<p>Entre novembre 2022 et janvier 2023, une série d’échanges ont permis aux riverains, agriculteurs, membres de l’Association Avenir Santé Environnement et élus de l’Agglomération, en entretiens séparés préalables aux futures réunions plénières, d’évoquer entre eux leurs peurs, leurs colères parfois, leurs attentes et besoins quant aux pratiques agricoles sur 5 communes concernées  par la médiation dans la Plaine d’Aunis. Ce travail préparatoire achevé, une réunion plénière s&rsquo;est tenue à huis clos le 30 janvier 2023, avec une centaine de personnes représentant les 4 parties prenantes. Une seconde réunion le 7 mars, a permis aux participants de réfléchir ensemble pour proposer des solutions, sous quelles échéances et quel échelon : local, régional, national et européen. Une réunion de restitution de l’action de facilitation du dialogue entre riverains et agriculteurs a eu lieu le 29 mars 2023. Le 16 octobre, une réunion portant sur le bilan de la médiation et l’articulation avec le Projet Alimentaire de Territoire s’est tenue à Périgny.</p>

<p>L’Agglomération a organisé une médiation de projet pour faciliter le dialogue entre riverains et agriculteurs sur les pratiques agricoles dans la campagne rochelaise. Entre novembre 2022 et janvier 2023, une série d’échanges ont permis aux riverains, agriculteurs, membres de l’Association Avenir Santé Environnement et élus de l’Agglomération, en entretiens séparés préalables aux futures réunions plénières, [&hellip;]</p>
