{"id":3066,"date":"2023-11-17T15:51:45","date_gmt":"2023-11-17T14:51:45","guid":{"rendered":"https:\/\/dev-durable.agglo-larochelle.fr\/2023\/?page_id=3066"},"modified":"2023-11-21T09:25:42","modified_gmt":"2023-11-21T08:25:42","slug":"le-carbone-bleu-au-coeur-des-echanges-du-forum-des-acteurs-de-la-transition","status":"publish","type":"page","link":"https:\/\/dev-durable.agglo-larochelle.fr\/2023\/un-territoire-creative\/gouvernance-et-animation-du-territoire\/le-carbone-bleu-au-coeur-des-echanges-du-forum-des-acteurs-de-la-transition\/","title":{"rendered":"Le Carbone bleu au c\u0153ur des \u00e9changes du Forum des acteurs de la transition"},"content":{"rendered":"\n<p><strong>En juin, le Forum des acteurs de la transition a invit\u00e9 les scientifiques du laboratoire LIENSs et les observateurs de terrain de la LPO \u00e0 pr\u00e9senter un \u00e9tat des questions et actions relatives au r\u00f4le du littoral dans la captation carbone.<\/strong><\/p>\n<p>Cr\u00e9\u00e9 en 2018 lors de l\u2019\u00e9mergence de LRTZC, le Forum des acteurs de la transition a pour objectif de r\u00e9unir les acteurs de la transition sur le territoire (associations, universitaires, etc.) et de proposer aux habitants un dialogue propice \u00e0 l\u2019\u00e9mergence d\u2019initiatives locales. L\u2019organisation du Forum compte notamment la Ville de La Rochelle et l\u2019Agglo, La Rochelle Universit\u00e9, l\u2019\u00c9COLE de la mer, la LPO, l\u2019Ifr\u00e9e, les Petits D\u00e9brouillards, etc. Ils organisent deux fois par an des \u00e9v\u00e9nements autour de la transition.\u00a0<\/p>\n<p>L\u2019\u00e9tat de la recherche pr\u00e9sent\u00e9 lors de la session de juin a ensuite fait l\u2019objet d\u2019ateliers de sensibilisation, anim\u00e9s par les chercheurs du LIENSs.<\/p>\n","protected":false},"excerpt":{"rendered":"<p>En juin, le Forum des acteurs de la transition a invit\u00e9 les scientifiques du laboratoire LIENSs et les observateurs de terrain de la LPO \u00e0 pr\u00e9senter un \u00e9tat des questions et actions relatives au r\u00f4le du littoral dans la captation carbone. Cr\u00e9\u00e9 en 2018 lors de l\u2019\u00e9mergence de LRTZC, le Forum des acteurs de la [&hellip;]<\/p>\n","protected":false},"author":1,"featured_media":2471,"parent":289,"menu_order":3,"comment_status":"closed","ping_status":"closed","template":"page-sous-partie.php","meta":{"inline_featured_image":false,"footnotes":""},"categories":[],"tags":[37,36,35,20,38],"acf":[],"_links":{"self":[{"href":"https:\/\/dev-durable.agglo-larochelle.fr\/2023\/wp-json\/wp\/v2\/pages\/3066"}],"collection":[{"href":"https:\/\/dev-durable.agglo-larochelle.fr\/2023\/wp-json\/wp\/v2\/pages"}],"about":[{"href":"https:\/\/dev-durable.agglo-larochelle.fr\/2023\/wp-json\/wp\/v2\/types\/page"}],"author":[{"embeddable":true,"href":"https:\/\/dev-durable.agglo-larochelle.fr\/2023\/wp-json\/wp\/v2\/users\/1"}],"replies":[{"embeddable":true,"href":"https:\/\/dev-durable.agglo-larochelle.fr\/2023\/wp-json\/wp\/v2\/comments?post=3066"}],"version-history":[{"count":2,"href":"https:\/\/dev-durable.agglo-larochelle.fr\/2023\/wp-json\/wp\/v2\/pages\/3066\/revisions"}],"predecessor-version":[{"id":3068,"href":"https:\/\/dev-durable.agglo-larochelle.fr\/2023\/wp-json\/wp\/v2\/pages\/3066\/revisions\/3068"}],"up":[{"embeddable":true,"href":"https:\/\/dev-durable.agglo-larochelle.fr\/2023\/wp-json\/wp\/v2\/pages\/289"}],"wp:featuredmedia":[{"embeddable":true,"href":"https:\/\/dev-durable.agglo-larochelle.fr\/2023\/wp-json\/wp\/v2\/media\/2471"}],"wp:attachment":[{"href":"https:\/\/dev-durable.agglo-larochelle.fr\/2023\/wp-json\/wp\/v2\/media?parent=3066"}],"wp:term":[{"taxonomy":"category","embeddable":true,"href":"https:\/\/dev-durable.agglo-larochelle.fr\/2023\/wp-json\/wp\/v2\/categories?post=3066"},{"taxonomy":"post_tag","embeddable":true,"href":"https:\/\/dev-durable.agglo-larochelle.fr\/2023\/wp-json\/wp\/v2\/tags?post=3066"}],"curies":[{"name":"wp","href":"https:\/\/api.w.org\/{rel}","templated":true}]}}

Le Carbone bleu au cœur des échanges du Forum des acteurs de la transition

<p><strong>En juin, le Forum des acteurs de la transition a invité les scientifiques du laboratoire LIENSs et les observateurs de terrain de la LPO à présenter un état des questions et actions relatives au rôle du littoral dans la captation carbone.</strong></p>
<p>Créé en 2018 lors de l’émergence de LRTZC, le Forum des acteurs de la transition a pour objectif de réunir les acteurs de la transition sur le territoire (associations, universitaires, etc.) et de proposer aux habitants un dialogue propice à l’émergence d’initiatives locales. L’organisation du Forum compte notamment la Ville de La Rochelle et l’Agglo, La Rochelle Université, l’ÉCOLE de la mer, la LPO, l’Ifrée, les Petits Débrouillards, etc. Ils organisent deux fois par an des événements autour de la transition. </p>
<p>L’état de la recherche présenté lors de la session de juin a ensuite fait l’objet d’ateliers de sensibilisation, animés par les chercheurs du LIENSs.</p>

<p>En juin, le Forum des acteurs de la transition a invité les scientifiques du laboratoire LIENSs et les observateurs de terrain de la LPO à présenter un état des questions et actions relatives au rôle du littoral dans la captation carbone. Créé en 2018 lors de l’émergence de LRTZC, le Forum des acteurs de la [&hellip;]</p>
