{"id":3073,"date":"2023-11-17T15:59:29","date_gmt":"2023-11-17T14:59:29","guid":{"rendered":"https:\/\/dev-durable.agglo-larochelle.fr\/2023\/?page_id=3073"},"modified":"2023-11-21T09:27:14","modified_gmt":"2023-11-21T08:27:14","slug":"ateliers-creatifs-et-masterclass-a-la-mediatheque-michel-crepeau","status":"publish","type":"page","link":"https:\/\/dev-durable.agglo-larochelle.fr\/2023\/un-territoire-creative\/culture\/ateliers-creatifs-et-masterclass-a-la-mediatheque-michel-crepeau\/","title":{"rendered":"Ateliers cr\u00e9atifs et masterclass \u00e0 la m\u00e9diath\u00e8que Michel-Cr\u00e9peau"},"content":{"rendered":"\n<p><strong>Avec des ateliers destin\u00e9s \u00e0 la jeunesse, des ateliers d\u2019\u00e9criture et une masterclass autour du rap, la m\u00e9diath\u00e8que communautaire a propos\u00e9 toute l\u2019ann\u00e9e des animations cr\u00e9atives et ouvertes \u00e0 tous.<\/strong><\/p>\n<p>Les ateliers et masterclass propos\u00e9s par la m\u00e9diath\u00e8que Michel-Cr\u00e9peau mettent en contact les participants, enfants, ados et adultes, avec des artistes et animateurs professionnels, afin de proposer des activit\u00e9s accessibles, adapt\u00e9es et cr\u00e9atives\u00a0: illustrateurs et illustratrices jeunesse, sc\u00e9nariste, animatrice d\u2019ateliers d\u2019\u00e9criture, musiciens, etc. Ces ateliers rencontrent \u00e0 chaque fois leur public.<\/p>\n","protected":false},"excerpt":{"rendered":"<p>Avec des ateliers destin\u00e9s \u00e0 la jeunesse, des ateliers d\u2019\u00e9criture et une masterclass autour du rap, la m\u00e9diath\u00e8que communautaire a propos\u00e9 toute l\u2019ann\u00e9e des animations cr\u00e9atives et ouvertes \u00e0 tous. Les ateliers et masterclass propos\u00e9s par la m\u00e9diath\u00e8que Michel-Cr\u00e9peau mettent en contact les participants, enfants, ados et adultes, avec des artistes et animateurs professionnels, afin [&hellip;]<\/p>\n","protected":false},"author":1,"featured_media":2921,"parent":2650,"menu_order":1,"comment_status":"closed","ping_status":"closed","template":"page-sous-partie.php","meta":{"inline_featured_image":false,"footnotes":""},"categories":[],"tags":[17,20],"acf":[],"_links":{"self":[{"href":"https:\/\/dev-durable.agglo-larochelle.fr\/2023\/wp-json\/wp\/v2\/pages\/3073"}],"collection":[{"href":"https:\/\/dev-durable.agglo-larochelle.fr\/2023\/wp-json\/wp\/v2\/pages"}],"about":[{"href":"https:\/\/dev-durable.agglo-larochelle.fr\/2023\/wp-json\/wp\/v2\/types\/page"}],"author":[{"embeddable":true,"href":"https:\/\/dev-durable.agglo-larochelle.fr\/2023\/wp-json\/wp\/v2\/users\/1"}],"replies":[{"embeddable":true,"href":"https:\/\/dev-durable.agglo-larochelle.fr\/2023\/wp-json\/wp\/v2\/comments?post=3073"}],"version-history":[{"count":2,"href":"https:\/\/dev-durable.agglo-larochelle.fr\/2023\/wp-json\/wp\/v2\/pages\/3073\/revisions"}],"predecessor-version":[{"id":3075,"href":"https:\/\/dev-durable.agglo-larochelle.fr\/2023\/wp-json\/wp\/v2\/pages\/3073\/revisions\/3075"}],"up":[{"embeddable":true,"href":"https:\/\/dev-durable.agglo-larochelle.fr\/2023\/wp-json\/wp\/v2\/pages\/2650"}],"wp:featuredmedia":[{"embeddable":true,"href":"https:\/\/dev-durable.agglo-larochelle.fr\/2023\/wp-json\/wp\/v2\/media\/2921"}],"wp:attachment":[{"href":"https:\/\/dev-durable.agglo-larochelle.fr\/2023\/wp-json\/wp\/v2\/media?parent=3073"}],"wp:term":[{"taxonomy":"category","embeddable":true,"href":"https:\/\/dev-durable.agglo-larochelle.fr\/2023\/wp-json\/wp\/v2\/categories?post=3073"},{"taxonomy":"post_tag","embeddable":true,"href":"https:\/\/dev-durable.agglo-larochelle.fr\/2023\/wp-json\/wp\/v2\/tags?post=3073"}],"curies":[{"name":"wp","href":"https:\/\/api.w.org\/{rel}","templated":true}]}}

Ateliers créatifs et masterclass à la médiathèque Michel-Crépeau

<p><strong>Avec des ateliers destinés à la jeunesse, des ateliers d’écriture et une masterclass autour du rap, la médiathèque communautaire a proposé toute l’année des animations créatives et ouvertes à tous.</strong></p>
<p>Les ateliers et masterclass proposés par la médiathèque Michel-Crépeau mettent en contact les participants, enfants, ados et adultes, avec des artistes et animateurs professionnels, afin de proposer des activités accessibles, adaptées et créatives : illustrateurs et illustratrices jeunesse, scénariste, animatrice d’ateliers d’écriture, musiciens, etc. Ces ateliers rencontrent à chaque fois leur public.</p>

<p>Avec des ateliers destinés à la jeunesse, des ateliers d’écriture et une masterclass autour du rap, la médiathèque communautaire a proposé toute l’année des animations créatives et ouvertes à tous. Les ateliers et masterclass proposés par la médiathèque Michel-Crépeau mettent en contact les participants, enfants, ados et adultes, avec des artistes et animateurs professionnels, afin [&hellip;]</p>
