{"id":3076,"date":"2023-11-17T16:04:52","date_gmt":"2023-11-17T15:04:52","guid":{"rendered":"https:\/\/dev-durable.agglo-larochelle.fr\/2023\/?page_id=3076"},"modified":"2023-12-12T11:06:28","modified_gmt":"2023-12-12T10:06:28","slug":"avec-imagine-ta-vie-en-2040-les-eleves-de-lagglomeration-se-projettent-sur-leur-territoire","status":"publish","type":"page","link":"https:\/\/dev-durable.agglo-larochelle.fr\/2023\/un-territoire-creative\/accompagnement-au-changement\/avec-imagine-ta-vie-en-2040-les-eleves-de-lagglomeration-se-projettent-sur-leur-territoire\/","title":{"rendered":"Avec \u00ab\u00a0Imagine ta vie en 2040\u00a0\u00bb, les \u00e9l\u00e8ves de l\u2019Agglom\u00e9ration se projettent sur leur territoire"},"content":{"rendered":"\n<p><strong>Cinq classes d\u2019\u00e9tablissements scolaires de l\u2019Agglom\u00e9ration, de la 4<sup>e<\/sup> \u00e0 la Terminale, avaient r\u00e9pondu favorablement \u00e0 l\u2019appel \u00e0 projets de l\u2019Agglom\u00e9ration, \u00ab Imagine ta vie en 2040 dans une agglom\u00e9ration sobre en carbone.\u00a0\u00bb Les \u00e9l\u00e8ves ont livr\u00e9 leurs sc\u00e9narios en juin 2023.<\/strong><\/p>\n<p>L\u2019appel \u00e0 projets \u00e9tait \u00e0 destination des \u00e9coles, coll\u00e8ges et lyc\u00e9es de l\u2019Agglom\u00e9ration et avait pour but d\u2019encourager les \u00e9l\u00e8ves \u00e0 approfondir leur r\u00e9flexion sur des questions du quotidien qui les concernent au premier chef. Cinq classes de la 4e \u00e0 la terminale se sont pr\u00eat\u00e9es au jeu et ont restitu\u00e9 leurs travaux en juin dernier \u00e0 la Maison de l\u2019\u00e9tudiant de La Rochelle Universit\u00e9. La d\u00e9marche a amen\u00e9 les \u00e9l\u00e8ves \u00e0 se documenter et \u00e0 aller chercher l\u2019information aupr\u00e8s d\u2019acteurs locaux \u0153uvrant dans l\u2019environnement. Ils ont alors imagin\u00e9 et cr\u00e9\u00e9 des journaux, podcasts, sites Internet ou magazines traitant des risques de submersion, du logement, de l\u2019alimentation, des transports, de la mode, du num\u00e9rique\u2026 Un nouvel appel \u00e0 projets est en cours.<\/p>\n","protected":false},"excerpt":{"rendered":"<p>Cinq classes d\u2019\u00e9tablissements scolaires de l\u2019Agglom\u00e9ration, de la 4e \u00e0 la Terminale, avaient r\u00e9pondu favorablement \u00e0 l\u2019appel \u00e0 projets de l\u2019Agglom\u00e9ration, \u00ab Imagine ta vie en 2040 dans une agglom\u00e9ration sobre en carbone.\u00a0\u00bb Les \u00e9l\u00e8ves ont livr\u00e9 leurs sc\u00e9narios en juin 2023. L\u2019appel \u00e0 projets \u00e9tait \u00e0 destination des \u00e9coles, coll\u00e8ges et lyc\u00e9es de l\u2019Agglom\u00e9ration [&hellip;]<\/p>\n","protected":false},"author":1,"featured_media":3708,"parent":3151,"menu_order":1,"comment_status":"closed","ping_status":"closed","template":"page-sous-partie.php","meta":{"inline_featured_image":false,"footnotes":""},"categories":[],"tags":[17,20,34],"acf":[],"_links":{"self":[{"href":"https:\/\/dev-durable.agglo-larochelle.fr\/2023\/wp-json\/wp\/v2\/pages\/3076"}],"collection":[{"href":"https:\/\/dev-durable.agglo-larochelle.fr\/2023\/wp-json\/wp\/v2\/pages"}],"about":[{"href":"https:\/\/dev-durable.agglo-larochelle.fr\/2023\/wp-json\/wp\/v2\/types\/page"}],"author":[{"embeddable":true,"href":"https:\/\/dev-durable.agglo-larochelle.fr\/2023\/wp-json\/wp\/v2\/users\/1"}],"replies":[{"embeddable":true,"href":"https:\/\/dev-durable.agglo-larochelle.fr\/2023\/wp-json\/wp\/v2\/comments?post=3076"}],"version-history":[{"count":2,"href":"https:\/\/dev-durable.agglo-larochelle.fr\/2023\/wp-json\/wp\/v2\/pages\/3076\/revisions"}],"predecessor-version":[{"id":3078,"href":"https:\/\/dev-durable.agglo-larochelle.fr\/2023\/wp-json\/wp\/v2\/pages\/3076\/revisions\/3078"}],"up":[{"embeddable":true,"href":"https:\/\/dev-durable.agglo-larochelle.fr\/2023\/wp-json\/wp\/v2\/pages\/3151"}],"wp:featuredmedia":[{"embeddable":true,"href":"https:\/\/dev-durable.agglo-larochelle.fr\/2023\/wp-json\/wp\/v2\/media\/3708"}],"wp:attachment":[{"href":"https:\/\/dev-durable.agglo-larochelle.fr\/2023\/wp-json\/wp\/v2\/media?parent=3076"}],"wp:term":[{"taxonomy":"category","embeddable":true,"href":"https:\/\/dev-durable.agglo-larochelle.fr\/2023\/wp-json\/wp\/v2\/categories?post=3076"},{"taxonomy":"post_tag","embeddable":true,"href":"https:\/\/dev-durable.agglo-larochelle.fr\/2023\/wp-json\/wp\/v2\/tags?post=3076"}],"curies":[{"name":"wp","href":"https:\/\/api.w.org\/{rel}","templated":true}]}}

Avec « Imagine ta vie en 2040 », les élèves de l’Agglomération se projettent sur leur territoire

<p><strong>Cinq classes d’établissements scolaires de l’Agglomération, de la 4<sup>e</sup> à la Terminale, avaient répondu favorablement à l’appel à projets de l’Agglomération, « Imagine ta vie en 2040 dans une agglomération sobre en carbone. » Les élèves ont livré leurs scénarios en juin 2023.</strong></p>
<p>L’appel à projets était à destination des écoles, collèges et lycées de l’Agglomération et avait pour but d’encourager les élèves à approfondir leur réflexion sur des questions du quotidien qui les concernent au premier chef. Cinq classes de la 4e à la terminale se sont prêtées au jeu et ont restitué leurs travaux en juin dernier à la Maison de l’étudiant de La Rochelle Université. La démarche a amené les élèves à se documenter et à aller chercher l’information auprès d’acteurs locaux œuvrant dans l’environnement. Ils ont alors imaginé et créé des journaux, podcasts, sites Internet ou magazines traitant des risques de submersion, du logement, de l’alimentation, des transports, de la mode, du numérique… Un nouvel appel à projets est en cours.</p>

<p>Cinq classes d’établissements scolaires de l’Agglomération, de la 4e à la Terminale, avaient répondu favorablement à l’appel à projets de l’Agglomération, « Imagine ta vie en 2040 dans une agglomération sobre en carbone. » Les élèves ont livré leurs scénarios en juin 2023. L’appel à projets était à destination des écoles, collèges et lycées de l’Agglomération [&hellip;]</p>
