{"id":3107,"date":"2023-11-20T16:27:27","date_gmt":"2023-11-20T15:27:27","guid":{"rendered":"https:\/\/dev-durable.agglo-larochelle.fr\/2023\/?page_id=3107"},"modified":"2023-11-21T14:00:39","modified_gmt":"2023-11-21T13:00:39","slug":"futur-contrat-de-ville-2024-2030","status":"publish","type":"page","link":"https:\/\/dev-durable.agglo-larochelle.fr\/2023\/un-territoire-solidaire\/politique-de-la-ville\/futur-contrat-de-ville-2024-2030\/","title":{"rendered":"Un nouveau Contrat de Ville 2024-2030 pour les quartiers de l\u2019Agglom\u00e9ration"},"content":{"rendered":"\n<p><strong>Le Contrat de Ville de l\u2019Agglom\u00e9ration sign\u00e9 en 2015 arrive \u00e0 \u00e9ch\u00e9ance \u00e0 la fin de l\u2019ann\u00e9e 2023. Le nouveau Contrat sera conclu pour une p\u00e9riode de 6 ans.<\/strong><\/p>\n<p>Ce Contrat concerne les trois quartiers dits \u00ab\u00a0prioritaires\u00a0\u00bb de Mireuil, Port-Neuf et Villeneuve-les-Salines. S\u2019y ajoutent deux quartiers, dits de \u00ab\u00a0veille active\u00a0\u00bb\u00a0: Laleu-La Pallice \u00e0 La Rochelle, pr\u00e9cis\u00e9ment les secteurs des Sablons, Chirons longs, les b\u00e2timents S et les Guiardes \u00e0 La Rochelle,\u00a0 et la Cit\u00e9 Pierre Loti \u00e0 Aytr\u00e9.<\/p>\n<p>L\u2019\u00e9laboration du nouveau Contrat a \u00e9t\u00e9 engag\u00e9e par l\u2019Agglom\u00e9ration, aux c\u00f4t\u00e9s de l\u2019\u00c9tat, de la Ville de La Rochelle, des acteurs et partenaires de quartiers. Le principe de co-construction de ce nouveau contrat est important. Il sera conclu pour une p\u00e9riode de 6 ans.<\/p>\n<p>En 2023, les subventions de fonctionnement octroy\u00e9es par l\u2019Agglom\u00e9ration dans le cadre de l\u2019actuel contrat se sont port\u00e9es \u00e0 865 990 \u20ac, auxquels sont venus s\u2019ajouter 187\u00a0697 \u20ac de cr\u00e9dits en investissement.<\/p>\n","protected":false},"excerpt":{"rendered":"<p>Le Contrat de Ville de l\u2019Agglom\u00e9ration sign\u00e9 en 2015 arrive \u00e0 \u00e9ch\u00e9ance \u00e0 la fin de l\u2019ann\u00e9e 2023. Le nouveau Contrat sera conclu pour une p\u00e9riode de 6 ans. Ce Contrat concerne les trois quartiers dits \u00ab\u00a0prioritaires\u00a0\u00bb de Mireuil, Port-Neuf et Villeneuve-les-Salines. S\u2019y ajoutent deux quartiers, dits de \u00ab\u00a0veille active\u00a0\u00bb\u00a0: Laleu-La Pallice \u00e0 La Rochelle, [&hellip;]<\/p>\n","protected":false},"author":1,"featured_media":3730,"parent":3099,"menu_order":0,"comment_status":"closed","ping_status":"closed","template":"page-sous-partie.php","meta":{"inline_featured_image":false,"footnotes":""},"categories":[],"tags":[],"acf":[],"_links":{"self":[{"href":"https:\/\/dev-durable.agglo-larochelle.fr\/2023\/wp-json\/wp\/v2\/pages\/3107"}],"collection":[{"href":"https:\/\/dev-durable.agglo-larochelle.fr\/2023\/wp-json\/wp\/v2\/pages"}],"about":[{"href":"https:\/\/dev-durable.agglo-larochelle.fr\/2023\/wp-json\/wp\/v2\/types\/page"}],"author":[{"embeddable":true,"href":"https:\/\/dev-durable.agglo-larochelle.fr\/2023\/wp-json\/wp\/v2\/users\/1"}],"replies":[{"embeddable":true,"href":"https:\/\/dev-durable.agglo-larochelle.fr\/2023\/wp-json\/wp\/v2\/comments?post=3107"}],"version-history":[{"count":5,"href":"https:\/\/dev-durable.agglo-larochelle.fr\/2023\/wp-json\/wp\/v2\/pages\/3107\/revisions"}],"predecessor-version":[{"id":3306,"href":"https:\/\/dev-durable.agglo-larochelle.fr\/2023\/wp-json\/wp\/v2\/pages\/3107\/revisions\/3306"}],"up":[{"embeddable":true,"href":"https:\/\/dev-durable.agglo-larochelle.fr\/2023\/wp-json\/wp\/v2\/pages\/3099"}],"wp:featuredmedia":[{"embeddable":true,"href":"https:\/\/dev-durable.agglo-larochelle.fr\/2023\/wp-json\/wp\/v2\/media\/3730"}],"wp:attachment":[{"href":"https:\/\/dev-durable.agglo-larochelle.fr\/2023\/wp-json\/wp\/v2\/media?parent=3107"}],"wp:term":[{"taxonomy":"category","embeddable":true,"href":"https:\/\/dev-durable.agglo-larochelle.fr\/2023\/wp-json\/wp\/v2\/categories?post=3107"},{"taxonomy":"post_tag","embeddable":true,"href":"https:\/\/dev-durable.agglo-larochelle.fr\/2023\/wp-json\/wp\/v2\/tags?post=3107"}],"curies":[{"name":"wp","href":"https:\/\/api.w.org\/{rel}","templated":true}]}}

Un nouveau Contrat de Ville 2024-2030 pour les quartiers de l’Agglomération

<p><strong>Le Contrat de Ville de l’Agglomération signé en 2015 arrive à échéance à la fin de l’année 2023. Le nouveau Contrat sera conclu pour une période de 6 ans.</strong></p>
<p>Ce Contrat concerne les trois quartiers dits « prioritaires » de Mireuil, Port-Neuf et Villeneuve-les-Salines. S’y ajoutent deux quartiers, dits de « veille active » : Laleu-La Pallice à La Rochelle, précisément les secteurs des Sablons, Chirons longs, les bâtiments S et les Guiardes à La Rochelle,  et la Cité Pierre Loti à Aytré.</p>
<p>L’élaboration du nouveau Contrat a été engagée par l’Agglomération, aux côtés de l’État, de la Ville de La Rochelle, des acteurs et partenaires de quartiers. Le principe de co-construction de ce nouveau contrat est important. Il sera conclu pour une période de 6 ans.</p>
<p>En 2023, les subventions de fonctionnement octroyées par l’Agglomération dans le cadre de l’actuel contrat se sont portées à 865 990 €, auxquels sont venus s’ajouter 187 697 € de crédits en investissement.</p>

<p>Le Contrat de Ville de l’Agglomération signé en 2015 arrive à échéance à la fin de l’année 2023. Le nouveau Contrat sera conclu pour une période de 6 ans. Ce Contrat concerne les trois quartiers dits « prioritaires » de Mireuil, Port-Neuf et Villeneuve-les-Salines. S’y ajoutent deux quartiers, dits de « veille active » : Laleu-La Pallice à La Rochelle, [&hellip;]</p>
