{"id":3110,"date":"2023-11-20T16:29:22","date_gmt":"2023-11-20T15:29:22","guid":{"rendered":"https:\/\/dev-durable.agglo-larochelle.fr\/2023\/?page_id=3110"},"modified":"2023-12-05T16:24:28","modified_gmt":"2023-12-05T15:24:28","slug":"un-nouveau-plan-local-dinsertion-par-lemploi-pour-la-periode-2022-2026","status":"publish","type":"page","link":"https:\/\/dev-durable.agglo-larochelle.fr\/2023\/un-territoire-solidaire\/insertion\/un-nouveau-plan-local-dinsertion-par-lemploi-pour-la-periode-2022-2026\/","title":{"rendered":"Un nouveau Plan Local d\u2019Insertion par l\u2019Emploi pour la p\u00e9riode 2022-2026"},"content":{"rendered":"\n<p><strong>Le nouveau Plan Local d\u2019Insertion par l\u2019Emploi (PLIE) 2022-2026 est en \u0153uvre depuis l\u2019an dernier. Ce dispositif partenarial permet d\u2019accompagner jusqu\u2019\u00e0 750 personnes chaque ann\u00e9e.<\/strong><\/p>\n<p>Le Plan Local d\u2019Insertion par l\u2019Emploi (PLIE) est un dispositif territorial port\u00e9 par l\u2019Agglom\u00e9ration en partenariat avec l\u2019\u00c9tat, la R\u00e9gion Nouvelle-Aquitaine et le D\u00e9partement de la Charente-Maritime, destin\u00e9 \u00e0 favoriser l\u2019acc\u00e8s ou le retour \u00e0 l\u2019emploi des demandeurs de longue dur\u00e9e. Le PLIE est con\u00e7u pour suivre 750 personnes par an, sur des actions adapt\u00e9es\u00a0: lev\u00e9e des freins sociaux, ateliers en interne, ateliers mutualis\u00e9s, formations, relations entreprise, etc. 614 personnes ont \u00e9t\u00e9 accompagn\u00e9es en 2022, et ce pendant une p\u00e9riode moyenne de 18 mois. Le dispositif est cofinanc\u00e9 par le Fonds Social Europ\u00e9en +.<\/p>\n","protected":false},"excerpt":{"rendered":"<p>Le nouveau Plan Local d\u2019Insertion par l\u2019Emploi (PLIE) 2022-2026 est en \u0153uvre depuis l\u2019an dernier. Ce dispositif partenarial permet d\u2019accompagner jusqu\u2019\u00e0 750 personnes chaque ann\u00e9e. Le Plan Local d\u2019Insertion par l\u2019Emploi (PLIE) est un dispositif territorial port\u00e9 par l\u2019Agglom\u00e9ration en partenariat avec l\u2019\u00c9tat, la R\u00e9gion Nouvelle-Aquitaine et le D\u00e9partement de la Charente-Maritime, destin\u00e9 \u00e0 favoriser [&hellip;]<\/p>\n","protected":false},"author":1,"featured_media":3667,"parent":312,"menu_order":0,"comment_status":"closed","ping_status":"closed","template":"page-sous-partie.php","meta":{"inline_featured_image":false,"footnotes":""},"categories":[],"tags":[27,43,65,44],"acf":[],"_links":{"self":[{"href":"https:\/\/dev-durable.agglo-larochelle.fr\/2023\/wp-json\/wp\/v2\/pages\/3110"}],"collection":[{"href":"https:\/\/dev-durable.agglo-larochelle.fr\/2023\/wp-json\/wp\/v2\/pages"}],"about":[{"href":"https:\/\/dev-durable.agglo-larochelle.fr\/2023\/wp-json\/wp\/v2\/types\/page"}],"author":[{"embeddable":true,"href":"https:\/\/dev-durable.agglo-larochelle.fr\/2023\/wp-json\/wp\/v2\/users\/1"}],"replies":[{"embeddable":true,"href":"https:\/\/dev-durable.agglo-larochelle.fr\/2023\/wp-json\/wp\/v2\/comments?post=3110"}],"version-history":[{"count":5,"href":"https:\/\/dev-durable.agglo-larochelle.fr\/2023\/wp-json\/wp\/v2\/pages\/3110\/revisions"}],"predecessor-version":[{"id":3654,"href":"https:\/\/dev-durable.agglo-larochelle.fr\/2023\/wp-json\/wp\/v2\/pages\/3110\/revisions\/3654"}],"up":[{"embeddable":true,"href":"https:\/\/dev-durable.agglo-larochelle.fr\/2023\/wp-json\/wp\/v2\/pages\/312"}],"wp:featuredmedia":[{"embeddable":true,"href":"https:\/\/dev-durable.agglo-larochelle.fr\/2023\/wp-json\/wp\/v2\/media\/3667"}],"wp:attachment":[{"href":"https:\/\/dev-durable.agglo-larochelle.fr\/2023\/wp-json\/wp\/v2\/media?parent=3110"}],"wp:term":[{"taxonomy":"category","embeddable":true,"href":"https:\/\/dev-durable.agglo-larochelle.fr\/2023\/wp-json\/wp\/v2\/categories?post=3110"},{"taxonomy":"post_tag","embeddable":true,"href":"https:\/\/dev-durable.agglo-larochelle.fr\/2023\/wp-json\/wp\/v2\/tags?post=3110"}],"curies":[{"name":"wp","href":"https:\/\/api.w.org\/{rel}","templated":true}]}}