{"id":3122,"date":"2023-11-20T16:47:49","date_gmt":"2023-11-20T15:47:49","guid":{"rendered":"https:\/\/dev-durable.agglo-larochelle.fr\/2023\/?page_id=3122"},"modified":"2023-11-20T16:47:49","modified_gmt":"2023-11-20T15:47:49","slug":"le-club-de-lachat-social-et-solidaire-prend-de-lampleur","status":"publish","type":"page","link":"https:\/\/dev-durable.agglo-larochelle.fr\/2023\/un-territoire-solidaire\/insertion\/le-club-de-lachat-social-et-solidaire-prend-de-lampleur\/","title":{"rendered":"Le \u00ab\u00a0Club de l\u2019achat social et solidaire\u00a0\u00bb prend de l\u2019ampleur"},"content":{"rendered":"\n<p><strong>Le \u00ab\u00a0Club de l\u2019achat social et solidaire\u00a0\u00bb a permis d\u2019employer pr\u00e8s de 500 personnes sur 140 \u00e9quivalents temps plein sur l\u2019ensemble des march\u00e9s de travaux et services des partenaires. 250 march\u00e9s, concernant 113 entreprises et 8 structures d\u2019insertion, ont fait l\u2019objet de clauses sociales.<\/strong><\/p>\n<p>Le \u00ab Club de l\u2019achat social et solidaire \u00bb comprend 7 membres permanents : l\u2019Agglo, la Ville de La Rochelle, l\u2019Office Public de l\u2019Habitat, Habitat 17, Immobili\u00e8re Atlantic Am\u00e9nagement, Port Atlantique La Rochelle et Alstom. D\u2019autres partenaires du secteur de la construction et de l\u2019immobilier adh\u00e8rent ponctuellement dans le cadre d\u2019op\u00e9rations, et s\u2019engagent \u00e0 ins\u00e9rer des clauses sociales dans la majorit\u00e9 de leurs march\u00e9s de travaux, de services ou de prestations intellectuelles. Une convention d\u00e9finit ce partenariat pilot\u00e9 par l\u2019Agglom\u00e9ration. Depuis 2022, ce dispositif conna\u00eet une \u00ab\u00a0mont\u00e9e en charge\u00a0\u00bb de son activit\u00e9, avec 224 810 heures d\u2019insertion, soit 140 \u00e9quivalents temps plein r\u00e9alis\u00e9s en 2022 (115 en 2021) et 250 march\u00e9s faisant l\u2019objet de clauses sociales.<\/p>\n","protected":false},"excerpt":{"rendered":"<p>Le \u00ab\u00a0Club de l\u2019achat social et solidaire\u00a0\u00bb a permis d\u2019employer pr\u00e8s de 500 personnes sur 140 \u00e9quivalents temps plein sur l\u2019ensemble des march\u00e9s de travaux et services des partenaires. 250 march\u00e9s, concernant 113 entreprises et 8 structures d\u2019insertion, ont fait l\u2019objet de clauses sociales. Le \u00ab Club de l\u2019achat social et solidaire \u00bb comprend 7 [&hellip;]<\/p>\n","protected":false},"author":1,"featured_media":3673,"parent":312,"menu_order":0,"comment_status":"closed","ping_status":"closed","template":"page-sous-partie.php","meta":{"inline_featured_image":false,"footnotes":""},"categories":[],"tags":[27,18,43,44],"acf":[],"_links":{"self":[{"href":"https:\/\/dev-durable.agglo-larochelle.fr\/2023\/wp-json\/wp\/v2\/pages\/3122"}],"collection":[{"href":"https:\/\/dev-durable.agglo-larochelle.fr\/2023\/wp-json\/wp\/v2\/pages"}],"about":[{"href":"https:\/\/dev-durable.agglo-larochelle.fr\/2023\/wp-json\/wp\/v2\/types\/page"}],"author":[{"embeddable":true,"href":"https:\/\/dev-durable.agglo-larochelle.fr\/2023\/wp-json\/wp\/v2\/users\/1"}],"replies":[{"embeddable":true,"href":"https:\/\/dev-durable.agglo-larochelle.fr\/2023\/wp-json\/wp\/v2\/comments?post=3122"}],"version-history":[{"count":2,"href":"https:\/\/dev-durable.agglo-larochelle.fr\/2023\/wp-json\/wp\/v2\/pages\/3122\/revisions"}],"predecessor-version":[{"id":3124,"href":"https:\/\/dev-durable.agglo-larochelle.fr\/2023\/wp-json\/wp\/v2\/pages\/3122\/revisions\/3124"}],"up":[{"embeddable":true,"href":"https:\/\/dev-durable.agglo-larochelle.fr\/2023\/wp-json\/wp\/v2\/pages\/312"}],"wp:featuredmedia":[{"embeddable":true,"href":"https:\/\/dev-durable.agglo-larochelle.fr\/2023\/wp-json\/wp\/v2\/media\/3673"}],"wp:attachment":[{"href":"https:\/\/dev-durable.agglo-larochelle.fr\/2023\/wp-json\/wp\/v2\/media?parent=3122"}],"wp:term":[{"taxonomy":"category","embeddable":true,"href":"https:\/\/dev-durable.agglo-larochelle.fr\/2023\/wp-json\/wp\/v2\/categories?post=3122"},{"taxonomy":"post_tag","embeddable":true,"href":"https:\/\/dev-durable.agglo-larochelle.fr\/2023\/wp-json\/wp\/v2\/tags?post=3122"}],"curies":[{"name":"wp","href":"https:\/\/api.w.org\/{rel}","templated":true}]}}

<p><strong>Le « Club de l’achat social et solidaire » a permis d’employer près de 500 personnes sur 140 équivalents temps plein sur l’ensemble des marchés de travaux et services des partenaires. 250 marchés, concernant 113 entreprises et 8 structures d’insertion, ont fait l’objet de clauses sociales.</strong></p>
<p>Le « Club de l’achat social et solidaire » comprend 7 membres permanents : l’Agglo, la Ville de La Rochelle, l’Office Public de l’Habitat, Habitat 17, Immobilière Atlantic Aménagement, Port Atlantique La Rochelle et Alstom. D’autres partenaires du secteur de la construction et de l’immobilier adhèrent ponctuellement dans le cadre d’opérations, et s’engagent à insérer des clauses sociales dans la majorité de leurs marchés de travaux, de services ou de prestations intellectuelles. Une convention définit ce partenariat piloté par l’Agglomération. Depuis 2022, ce dispositif connaît une « montée en charge » de son activité, avec 224 810 heures d’insertion, soit 140 équivalents temps plein réalisés en 2022 (115 en 2021) et 250 marchés faisant l’objet de clauses sociales.</p>

<p>Le « Club de l’achat social et solidaire » a permis d’employer près de 500 personnes sur 140 équivalents temps plein sur l’ensemble des marchés de travaux et services des partenaires. 250 marchés, concernant 113 entreprises et 8 structures d’insertion, ont fait l’objet de clauses sociales. Le « Club de l’achat social et solidaire » comprend 7 [&hellip;]</p>
