{"id":3132,"date":"2023-11-20T17:05:48","date_gmt":"2023-11-20T16:05:48","guid":{"rendered":"https:\/\/dev-durable.agglo-larochelle.fr\/2023\/?page_id=3132"},"modified":"2023-11-20T17:07:29","modified_gmt":"2023-11-20T16:07:29","slug":"rapport-2023-de-lagglomeration-sur-la-situation-en-matiere-degalite-femmes-hommes-sur-le-territoire","status":"publish","type":"page","link":"https:\/\/dev-durable.agglo-larochelle.fr\/2023\/un-territoire-solidaire\/inclusion\/rapport-2023-de-lagglomeration-sur-la-situation-en-matiere-degalite-femmes-hommes-sur-le-territoire\/","title":{"rendered":"Rapport 2023 de l\u2019Agglom\u00e9ration sur la situation en mati\u00e8re d\u2019\u00e9galit\u00e9 femmes-hommes sur le territoire"},"content":{"rendered":"\n<p><strong>L\u2019\u00e9laboration de ce rapport annuel met en lumi\u00e8re les actions existantes pilot\u00e9es ou soutenues par les services de l\u2019Agglom\u00e9ration en faveur de l\u2019\u00e9galit\u00e9 femmes-hommes, en interne et sur le territoire en 2023.<\/strong><\/p>\n<p>La collectivit\u00e9 est tenue d\u2019\u00e9laborer chaque ann\u00e9e un rapport sur la situation en mati\u00e8re d\u2019\u00e9galit\u00e9 femmes-hommes sur le territoire. Ce document fait un \u00e9tat de la politique de ressources humaines de la collectivit\u00e9 et des politiques publiques de l\u2019Agglom\u00e9ration en faveur de l&rsquo;\u00e9galit\u00e9 femmes-hommes aupr\u00e8s des habitant\u00b7es. En 2023, 6 grands axes d&rsquo;interventions ont orient\u00e9 la politique communautaire d\u2019\u00e9galit\u00e9 : promouvoir une culture d&rsquo;\u00e9galit\u00e9 ; avoir une approche int\u00e9gr\u00e9e de l\u2019\u00e9galit\u00e9 dans les politiques publiques\u00a0; faciliter l\u2019acc\u00e8s des femmes \u00e0 l\u2019emploi\u00a0; garantir aux femmes l\u2019acc\u00e8s \u00e0 la mobilit\u00e9 et l\u2019appropriation de l\u2019espace public\u00a0; lutter contre les violences sexistes et sexuelles ; culture, sport et loisirs pour toutes et tous. Le rapport est accessible en ligne sur <a href=\"http:\/\/www.agglo-larochelle.fr\/egalite-femmes-hommes\" target=\"_blank\" rel=\"noopener\">www.agglo-larochelle.fr\/egalite-femmes-hommes.<\/a><\/p>\n","protected":false},"excerpt":{"rendered":"<p>L\u2019\u00e9laboration de ce rapport annuel met en lumi\u00e8re les actions existantes pilot\u00e9es ou soutenues par les services de l\u2019Agglom\u00e9ration en faveur de l\u2019\u00e9galit\u00e9 femmes-hommes, en interne et sur le territoire en 2023. La collectivit\u00e9 est tenue d\u2019\u00e9laborer chaque ann\u00e9e un rapport sur la situation en mati\u00e8re d\u2019\u00e9galit\u00e9 femmes-hommes sur le territoire. Ce document fait un [&hellip;]<\/p>\n","protected":false},"author":1,"featured_media":3676,"parent":3130,"menu_order":0,"comment_status":"closed","ping_status":"closed","template":"page-sous-partie.php","meta":{"inline_featured_image":false,"footnotes":""},"categories":[],"tags":[46],"acf":[],"_links":{"self":[{"href":"https:\/\/dev-durable.agglo-larochelle.fr\/2023\/wp-json\/wp\/v2\/pages\/3132"}],"collection":[{"href":"https:\/\/dev-durable.agglo-larochelle.fr\/2023\/wp-json\/wp\/v2\/pages"}],"about":[{"href":"https:\/\/dev-durable.agglo-larochelle.fr\/2023\/wp-json\/wp\/v2\/types\/page"}],"author":[{"embeddable":true,"href":"https:\/\/dev-durable.agglo-larochelle.fr\/2023\/wp-json\/wp\/v2\/users\/1"}],"replies":[{"embeddable":true,"href":"https:\/\/dev-durable.agglo-larochelle.fr\/2023\/wp-json\/wp\/v2\/comments?post=3132"}],"version-history":[{"count":5,"href":"https:\/\/dev-durable.agglo-larochelle.fr\/2023\/wp-json\/wp\/v2\/pages\/3132\/revisions"}],"predecessor-version":[{"id":3138,"href":"https:\/\/dev-durable.agglo-larochelle.fr\/2023\/wp-json\/wp\/v2\/pages\/3132\/revisions\/3138"}],"up":[{"embeddable":true,"href":"https:\/\/dev-durable.agglo-larochelle.fr\/2023\/wp-json\/wp\/v2\/pages\/3130"}],"wp:featuredmedia":[{"embeddable":true,"href":"https:\/\/dev-durable.agglo-larochelle.fr\/2023\/wp-json\/wp\/v2\/media\/3676"}],"wp:attachment":[{"href":"https:\/\/dev-durable.agglo-larochelle.fr\/2023\/wp-json\/wp\/v2\/media?parent=3132"}],"wp:term":[{"taxonomy":"category","embeddable":true,"href":"https:\/\/dev-durable.agglo-larochelle.fr\/2023\/wp-json\/wp\/v2\/categories?post=3132"},{"taxonomy":"post_tag","embeddable":true,"href":"https:\/\/dev-durable.agglo-larochelle.fr\/2023\/wp-json\/wp\/v2\/tags?post=3132"}],"curies":[{"name":"wp","href":"https:\/\/api.w.org\/{rel}","templated":true}]}}

Rapport 2023 de l’Agglomération sur la situation en matière d’égalité femmes-hommes sur le territoire

<p><strong>L’élaboration de ce rapport annuel met en lumière les actions existantes pilotées ou soutenues par les services de l’Agglomération en faveur de l’égalité femmes-hommes, en interne et sur le territoire en 2023.</strong></p>
<p>La collectivité est tenue d’élaborer chaque année un rapport sur la situation en matière d’égalité femmes-hommes sur le territoire. Ce document fait un état de la politique de ressources humaines de la collectivité et des politiques publiques de l’Agglomération en faveur de l&rsquo;égalité femmes-hommes auprès des habitant·es. En 2023, 6 grands axes d&rsquo;interventions ont orienté la politique communautaire d’égalité : promouvoir une culture d&rsquo;égalité ; avoir une approche intégrée de l’égalité dans les politiques publiques ; faciliter l’accès des femmes à l’emploi ; garantir aux femmes l’accès à la mobilité et l’appropriation de l’espace public ; lutter contre les violences sexistes et sexuelles ; culture, sport et loisirs pour toutes et tous. Le rapport est accessible en ligne sur <a href="http://www.agglo-larochelle.fr/egalite-femmes-hommes" target="_blank" rel="noopener">www.agglo-larochelle.fr/egalite-femmes-hommes.</a></p>

<p>L’élaboration de ce rapport annuel met en lumière les actions existantes pilotées ou soutenues par les services de l’Agglomération en faveur de l’égalité femmes-hommes, en interne et sur le territoire en 2023. La collectivité est tenue d’élaborer chaque année un rapport sur la situation en matière d’égalité femmes-hommes sur le territoire. Ce document fait un [&hellip;]</p>
