{"id":3139,"date":"2023-11-20T17:11:23","date_gmt":"2023-11-20T16:11:23","guid":{"rendered":"https:\/\/dev-durable.agglo-larochelle.fr\/2023\/?page_id=3139"},"modified":"2023-11-20T17:11:24","modified_gmt":"2023-11-20T16:11:24","slug":"marquage-en-braille-des-bacs-roulants","status":"publish","type":"page","link":"https:\/\/dev-durable.agglo-larochelle.fr\/2023\/un-territoire-solidaire\/inclusion\/marquage-en-braille-des-bacs-roulants\/","title":{"rendered":"Marquage en braille des bacs roulants"},"content":{"rendered":"\n<p><strong>Les personnes malvoyantes vont d\u00e9sormais pouvoir \u00eatre dot\u00e9es de bacs de tri s\u00e9lectif adapt\u00e9s, avec l\u2019inscription en braille des consignes sur le couvercle, qui leur permettront de contribuer \u00e0 la d\u00e9marche de collecte.<\/strong><\/p>\n<p>Afin de faciliter le geste de tri et l\u2019inclusion des personnes malvoyantes dans le service propos\u00e9, la Direction Gestion et Pr\u00e9vention des D\u00e9chets, dans le cadre de son renouvellement de march\u00e9 de fourniture de bacs roulants pour la collecte des d\u00e9chets, a souhait\u00e9 faire \u00e9voluer son mat\u00e9riel mis \u00e0 disposition des usagers en mettant en place un marquage en braille indiquant le flux de d\u00e9chets.<\/p>\n<p>Le marquage braille transcrit l\u2019inscription du flux en toutes lettres et se situe sur le couvercle couvercle. Le marquage distingue \u00ab\u00a0ordures m\u00e9nag\u00e8res\u00a0\u00bb, \u00ab\u00a0emballages et papiers\u00a0\u00bb, \u00ab\u00a0biod\u00e9chets\u00a0\u00bb et \u00ab\u00a0cartons\u00a0\u00bb.<\/p>\n","protected":false},"excerpt":{"rendered":"<p>Les personnes malvoyantes vont d\u00e9sormais pouvoir \u00eatre dot\u00e9es de bacs de tri s\u00e9lectif adapt\u00e9s, avec l\u2019inscription en braille des consignes sur le couvercle, qui leur permettront de contribuer \u00e0 la d\u00e9marche de collecte. Afin de faciliter le geste de tri et l\u2019inclusion des personnes malvoyantes dans le service propos\u00e9, la Direction Gestion et Pr\u00e9vention des [&hellip;]<\/p>\n","protected":false},"author":1,"featured_media":3678,"parent":3130,"menu_order":0,"comment_status":"closed","ping_status":"closed","template":"page-sous-partie.php","meta":{"inline_featured_image":false,"footnotes":""},"categories":[],"tags":[],"acf":[],"_links":{"self":[{"href":"https:\/\/dev-durable.agglo-larochelle.fr\/2023\/wp-json\/wp\/v2\/pages\/3139"}],"collection":[{"href":"https:\/\/dev-durable.agglo-larochelle.fr\/2023\/wp-json\/wp\/v2\/pages"}],"about":[{"href":"https:\/\/dev-durable.agglo-larochelle.fr\/2023\/wp-json\/wp\/v2\/types\/page"}],"author":[{"embeddable":true,"href":"https:\/\/dev-durable.agglo-larochelle.fr\/2023\/wp-json\/wp\/v2\/users\/1"}],"replies":[{"embeddable":true,"href":"https:\/\/dev-durable.agglo-larochelle.fr\/2023\/wp-json\/wp\/v2\/comments?post=3139"}],"version-history":[{"count":2,"href":"https:\/\/dev-durable.agglo-larochelle.fr\/2023\/wp-json\/wp\/v2\/pages\/3139\/revisions"}],"predecessor-version":[{"id":3141,"href":"https:\/\/dev-durable.agglo-larochelle.fr\/2023\/wp-json\/wp\/v2\/pages\/3139\/revisions\/3141"}],"up":[{"embeddable":true,"href":"https:\/\/dev-durable.agglo-larochelle.fr\/2023\/wp-json\/wp\/v2\/pages\/3130"}],"wp:featuredmedia":[{"embeddable":true,"href":"https:\/\/dev-durable.agglo-larochelle.fr\/2023\/wp-json\/wp\/v2\/media\/3678"}],"wp:attachment":[{"href":"https:\/\/dev-durable.agglo-larochelle.fr\/2023\/wp-json\/wp\/v2\/media?parent=3139"}],"wp:term":[{"taxonomy":"category","embeddable":true,"href":"https:\/\/dev-durable.agglo-larochelle.fr\/2023\/wp-json\/wp\/v2\/categories?post=3139"},{"taxonomy":"post_tag","embeddable":true,"href":"https:\/\/dev-durable.agglo-larochelle.fr\/2023\/wp-json\/wp\/v2\/tags?post=3139"}],"curies":[{"name":"wp","href":"https:\/\/api.w.org\/{rel}","templated":true}]}}

<p><strong>Les personnes malvoyantes vont désormais pouvoir être dotées de bacs de tri sélectif adaptés, avec l’inscription en braille des consignes sur le couvercle, qui leur permettront de contribuer à la démarche de collecte.</strong></p>
<p>Afin de faciliter le geste de tri et l’inclusion des personnes malvoyantes dans le service proposé, la Direction Gestion et Prévention des Déchets, dans le cadre de son renouvellement de marché de fourniture de bacs roulants pour la collecte des déchets, a souhaité faire évoluer son matériel mis à disposition des usagers en mettant en place un marquage en braille indiquant le flux de déchets.</p>
<p>Le marquage braille transcrit l’inscription du flux en toutes lettres et se situe sur le couvercle couvercle. Le marquage distingue « ordures ménagères », « emballages et papiers », « biodéchets » et « cartons ».</p>

<p>Les personnes malvoyantes vont désormais pouvoir être dotées de bacs de tri sélectif adaptés, avec l’inscription en braille des consignes sur le couvercle, qui leur permettront de contribuer à la démarche de collecte. Afin de faciliter le geste de tri et l’inclusion des personnes malvoyantes dans le service proposé, la Direction Gestion et Prévention des [&hellip;]</p>
