{"id":3154,"date":"2023-11-21T09:42:25","date_gmt":"2023-11-21T08:42:25","guid":{"rendered":"https:\/\/dev-durable.agglo-larochelle.fr\/2023\/?page_id=3154"},"modified":"2023-12-12T12:33:22","modified_gmt":"2023-12-12T11:33:22","slug":"le-plui-modifie-pour-integrer-le-projet-de-transition-de-lagglomeration","status":"publish","type":"page","link":"https:\/\/dev-durable.agglo-larochelle.fr\/2023\/un-territoire-sobre\/amenagement\/le-plui-modifie-pour-integrer-le-projet-de-transition-de-lagglomeration\/","title":{"rendered":"Le PLUi modifi\u00e9 pour int\u00e9grer le projet de transition de l\u2019Agglom\u00e9ration"},"content":{"rendered":"\n<p><strong>La modification de droit commun du Plan Local d\u2019Urbanisme intercommunal (PLUi), int\u00e9grant la d\u00e9marche de transition du territoire, a \u00e9t\u00e9 approuv\u00e9e au terme des proc\u00e9dures de concertation et d\u2019enqu\u00eate publique.<\/strong><\/p>\n<p>Une proc\u00e9dure de modification de droit commun du PLUi avait \u00e9t\u00e9 engag\u00e9e en janvier 2022 afin de prendre en compte les nouveaux besoins du territoire, notamment les objectifs et projets de l\u2019Agglom\u00e9ration en terme de transition \u00e9nerg\u00e9tique et de protection de l\u2019environnement (LRTZC, PCAET, Gestion int\u00e9gr\u00e9e des eaux pluviales, \u2026). La proc\u00e9dure engag\u00e9e a fait l\u2019objet d\u2019une concertation, a requis l\u2019avis des communes, des organismes et des personnes publiques associ\u00e9es, et a \u00e9t\u00e9 suivie d\u2019une enqu\u00eate publique. Cette proc\u00e9dure ayant \u00e9t\u00e9 men\u00e9e \u00e0 son terme, le projet de modification de droit commun du PLUi a \u00e9t\u00e9 approuv\u00e9.<\/p>\n","protected":false},"excerpt":{"rendered":"<p>La modification de droit commun du Plan Local d\u2019Urbanisme intercommunal (PLUi), int\u00e9grant la d\u00e9marche de transition du territoire, a \u00e9t\u00e9 approuv\u00e9e au terme des proc\u00e9dures de concertation et d\u2019enqu\u00eate publique. Une proc\u00e9dure de modification de droit commun du PLUi avait \u00e9t\u00e9 engag\u00e9e en janvier 2022 afin de prendre en compte les nouveaux besoins du territoire, [&hellip;]<\/p>\n","protected":false},"author":1,"featured_media":3710,"parent":1516,"menu_order":0,"comment_status":"closed","ping_status":"closed","template":"page-sous-partie.php","meta":{"inline_featured_image":false,"footnotes":""},"categories":[],"tags":[48,56],"acf":[],"_links":{"self":[{"href":"https:\/\/dev-durable.agglo-larochelle.fr\/2023\/wp-json\/wp\/v2\/pages\/3154"}],"collection":[{"href":"https:\/\/dev-durable.agglo-larochelle.fr\/2023\/wp-json\/wp\/v2\/pages"}],"about":[{"href":"https:\/\/dev-durable.agglo-larochelle.fr\/2023\/wp-json\/wp\/v2\/types\/page"}],"author":[{"embeddable":true,"href":"https:\/\/dev-durable.agglo-larochelle.fr\/2023\/wp-json\/wp\/v2\/users\/1"}],"replies":[{"embeddable":true,"href":"https:\/\/dev-durable.agglo-larochelle.fr\/2023\/wp-json\/wp\/v2\/comments?post=3154"}],"version-history":[{"count":2,"href":"https:\/\/dev-durable.agglo-larochelle.fr\/2023\/wp-json\/wp\/v2\/pages\/3154\/revisions"}],"predecessor-version":[{"id":3156,"href":"https:\/\/dev-durable.agglo-larochelle.fr\/2023\/wp-json\/wp\/v2\/pages\/3154\/revisions\/3156"}],"up":[{"embeddable":true,"href":"https:\/\/dev-durable.agglo-larochelle.fr\/2023\/wp-json\/wp\/v2\/pages\/1516"}],"wp:featuredmedia":[{"embeddable":true,"href":"https:\/\/dev-durable.agglo-larochelle.fr\/2023\/wp-json\/wp\/v2\/media\/3710"}],"wp:attachment":[{"href":"https:\/\/dev-durable.agglo-larochelle.fr\/2023\/wp-json\/wp\/v2\/media?parent=3154"}],"wp:term":[{"taxonomy":"category","embeddable":true,"href":"https:\/\/dev-durable.agglo-larochelle.fr\/2023\/wp-json\/wp\/v2\/categories?post=3154"},{"taxonomy":"post_tag","embeddable":true,"href":"https:\/\/dev-durable.agglo-larochelle.fr\/2023\/wp-json\/wp\/v2\/tags?post=3154"}],"curies":[{"name":"wp","href":"https:\/\/api.w.org\/{rel}","templated":true}]}}

Le PLUi modifié pour intégrer le projet de transition de l’Agglomération

<p><strong>La modification de droit commun du Plan Local d’Urbanisme intercommunal (PLUi), intégrant la démarche de transition du territoire, a été approuvée au terme des procédures de concertation et d’enquête publique.</strong></p>
<p>Une procédure de modification de droit commun du PLUi avait été engagée en janvier 2022 afin de prendre en compte les nouveaux besoins du territoire, notamment les objectifs et projets de l’Agglomération en terme de transition énergétique et de protection de l’environnement (LRTZC, PCAET, Gestion intégrée des eaux pluviales, …). La procédure engagée a fait l’objet d’une concertation, a requis l’avis des communes, des organismes et des personnes publiques associées, et a été suivie d’une enquête publique. Cette procédure ayant été menée à son terme, le projet de modification de droit commun du PLUi a été approuvé.</p>

<p>La modification de droit commun du Plan Local d’Urbanisme intercommunal (PLUi), intégrant la démarche de transition du territoire, a été approuvée au terme des procédures de concertation et d’enquête publique. Une procédure de modification de droit commun du PLUi avait été engagée en janvier 2022 afin de prendre en compte les nouveaux besoins du territoire, [&hellip;]</p>
