{"id":3161,"date":"2023-11-21T09:46:15","date_gmt":"2023-11-21T08:46:15","guid":{"rendered":"https:\/\/dev-durable.agglo-larochelle.fr\/2023\/?page_id=3161"},"modified":"2023-12-12T14:13:12","modified_gmt":"2023-12-12T13:13:12","slug":"lagglomeration-adopte-sa-nouvelle-strategie-dequilibre-touristique","status":"publish","type":"page","link":"https:\/\/dev-durable.agglo-larochelle.fr\/2023\/un-territoire-sobre\/developpement-economique\/lagglomeration-adopte-sa-nouvelle-strategie-dequilibre-touristique\/","title":{"rendered":"L\u2019Agglom\u00e9ration adopte sa nouvelle strat\u00e9gie d\u2019\u00e9quilibre touristique"},"content":{"rendered":"\n<p><strong>L\u2019Agglom\u00e9ration a valid\u00e9 la nouvelle strat\u00e9gie d\u2019\u00e9quilibre touristique pour le territoire, autour de 3 engagements majeurs, et 30 chantiers \u00e0 entreprendre. Le \u00ab tourisme durable \u00bb est un des axes importants du programme LRTZC.<\/strong><\/p>\n<p>La nouvelle strat\u00e9gie d\u2019\u00e9quilibre touristique pr\u00e9sent\u00e9e en 2023 a fix\u00e9 le cap des ambitions du territoire en faveur d\u2019un tourisme choisi, porteur de sens et respectueux de son d\u00e9veloppement et de ses orientations, avec 30 chantiers et 3 engagements majeurs : 1 \u2013 valoriser la d\u00e9couverte des richesses des 28 communes de l\u2019Agglom\u00e9ration ; 2 \u2013 consolider une offre de grande qualit\u00e9 pour sublimer le territoire ; 3 \u2013 accompagner l\u2019\u00e9co-exemplarit\u00e9 de l\u2019\u00e9v\u00e9nementiel d\u2019affaires et de congr\u00e8s. Cette nouvelle strat\u00e9gie fait suite aux deux ann\u00e9es de crise sanitaire qui n\u2019avaient pas permis de pleinement d\u00e9ployer la strat\u00e9gie de d\u00e9veloppement touristique sur l\u2019Agglom\u00e9ration.<\/p>\n","protected":false},"excerpt":{"rendered":"<p>L\u2019Agglom\u00e9ration a valid\u00e9 la nouvelle strat\u00e9gie d\u2019\u00e9quilibre touristique pour le territoire, autour de 3 engagements majeurs, et 30 chantiers \u00e0 entreprendre. Le \u00ab tourisme durable \u00bb est un des axes importants du programme LRTZC. La nouvelle strat\u00e9gie d\u2019\u00e9quilibre touristique pr\u00e9sent\u00e9e en 2023 a fix\u00e9 le cap des ambitions du territoire en faveur d\u2019un tourisme choisi, [&hellip;]<\/p>\n","protected":false},"author":1,"featured_media":1914,"parent":1041,"menu_order":0,"comment_status":"closed","ping_status":"closed","template":"page-sous-partie.php","meta":{"inline_featured_image":false,"footnotes":""},"categories":[],"tags":[18,58],"acf":[],"_links":{"self":[{"href":"https:\/\/dev-durable.agglo-larochelle.fr\/2023\/wp-json\/wp\/v2\/pages\/3161"}],"collection":[{"href":"https:\/\/dev-durable.agglo-larochelle.fr\/2023\/wp-json\/wp\/v2\/pages"}],"about":[{"href":"https:\/\/dev-durable.agglo-larochelle.fr\/2023\/wp-json\/wp\/v2\/types\/page"}],"author":[{"embeddable":true,"href":"https:\/\/dev-durable.agglo-larochelle.fr\/2023\/wp-json\/wp\/v2\/users\/1"}],"replies":[{"embeddable":true,"href":"https:\/\/dev-durable.agglo-larochelle.fr\/2023\/wp-json\/wp\/v2\/comments?post=3161"}],"version-history":[{"count":2,"href":"https:\/\/dev-durable.agglo-larochelle.fr\/2023\/wp-json\/wp\/v2\/pages\/3161\/revisions"}],"predecessor-version":[{"id":3163,"href":"https:\/\/dev-durable.agglo-larochelle.fr\/2023\/wp-json\/wp\/v2\/pages\/3161\/revisions\/3163"}],"up":[{"embeddable":true,"href":"https:\/\/dev-durable.agglo-larochelle.fr\/2023\/wp-json\/wp\/v2\/pages\/1041"}],"wp:featuredmedia":[{"embeddable":true,"href":"https:\/\/dev-durable.agglo-larochelle.fr\/2023\/wp-json\/wp\/v2\/media\/1914"}],"wp:attachment":[{"href":"https:\/\/dev-durable.agglo-larochelle.fr\/2023\/wp-json\/wp\/v2\/media?parent=3161"}],"wp:term":[{"taxonomy":"category","embeddable":true,"href":"https:\/\/dev-durable.agglo-larochelle.fr\/2023\/wp-json\/wp\/v2\/categories?post=3161"},{"taxonomy":"post_tag","embeddable":true,"href":"https:\/\/dev-durable.agglo-larochelle.fr\/2023\/wp-json\/wp\/v2\/tags?post=3161"}],"curies":[{"name":"wp","href":"https:\/\/api.w.org\/{rel}","templated":true}]}}