{"id":3186,"date":"2023-11-21T09:58:59","date_gmt":"2023-11-21T08:58:59","guid":{"rendered":"https:\/\/dev-durable.agglo-larochelle.fr\/2023\/?page_id=3186"},"modified":"2023-11-21T09:58:59","modified_gmt":"2023-11-21T08:58:59","slug":"lextinction-horaire-de-leclairage-public-levier-important-du-plan-de-sobriete-energetique","status":"publish","type":"page","link":"https:\/\/dev-durable.agglo-larochelle.fr\/2023\/un-territoire-sobre\/relever-le-defi-des-changements-climatiques\/lextinction-horaire-de-leclairage-public-levier-important-du-plan-de-sobriete-energetique\/","title":{"rendered":"L\u2019extinction horaire de l\u2019\u00e9clairage public, levier important du plan de sobri\u00e9t\u00e9 \u00e9nerg\u00e9tique"},"content":{"rendered":"\n<p><strong>Pour faire face \u00e0 l\u2019envol des d\u00e9penses \u00e9nerg\u00e9tiques (pr\u00e8s de 30\u00a0% entre 2022 et 2023, \u00e0 consommation constante), li\u00e9es \u00e0 une conjoncture difficile, l\u2019Agglom\u00e9ration a pris une s\u00e9rie de mesures concr\u00e8tes. L\u2019\u00e9clairage public a \u00e9t\u00e9 un levier important d\u2019\u00e9conomies.<\/strong><\/p>\n<p>L\u2019\u00e9clairage public a \u00e9t\u00e9 \u00e9teint de 23h \u00e0 6h du matin dans les quartiers de La Rochelle et dans la plupart des communes du territoire, et notamment les parcs d\u2019activit\u00e9s. Cette mesure forte du plan de sobri\u00e9t\u00e9 \u00e9nerg\u00e9tique repr\u00e9sente une \u00e9conomie de 300 000 kWh par an, soit pr\u00e8s de 50 000\u20ac. D\u2019autres mesures ont \u00e9t\u00e9 prises\u00a0: le chauffage des b\u00e2timents administratifs a \u00e9t\u00e9 limit\u00e9 \u00e0 19\u00b0 (16\u00b0 la nuit et les week-ends), les chauffages d\u2019appoint, \u00e9nergivores, ont \u00e9t\u00e9 interdits, et l\u2019eau chaude sanitaire a \u00e9t\u00e9 coup\u00e9e pour certains usages.<\/p>\n","protected":false},"excerpt":{"rendered":"<p>Pour faire face \u00e0 l\u2019envol des d\u00e9penses \u00e9nerg\u00e9tiques (pr\u00e8s de 30\u00a0% entre 2022 et 2023, \u00e0 consommation constante), li\u00e9es \u00e0 une conjoncture difficile, l\u2019Agglom\u00e9ration a pris une s\u00e9rie de mesures concr\u00e8tes. L\u2019\u00e9clairage public a \u00e9t\u00e9 un levier important d\u2019\u00e9conomies. L\u2019\u00e9clairage public a \u00e9t\u00e9 \u00e9teint de 23h \u00e0 6h du matin dans les quartiers de La [&hellip;]<\/p>\n","protected":false},"author":1,"featured_media":3663,"parent":3168,"menu_order":0,"comment_status":"closed","ping_status":"closed","template":"page-sous-partie.php","meta":{"inline_featured_image":false,"footnotes":""},"categories":[],"tags":[18,10],"acf":[],"_links":{"self":[{"href":"https:\/\/dev-durable.agglo-larochelle.fr\/2023\/wp-json\/wp\/v2\/pages\/3186"}],"collection":[{"href":"https:\/\/dev-durable.agglo-larochelle.fr\/2023\/wp-json\/wp\/v2\/pages"}],"about":[{"href":"https:\/\/dev-durable.agglo-larochelle.fr\/2023\/wp-json\/wp\/v2\/types\/page"}],"author":[{"embeddable":true,"href":"https:\/\/dev-durable.agglo-larochelle.fr\/2023\/wp-json\/wp\/v2\/users\/1"}],"replies":[{"embeddable":true,"href":"https:\/\/dev-durable.agglo-larochelle.fr\/2023\/wp-json\/wp\/v2\/comments?post=3186"}],"version-history":[{"count":2,"href":"https:\/\/dev-durable.agglo-larochelle.fr\/2023\/wp-json\/wp\/v2\/pages\/3186\/revisions"}],"predecessor-version":[{"id":3188,"href":"https:\/\/dev-durable.agglo-larochelle.fr\/2023\/wp-json\/wp\/v2\/pages\/3186\/revisions\/3188"}],"up":[{"embeddable":true,"href":"https:\/\/dev-durable.agglo-larochelle.fr\/2023\/wp-json\/wp\/v2\/pages\/3168"}],"wp:featuredmedia":[{"embeddable":true,"href":"https:\/\/dev-durable.agglo-larochelle.fr\/2023\/wp-json\/wp\/v2\/media\/3663"}],"wp:attachment":[{"href":"https:\/\/dev-durable.agglo-larochelle.fr\/2023\/wp-json\/wp\/v2\/media?parent=3186"}],"wp:term":[{"taxonomy":"category","embeddable":true,"href":"https:\/\/dev-durable.agglo-larochelle.fr\/2023\/wp-json\/wp\/v2\/categories?post=3186"},{"taxonomy":"post_tag","embeddable":true,"href":"https:\/\/dev-durable.agglo-larochelle.fr\/2023\/wp-json\/wp\/v2\/tags?post=3186"}],"curies":[{"name":"wp","href":"https:\/\/api.w.org\/{rel}","templated":true}]}}

L’extinction horaire de l’éclairage public, levier important du plan de sobriété énergétique

<p><strong>Pour faire face à l’envol des dépenses énergétiques (près de 30 % entre 2022 et 2023, à consommation constante), liées à une conjoncture difficile, l’Agglomération a pris une série de mesures concrètes. L’éclairage public a été un levier important d’économies.</strong></p>
<p>L’éclairage public a été éteint de 23h à 6h du matin dans les quartiers de La Rochelle et dans la plupart des communes du territoire, et notamment les parcs d’activités. Cette mesure forte du plan de sobriété énergétique représente une économie de 300 000 kWh par an, soit près de 50 000€. D’autres mesures ont été prises : le chauffage des bâtiments administratifs a été limité à 19° (16° la nuit et les week-ends), les chauffages d’appoint, énergivores, ont été interdits, et l’eau chaude sanitaire a été coupée pour certains usages.</p>

<p>Pour faire face à l’envol des dépenses énergétiques (près de 30 % entre 2022 et 2023, à consommation constante), liées à une conjoncture difficile, l’Agglomération a pris une série de mesures concrètes. L’éclairage public a été un levier important d’économies. L’éclairage public a été éteint de 23h à 6h du matin dans les quartiers de La [&hellip;]</p>
