{"id":3198,"date":"2023-11-21T10:14:07","date_gmt":"2023-11-21T09:14:07","guid":{"rendered":"https:\/\/dev-durable.agglo-larochelle.fr\/2023\/?page_id=3198"},"modified":"2023-12-13T14:52:05","modified_gmt":"2023-12-13T13:52:05","slug":"lagglomeration-porte-un-nouveau-projet-agro-environnemental-et-climatique-paec","status":"publish","type":"page","link":"https:\/\/dev-durable.agglo-larochelle.fr\/2023\/un-territoire-sobre\/proteger-les-ressources\/lagglomeration-porte-un-nouveau-projet-agro-environnemental-et-climatique-paec\/","title":{"rendered":"L\u2019Agglom\u00e9ration porte un nouveau Projet Agro-Environnemental et Climatique (PAEC)"},"content":{"rendered":"\n<p><strong>En 2023, l\u2019Agglom\u00e9ration s\u2019est port\u00e9e candidate aupr\u00e8s de la DRAAAF pour \u00eatre op\u00e9rateur d\u2019un Projet Agro-Environnemental et Climatique (PAEC) sur l\u2019enjeu \u00ab\u00a0Eau\u00a0\u00bb \u00e0 l\u2019\u00e9chelle de l\u2019ensemble de ses Aires d\u2019Alimentation de Captage Re-Sources.<\/strong><\/p>\n<p>Le Projet Agro-Environnemental et Climatique (PAEC) que l\u2019Agglom\u00e9ration souhaite porter vise \u00e0 encourager les changements de pratiques agricoles n\u00e9cessaires pour r\u00e9pondre aux enjeux agro-environnementaux identifi\u00e9s sur le territoire. Il permet aux agriculteurs de s\u2019engager individuellement vers des changements de pratiques en \u00e9tant r\u00e9mun\u00e9r\u00e9s pour le respect d\u2019un cahier des charges strict pendant 5 ans. Les mesures propos\u00e9es concernent\u00a0la r\u00e9duction d\u2019herbicides et de fertilisation, la cr\u00e9ation de prairie, la couverture des sols, le soutien \u00e0 l\u2019\u00e9levage, la r\u00e9duction de l\u2019irrigation. L\u2019Agglom\u00e9ration s\u2019est port\u00e9e candidate sur 6 mesures agro-environnementales et climatiques (MAEC) \u00ab\u00a0eau\u00a0\u00bb.<\/p>\n","protected":false},"excerpt":{"rendered":"<p>En 2023, l\u2019Agglom\u00e9ration s\u2019est port\u00e9e candidate aupr\u00e8s de la DRAAAF pour \u00eatre op\u00e9rateur d\u2019un Projet Agro-Environnemental et Climatique (PAEC) sur l\u2019enjeu \u00ab\u00a0Eau\u00a0\u00bb \u00e0 l\u2019\u00e9chelle de l\u2019ensemble de ses Aires d\u2019Alimentation de Captage Re-Sources. Le Projet Agro-Environnemental et Climatique (PAEC) que l\u2019Agglom\u00e9ration souhaite porter vise \u00e0 encourager les changements de pratiques agricoles n\u00e9cessaires pour r\u00e9pondre aux [&hellip;]<\/p>\n","protected":false},"author":1,"featured_media":3679,"parent":2072,"menu_order":0,"comment_status":"closed","ping_status":"closed","template":"page-sous-partie.php","meta":{"inline_featured_image":false,"footnotes":""},"categories":[],"tags":[26,45],"acf":[],"_links":{"self":[{"href":"https:\/\/dev-durable.agglo-larochelle.fr\/2023\/wp-json\/wp\/v2\/pages\/3198"}],"collection":[{"href":"https:\/\/dev-durable.agglo-larochelle.fr\/2023\/wp-json\/wp\/v2\/pages"}],"about":[{"href":"https:\/\/dev-durable.agglo-larochelle.fr\/2023\/wp-json\/wp\/v2\/types\/page"}],"author":[{"embeddable":true,"href":"https:\/\/dev-durable.agglo-larochelle.fr\/2023\/wp-json\/wp\/v2\/users\/1"}],"replies":[{"embeddable":true,"href":"https:\/\/dev-durable.agglo-larochelle.fr\/2023\/wp-json\/wp\/v2\/comments?post=3198"}],"version-history":[{"count":2,"href":"https:\/\/dev-durable.agglo-larochelle.fr\/2023\/wp-json\/wp\/v2\/pages\/3198\/revisions"}],"predecessor-version":[{"id":3200,"href":"https:\/\/dev-durable.agglo-larochelle.fr\/2023\/wp-json\/wp\/v2\/pages\/3198\/revisions\/3200"}],"up":[{"embeddable":true,"href":"https:\/\/dev-durable.agglo-larochelle.fr\/2023\/wp-json\/wp\/v2\/pages\/2072"}],"wp:featuredmedia":[{"embeddable":true,"href":"https:\/\/dev-durable.agglo-larochelle.fr\/2023\/wp-json\/wp\/v2\/media\/3679"}],"wp:attachment":[{"href":"https:\/\/dev-durable.agglo-larochelle.fr\/2023\/wp-json\/wp\/v2\/media?parent=3198"}],"wp:term":[{"taxonomy":"category","embeddable":true,"href":"https:\/\/dev-durable.agglo-larochelle.fr\/2023\/wp-json\/wp\/v2\/categories?post=3198"},{"taxonomy":"post_tag","embeddable":true,"href":"https:\/\/dev-durable.agglo-larochelle.fr\/2023\/wp-json\/wp\/v2\/tags?post=3198"}],"curies":[{"name":"wp","href":"https:\/\/api.w.org\/{rel}","templated":true}]}}

L’Agglomération porte un nouveau Projet Agro-Environnemental et Climatique (PAEC)

<p><strong>En 2023, l’Agglomération s’est portée candidate auprès de la DRAAAF pour être opérateur d’un Projet Agro-Environnemental et Climatique (PAEC) sur l’enjeu « Eau » à l’échelle de l’ensemble de ses Aires d’Alimentation de Captage Re-Sources.</strong></p>
<p>Le Projet Agro-Environnemental et Climatique (PAEC) que l’Agglomération souhaite porter vise à encourager les changements de pratiques agricoles nécessaires pour répondre aux enjeux agro-environnementaux identifiés sur le territoire. Il permet aux agriculteurs de s’engager individuellement vers des changements de pratiques en étant rémunérés pour le respect d’un cahier des charges strict pendant 5 ans. Les mesures proposées concernent la réduction d’herbicides et de fertilisation, la création de prairie, la couverture des sols, le soutien à l’élevage, la réduction de l’irrigation. L’Agglomération s’est portée candidate sur 6 mesures agro-environnementales et climatiques (MAEC) « eau ».</p>

<p>En 2023, l’Agglomération s’est portée candidate auprès de la DRAAAF pour être opérateur d’un Projet Agro-Environnemental et Climatique (PAEC) sur l’enjeu « Eau » à l’échelle de l’ensemble de ses Aires d’Alimentation de Captage Re-Sources. Le Projet Agro-Environnemental et Climatique (PAEC) que l’Agglomération souhaite porter vise à encourager les changements de pratiques agricoles nécessaires pour répondre aux [&hellip;]</p>
