{"id":3229,"date":"2023-11-21T10:41:29","date_gmt":"2023-11-21T09:41:29","guid":{"rendered":"https:\/\/dev-durable.agglo-larochelle.fr\/2023\/?page_id=3229"},"modified":"2023-12-13T15:13:15","modified_gmt":"2023-12-13T14:13:15","slug":"soutien-a-laccueil-des-assises-nationales-de-la-biodiversite-en-2024","status":"publish","type":"page","link":"https:\/\/dev-durable.agglo-larochelle.fr\/2023\/un-territoire-sobre\/proteger-les-ressources\/soutien-a-laccueil-des-assises-nationales-de-la-biodiversite-en-2024\/","title":{"rendered":"Soutien \u00e0 l\u2019accueil des Assises Nationales de la Biodiversit\u00e9 en 2024"},"content":{"rendered":"\n<p><strong>La Rochelle a \u00e9t\u00e9 choisie pour accueillir en septembre 2024 la 14<sup>e<\/sup> \u00e9dition des Assises Nationales de la Biodiversit\u00e9, co-organis\u00e9es depuis 2011 par id\u00e9alCO et les \u00c9co-Maires. L\u2019Agglom\u00e9ration apporte son soutien financier \u00e0 cette manifestation.<\/strong><\/p>\n<p>L\u2019accueil de ces Assises Nationales \u00e0 La Rochelle sera l\u2019occasion pour le D\u00e9partement de Charente-Maritime de f\u00eater les 50 ans de sa politique de pr\u00e9servation et de mise en valeur des Espaces Naturels Sensibles. Pour cette raison, le D\u00e9partement a \u00e9t\u00e9 sollicit\u00e9 par id\u00e9alCO et les \u00c9co-Maires pour accueillir et co-organiser la 14<sup>e<\/sup> \u00e9dition \u00e0 La Rochelle. L\u2019Agglom\u00e9ration sera partenaire et co-organisatrice de cet \u00e9v\u00e9nement, auquel elle apporte d\u2019ores et d\u00e9j\u00e0 son soutien financier, aux c\u00f4t\u00e9s des autres collectivit\u00e9s.<\/p>\n","protected":false},"excerpt":{"rendered":"<p>La Rochelle a \u00e9t\u00e9 choisie pour accueillir en septembre 2024 la 14e \u00e9dition des Assises Nationales de la Biodiversit\u00e9, co-organis\u00e9es depuis 2011 par id\u00e9alCO et les \u00c9co-Maires. L\u2019Agglom\u00e9ration apporte son soutien financier \u00e0 cette manifestation. L\u2019accueil de ces Assises Nationales \u00e0 La Rochelle sera l\u2019occasion pour le D\u00e9partement de Charente-Maritime de f\u00eater les 50 ans [&hellip;]<\/p>\n","protected":false},"author":1,"featured_media":3705,"parent":2072,"menu_order":0,"comment_status":"closed","ping_status":"closed","template":"page-sous-partie.php","meta":{"inline_featured_image":false,"footnotes":""},"categories":[],"tags":[31],"acf":[],"_links":{"self":[{"href":"https:\/\/dev-durable.agglo-larochelle.fr\/2023\/wp-json\/wp\/v2\/pages\/3229"}],"collection":[{"href":"https:\/\/dev-durable.agglo-larochelle.fr\/2023\/wp-json\/wp\/v2\/pages"}],"about":[{"href":"https:\/\/dev-durable.agglo-larochelle.fr\/2023\/wp-json\/wp\/v2\/types\/page"}],"author":[{"embeddable":true,"href":"https:\/\/dev-durable.agglo-larochelle.fr\/2023\/wp-json\/wp\/v2\/users\/1"}],"replies":[{"embeddable":true,"href":"https:\/\/dev-durable.agglo-larochelle.fr\/2023\/wp-json\/wp\/v2\/comments?post=3229"}],"version-history":[{"count":2,"href":"https:\/\/dev-durable.agglo-larochelle.fr\/2023\/wp-json\/wp\/v2\/pages\/3229\/revisions"}],"predecessor-version":[{"id":3231,"href":"https:\/\/dev-durable.agglo-larochelle.fr\/2023\/wp-json\/wp\/v2\/pages\/3229\/revisions\/3231"}],"up":[{"embeddable":true,"href":"https:\/\/dev-durable.agglo-larochelle.fr\/2023\/wp-json\/wp\/v2\/pages\/2072"}],"wp:featuredmedia":[{"embeddable":true,"href":"https:\/\/dev-durable.agglo-larochelle.fr\/2023\/wp-json\/wp\/v2\/media\/3705"}],"wp:attachment":[{"href":"https:\/\/dev-durable.agglo-larochelle.fr\/2023\/wp-json\/wp\/v2\/media?parent=3229"}],"wp:term":[{"taxonomy":"category","embeddable":true,"href":"https:\/\/dev-durable.agglo-larochelle.fr\/2023\/wp-json\/wp\/v2\/categories?post=3229"},{"taxonomy":"post_tag","embeddable":true,"href":"https:\/\/dev-durable.agglo-larochelle.fr\/2023\/wp-json\/wp\/v2\/tags?post=3229"}],"curies":[{"name":"wp","href":"https:\/\/api.w.org\/{rel}","templated":true}]}}

Soutien à l’accueil des Assises Nationales de la Biodiversité en 2024

<p><strong>La Rochelle a été choisie pour accueillir en septembre 2024 la 14<sup>e</sup> édition des Assises Nationales de la Biodiversité, co-organisées depuis 2011 par idéalCO et les Éco-Maires. L’Agglomération apporte son soutien financier à cette manifestation.</strong></p>
<p>L’accueil de ces Assises Nationales à La Rochelle sera l’occasion pour le Département de Charente-Maritime de fêter les 50 ans de sa politique de préservation et de mise en valeur des Espaces Naturels Sensibles. Pour cette raison, le Département a été sollicité par idéalCO et les Éco-Maires pour accueillir et co-organiser la 14<sup>e</sup> édition à La Rochelle. L’Agglomération sera partenaire et co-organisatrice de cet événement, auquel elle apporte d’ores et déjà son soutien financier, aux côtés des autres collectivités.</p>

<p>La Rochelle a été choisie pour accueillir en septembre 2024 la 14e édition des Assises Nationales de la Biodiversité, co-organisées depuis 2011 par idéalCO et les Éco-Maires. L’Agglomération apporte son soutien financier à cette manifestation. L’accueil de ces Assises Nationales à La Rochelle sera l’occasion pour le Département de Charente-Maritime de fêter les 50 ans [&hellip;]</p>
