{"id":3240,"date":"2023-11-21T10:46:36","date_gmt":"2023-11-21T09:46:36","guid":{"rendered":"https:\/\/dev-durable.agglo-larochelle.fr\/2023\/?page_id=3240"},"modified":"2023-12-13T15:15:01","modified_gmt":"2023-12-13T14:15:01","slug":"un-nouveau-contrat-local-de-sante-de-lagglomeration-2023-2028","status":"publish","type":"page","link":"https:\/\/dev-durable.agglo-larochelle.fr\/2023\/un-territoire-sobre\/sante-environnementale\/un-nouveau-contrat-local-de-sante-de-lagglomeration-2023-2028\/","title":{"rendered":"Un nouveau Contrat Local de Sant\u00e9 de l\u2019Agglom\u00e9ration 2023-2028"},"content":{"rendered":"\n<p><strong>Les Contrats Locaux de Sant\u00e9 (CLS) sont des outils destin\u00e9s \u00e0 articuler les politiques nationales de sant\u00e9 avec les projets port\u00e9s \u00e0 l\u2019\u00e9chelle d\u2019un territoire, en s\u2019appuyant sur un \u00e9tat des lieux des besoins.<\/strong><\/p>\n<p>Un premier CLS avait \u00e9t\u00e9 sign\u00e9 en 2013 entre la Ville de La Rochelle, l\u2019Agence R\u00e9gionale de Sant\u00e9 (ARS) et la Pr\u00e9fecture. Afin d\u2019am\u00e9liorer la coordination de ces acteurs au niveau local, un nouveau Contrat \u00e0 l\u2019\u00e9chelle intercommunale a \u00e9t\u00e9 sign\u00e9 par l\u2019Agglom\u00e9ration, les 28 communes qui la composent, l\u2019ARS, la Caisse Primaire d\u2019Assurance Maladie, la Caisse d\u2019Allocation Familiale\u2026 en tout 45 partenaires. Ce CLS s\u2019articule autour de 5 enjeux locaux de sant\u00e9\u00a0: l\u2019acc\u00e8s aux soins, la sant\u00e9 mentale, le cadre de vie et la promotion de comportements favorables \u00e0 la sant\u00e9, le renforcement de la prise en compte de la sant\u00e9 dans l\u2019ensemble des politiques publiques men\u00e9es sur l\u2019Agglo. Ces aspects croisent d\u2019autres politiques communautaires, par exemple le Projet Alimentaire Territorial ou le programme Re-Sources.<\/p>\n","protected":false},"excerpt":{"rendered":"<p>Les Contrats Locaux de Sant\u00e9 (CLS) sont des outils destin\u00e9s \u00e0 articuler les politiques nationales de sant\u00e9 avec les projets port\u00e9s \u00e0 l\u2019\u00e9chelle d\u2019un territoire, en s\u2019appuyant sur un \u00e9tat des lieux des besoins. Un premier CLS avait \u00e9t\u00e9 sign\u00e9 en 2013 entre la Ville de La Rochelle, l\u2019Agence R\u00e9gionale de Sant\u00e9 (ARS) et la [&hellip;]<\/p>\n","protected":false},"author":1,"featured_media":3690,"parent":3235,"menu_order":0,"comment_status":"closed","ping_status":"closed","template":"page-sous-partie.php","meta":{"inline_featured_image":false,"footnotes":""},"categories":[],"tags":[27,61],"acf":[],"_links":{"self":[{"href":"https:\/\/dev-durable.agglo-larochelle.fr\/2023\/wp-json\/wp\/v2\/pages\/3240"}],"collection":[{"href":"https:\/\/dev-durable.agglo-larochelle.fr\/2023\/wp-json\/wp\/v2\/pages"}],"about":[{"href":"https:\/\/dev-durable.agglo-larochelle.fr\/2023\/wp-json\/wp\/v2\/types\/page"}],"author":[{"embeddable":true,"href":"https:\/\/dev-durable.agglo-larochelle.fr\/2023\/wp-json\/wp\/v2\/users\/1"}],"replies":[{"embeddable":true,"href":"https:\/\/dev-durable.agglo-larochelle.fr\/2023\/wp-json\/wp\/v2\/comments?post=3240"}],"version-history":[{"count":1,"href":"https:\/\/dev-durable.agglo-larochelle.fr\/2023\/wp-json\/wp\/v2\/pages\/3240\/revisions"}],"predecessor-version":[{"id":3241,"href":"https:\/\/dev-durable.agglo-larochelle.fr\/2023\/wp-json\/wp\/v2\/pages\/3240\/revisions\/3241"}],"up":[{"embeddable":true,"href":"https:\/\/dev-durable.agglo-larochelle.fr\/2023\/wp-json\/wp\/v2\/pages\/3235"}],"wp:featuredmedia":[{"embeddable":true,"href":"https:\/\/dev-durable.agglo-larochelle.fr\/2023\/wp-json\/wp\/v2\/media\/3690"}],"wp:attachment":[{"href":"https:\/\/dev-durable.agglo-larochelle.fr\/2023\/wp-json\/wp\/v2\/media?parent=3240"}],"wp:term":[{"taxonomy":"category","embeddable":true,"href":"https:\/\/dev-durable.agglo-larochelle.fr\/2023\/wp-json\/wp\/v2\/categories?post=3240"},{"taxonomy":"post_tag","embeddable":true,"href":"https:\/\/dev-durable.agglo-larochelle.fr\/2023\/wp-json\/wp\/v2\/tags?post=3240"}],"curies":[{"name":"wp","href":"https:\/\/api.w.org\/{rel}","templated":true}]}}

Un nouveau Contrat Local de Santé de l’Agglomération 2023-2028

<p><strong>Les Contrats Locaux de Santé (CLS) sont des outils destinés à articuler les politiques nationales de santé avec les projets portés à l’échelle d’un territoire, en s’appuyant sur un état des lieux des besoins.</strong></p>
<p>Un premier CLS avait été signé en 2013 entre la Ville de La Rochelle, l’Agence Régionale de Santé (ARS) et la Préfecture. Afin d’améliorer la coordination de ces acteurs au niveau local, un nouveau Contrat à l’échelle intercommunale a été signé par l’Agglomération, les 28 communes qui la composent, l’ARS, la Caisse Primaire d’Assurance Maladie, la Caisse d’Allocation Familiale… en tout 45 partenaires. Ce CLS s’articule autour de 5 enjeux locaux de santé : l’accès aux soins, la santé mentale, le cadre de vie et la promotion de comportements favorables à la santé, le renforcement de la prise en compte de la santé dans l’ensemble des politiques publiques menées sur l’Agglo. Ces aspects croisent d’autres politiques communautaires, par exemple le Projet Alimentaire Territorial ou le programme Re-Sources.</p>

<p>Les Contrats Locaux de Santé (CLS) sont des outils destinés à articuler les politiques nationales de santé avec les projets portés à l’échelle d’un territoire, en s’appuyant sur un état des lieux des besoins. Un premier CLS avait été signé en 2013 entre la Ville de La Rochelle, l’Agence Régionale de Santé (ARS) et la [&hellip;]</p>
