{"id":3265,"date":"2023-11-21T11:05:22","date_gmt":"2023-11-21T10:05:22","guid":{"rendered":"https:\/\/dev-durable.agglo-larochelle.fr\/2023\/?page_id=3265"},"modified":"2023-11-21T11:05:22","modified_gmt":"2023-11-21T10:05:22","slug":"le-programme-re-sources-poursuit-ses-actions-de-sensibilisation-aupres-des-scolaires","status":"publish","type":"page","link":"https:\/\/dev-durable.agglo-larochelle.fr\/2023\/un-territoire-sobre\/accompagnement-au-changement\/le-programme-re-sources-poursuit-ses-actions-de-sensibilisation-aupres-des-scolaires\/","title":{"rendered":"Le programme Re-Sources poursuit ses actions de sensibilisation aupr\u00e8s des scolaires"},"content":{"rendered":"\n<p><strong>En 2023, 7 classes de 4 communes des Aires d\u2019Alimentation de Captage, soit presque 200 \u00e9l\u00e8ves, ont pu b\u00e9n\u00e9ficier du projet p\u00e9dagogique dans le cadre du programme Re-Sources.<\/strong><\/p>\n<p>Ainsi, presque 200 \u00e9l\u00e8ves du CE2 au CM2 des communes de Saint-Rogatien, Saint-Georges-du-Bois, Clavette et V\u00e9rines ont visit\u00e9 la station de captage d\u2019eau potable de Fraise apr\u00e8s 3 s\u00e9ances en classes financ\u00e9es par la R\u00e9gion, l\u2019agence de l\u2019Eau Loire-Bretagne et l\u2019Agglom\u00e9ration. Des ateliers th\u00e9matiques sur \u00ab\u00a0la vie de l\u2019eau\u00a0\u00bb , \u00ab\u00a0les usages\u00a0 de l\u2019eau\u00a0\u00bb, \u00ab\u00a0la pr\u00e9servation de l\u2019eau\u00a0\u00bb ont \u00e9t\u00e9 organis\u00e9s par la LPO et Nature Environnement 17 et ont compl\u00e9t\u00e9 ces visites.<\/p>\n","protected":false},"excerpt":{"rendered":"<p>En 2023, 7 classes de 4 communes des Aires d\u2019Alimentation de Captage, soit presque 200 \u00e9l\u00e8ves, ont pu b\u00e9n\u00e9ficier du projet p\u00e9dagogique dans le cadre du programme Re-Sources. Ainsi, presque 200 \u00e9l\u00e8ves du CE2 au CM2 des communes de Saint-Rogatien, Saint-Georges-du-Bois, Clavette et V\u00e9rines ont visit\u00e9 la station de captage d\u2019eau potable de Fraise apr\u00e8s [&hellip;]<\/p>\n","protected":false},"author":1,"featured_media":3679,"parent":2120,"menu_order":0,"comment_status":"closed","ping_status":"closed","template":"page-sous-partie.php","meta":{"inline_featured_image":false,"footnotes":""},"categories":[],"tags":[45,63,34],"acf":[],"_links":{"self":[{"href":"https:\/\/dev-durable.agglo-larochelle.fr\/2023\/wp-json\/wp\/v2\/pages\/3265"}],"collection":[{"href":"https:\/\/dev-durable.agglo-larochelle.fr\/2023\/wp-json\/wp\/v2\/pages"}],"about":[{"href":"https:\/\/dev-durable.agglo-larochelle.fr\/2023\/wp-json\/wp\/v2\/types\/page"}],"author":[{"embeddable":true,"href":"https:\/\/dev-durable.agglo-larochelle.fr\/2023\/wp-json\/wp\/v2\/users\/1"}],"replies":[{"embeddable":true,"href":"https:\/\/dev-durable.agglo-larochelle.fr\/2023\/wp-json\/wp\/v2\/comments?post=3265"}],"version-history":[{"count":2,"href":"https:\/\/dev-durable.agglo-larochelle.fr\/2023\/wp-json\/wp\/v2\/pages\/3265\/revisions"}],"predecessor-version":[{"id":3267,"href":"https:\/\/dev-durable.agglo-larochelle.fr\/2023\/wp-json\/wp\/v2\/pages\/3265\/revisions\/3267"}],"up":[{"embeddable":true,"href":"https:\/\/dev-durable.agglo-larochelle.fr\/2023\/wp-json\/wp\/v2\/pages\/2120"}],"wp:featuredmedia":[{"embeddable":true,"href":"https:\/\/dev-durable.agglo-larochelle.fr\/2023\/wp-json\/wp\/v2\/media\/3679"}],"wp:attachment":[{"href":"https:\/\/dev-durable.agglo-larochelle.fr\/2023\/wp-json\/wp\/v2\/media?parent=3265"}],"wp:term":[{"taxonomy":"category","embeddable":true,"href":"https:\/\/dev-durable.agglo-larochelle.fr\/2023\/wp-json\/wp\/v2\/categories?post=3265"},{"taxonomy":"post_tag","embeddable":true,"href":"https:\/\/dev-durable.agglo-larochelle.fr\/2023\/wp-json\/wp\/v2\/tags?post=3265"}],"curies":[{"name":"wp","href":"https:\/\/api.w.org\/{rel}","templated":true}]}}