{"id":3271,"date":"2023-11-21T11:09:30","date_gmt":"2023-11-21T10:09:30","guid":{"rendered":"https:\/\/dev-durable.agglo-larochelle.fr\/2023\/?page_id=3271"},"modified":"2023-12-15T15:38:59","modified_gmt":"2023-12-15T14:38:59","slug":"le-c-o-l-e-de-la-mer-a-propose-un-cycle-de-rencontres-a-la-mediatheque-michel-crepeau","status":"publish","type":"page","link":"https:\/\/dev-durable.agglo-larochelle.fr\/2023\/un-territoire-sobre\/accompagnement-au-changement\/le-c-o-l-e-de-la-mer-a-propose-un-cycle-de-rencontres-a-la-mediatheque-michel-crepeau\/","title":{"rendered":"L\u2019E.C.O.L.E de la mer a propos\u00e9 un cycle de rencontres \u00e0 la M\u00e9diath\u00e8que Michel-Cr\u00e9peau"},"content":{"rendered":"\n<p><strong>L&rsquo;Espace de Culture Oc\u00e9ane du Littoral et de l&rsquo;Environnement (E.C.O.L.E) de la mer a organis\u00e9 toute l\u2019ann\u00e9e des ateliers, sorties et rencontres sur plusieurs th\u00e8mes autour du littoral, \u00e0 destination de tous les publics.<\/strong><\/p>\n<p>L\u2019E.C.O.L.E de la mer a notamment propos\u00e9 de d\u00e9couvrir les fonctions \u00e9cologiques des zones humides littorales du territoire (en partenariat avec la Ligue de Protection des Oiseaux), les enjeux et les bonnes pratiques de la p\u00eache \u00e0 pied de loisir, ou encore une initiation \u00e0 la g\u00e9ologie et \u00e0 la d\u00e9couverte des fossiles pr\u00e9sents sur le territoire rochelais, de Lauzi\u00e8res \u00e0 la pointe de Roux.<\/p>\n","protected":false},"excerpt":{"rendered":"<p>L&rsquo;Espace de Culture Oc\u00e9ane du Littoral et de l&rsquo;Environnement (E.C.O.L.E) de la mer a organis\u00e9 toute l\u2019ann\u00e9e des ateliers, sorties et rencontres sur plusieurs th\u00e8mes autour du littoral, \u00e0 destination de tous les publics. L\u2019E.C.O.L.E de la mer a notamment propos\u00e9 de d\u00e9couvrir les fonctions \u00e9cologiques des zones humides littorales du territoire (en partenariat avec [&hellip;]<\/p>\n","protected":false},"author":1,"featured_media":3738,"parent":2120,"menu_order":0,"comment_status":"closed","ping_status":"closed","template":"page-sous-partie.php","meta":{"inline_featured_image":false,"footnotes":""},"categories":[],"tags":[60,34],"acf":[],"_links":{"self":[{"href":"https:\/\/dev-durable.agglo-larochelle.fr\/2023\/wp-json\/wp\/v2\/pages\/3271"}],"collection":[{"href":"https:\/\/dev-durable.agglo-larochelle.fr\/2023\/wp-json\/wp\/v2\/pages"}],"about":[{"href":"https:\/\/dev-durable.agglo-larochelle.fr\/2023\/wp-json\/wp\/v2\/types\/page"}],"author":[{"embeddable":true,"href":"https:\/\/dev-durable.agglo-larochelle.fr\/2023\/wp-json\/wp\/v2\/users\/1"}],"replies":[{"embeddable":true,"href":"https:\/\/dev-durable.agglo-larochelle.fr\/2023\/wp-json\/wp\/v2\/comments?post=3271"}],"version-history":[{"count":2,"href":"https:\/\/dev-durable.agglo-larochelle.fr\/2023\/wp-json\/wp\/v2\/pages\/3271\/revisions"}],"predecessor-version":[{"id":3273,"href":"https:\/\/dev-durable.agglo-larochelle.fr\/2023\/wp-json\/wp\/v2\/pages\/3271\/revisions\/3273"}],"up":[{"embeddable":true,"href":"https:\/\/dev-durable.agglo-larochelle.fr\/2023\/wp-json\/wp\/v2\/pages\/2120"}],"wp:featuredmedia":[{"embeddable":true,"href":"https:\/\/dev-durable.agglo-larochelle.fr\/2023\/wp-json\/wp\/v2\/media\/3738"}],"wp:attachment":[{"href":"https:\/\/dev-durable.agglo-larochelle.fr\/2023\/wp-json\/wp\/v2\/media?parent=3271"}],"wp:term":[{"taxonomy":"category","embeddable":true,"href":"https:\/\/dev-durable.agglo-larochelle.fr\/2023\/wp-json\/wp\/v2\/categories?post=3271"},{"taxonomy":"post_tag","embeddable":true,"href":"https:\/\/dev-durable.agglo-larochelle.fr\/2023\/wp-json\/wp\/v2\/tags?post=3271"}],"curies":[{"name":"wp","href":"https:\/\/api.w.org\/{rel}","templated":true}]}}

L’E.C.O.L.E de la mer a proposé un cycle de rencontres à la Médiathèque Michel-Crépeau

<p><strong>L&rsquo;Espace de Culture Océane du Littoral et de l&rsquo;Environnement (E.C.O.L.E) de la mer a organisé toute l’année des ateliers, sorties et rencontres sur plusieurs thèmes autour du littoral, à destination de tous les publics.</strong></p>
<p>L’E.C.O.L.E de la mer a notamment proposé de découvrir les fonctions écologiques des zones humides littorales du territoire (en partenariat avec la Ligue de Protection des Oiseaux), les enjeux et les bonnes pratiques de la pêche à pied de loisir, ou encore une initiation à la géologie et à la découverte des fossiles présents sur le territoire rochelais, de Lauzières à la pointe de Roux.</p>

<p>L&rsquo;Espace de Culture Océane du Littoral et de l&rsquo;Environnement (E.C.O.L.E) de la mer a organisé toute l’année des ateliers, sorties et rencontres sur plusieurs thèmes autour du littoral, à destination de tous les publics. L’E.C.O.L.E de la mer a notamment proposé de découvrir les fonctions écologiques des zones humides littorales du territoire (en partenariat avec [&hellip;]</p>
