{"id":3288,"date":"2023-11-21T11:28:33","date_gmt":"2023-11-21T10:28:33","guid":{"rendered":"https:\/\/dev-durable.agglo-larochelle.fr\/2023\/?page_id=3288"},"modified":"2023-12-15T15:50:15","modified_gmt":"2023-12-15T14:50:15","slug":"rencontre-sur-les-marches-pour-sensibilisation-au-compostage","status":"publish","type":"page","link":"https:\/\/dev-durable.agglo-larochelle.fr\/2023\/un-territoire-sobre\/accompagnement-au-changement\/rencontre-sur-les-marches-pour-sensibilisation-au-compostage\/","title":{"rendered":"Rencontre sur les march\u00e9s pour sensibilisation au compostage"},"content":{"rendered":"\n<p><strong>\u00c0 l\u2019occasion de la Quinzaine nationale \u00ab\u00a0Tous au compost\u00a0\u00bb au printemps dernier, les Ambassadrices du tri et de la Pr\u00e9vention sont all\u00e9es \u00e0 la rencontre des habitants pour parler \u00ab\u00a0compostage \u00bb sur trois march\u00e9s de l\u2019Agglom\u00e9ration<\/strong><em>.<\/em><\/p>\n<p>Les Ambassadrices du tri ont rencontr\u00e9s les habitants sur les march\u00e9s de Ch\u00e2telaillon-Plage et de La Rochelle (\u00e0 Villeneuve-Les Salines et \u00e0 Port-Neuf). Ces \u00e9changes ont \u00e9t\u00e9 l\u2019occasion d\u2019expliquer comment installer un composteur \u00e0 la maison, les astuces pour r\u00e9ussir son compost sans d\u00e9sagr\u00e9ment, informer sur l\u2019installation future de sites de compostage en pied d\u2019immeuble sur l\u2019Agglom\u00e9ration, en pr\u00e9vision de l\u2019obligation pour les collectivit\u00e9s qui doivent mettre \u00e0 disposition de chaque habitant une solution de tri lui permettant de ne plus jeter \u00e0 la poubelle ses d\u00e9chets alimentaires \u00e0 compter de janvier 2024. 150 habitants ont ainsi pu profiter de conseils utiles pour se lancer ou perfectionner leur pratique du compostage.<\/p>\n","protected":false},"excerpt":{"rendered":"<p>\u00c0 l\u2019occasion de la Quinzaine nationale \u00ab\u00a0Tous au compost\u00a0\u00bb au printemps dernier, les Ambassadrices du tri et de la Pr\u00e9vention sont all\u00e9es \u00e0 la rencontre des habitants pour parler \u00ab\u00a0compostage \u00bb sur trois march\u00e9s de l\u2019Agglom\u00e9ration. Les Ambassadrices du tri ont rencontr\u00e9s les habitants sur les march\u00e9s de Ch\u00e2telaillon-Plage et de La Rochelle (\u00e0 Villeneuve-Les [&hellip;]<\/p>\n","protected":false},"author":1,"featured_media":3744,"parent":2120,"menu_order":0,"comment_status":"closed","ping_status":"closed","template":"page-sous-partie.php","meta":{"inline_featured_image":false,"footnotes":""},"categories":[],"tags":[],"acf":[],"_links":{"self":[{"href":"https:\/\/dev-durable.agglo-larochelle.fr\/2023\/wp-json\/wp\/v2\/pages\/3288"}],"collection":[{"href":"https:\/\/dev-durable.agglo-larochelle.fr\/2023\/wp-json\/wp\/v2\/pages"}],"about":[{"href":"https:\/\/dev-durable.agglo-larochelle.fr\/2023\/wp-json\/wp\/v2\/types\/page"}],"author":[{"embeddable":true,"href":"https:\/\/dev-durable.agglo-larochelle.fr\/2023\/wp-json\/wp\/v2\/users\/1"}],"replies":[{"embeddable":true,"href":"https:\/\/dev-durable.agglo-larochelle.fr\/2023\/wp-json\/wp\/v2\/comments?post=3288"}],"version-history":[{"count":2,"href":"https:\/\/dev-durable.agglo-larochelle.fr\/2023\/wp-json\/wp\/v2\/pages\/3288\/revisions"}],"predecessor-version":[{"id":3290,"href":"https:\/\/dev-durable.agglo-larochelle.fr\/2023\/wp-json\/wp\/v2\/pages\/3288\/revisions\/3290"}],"up":[{"embeddable":true,"href":"https:\/\/dev-durable.agglo-larochelle.fr\/2023\/wp-json\/wp\/v2\/pages\/2120"}],"wp:featuredmedia":[{"embeddable":true,"href":"https:\/\/dev-durable.agglo-larochelle.fr\/2023\/wp-json\/wp\/v2\/media\/3744"}],"wp:attachment":[{"href":"https:\/\/dev-durable.agglo-larochelle.fr\/2023\/wp-json\/wp\/v2\/media?parent=3288"}],"wp:term":[{"taxonomy":"category","embeddable":true,"href":"https:\/\/dev-durable.agglo-larochelle.fr\/2023\/wp-json\/wp\/v2\/categories?post=3288"},{"taxonomy":"post_tag","embeddable":true,"href":"https:\/\/dev-durable.agglo-larochelle.fr\/2023\/wp-json\/wp\/v2\/tags?post=3288"}],"curies":[{"name":"wp","href":"https:\/\/api.w.org\/{rel}","templated":true}]}}

Rencontre sur les marchés pour sensibilisation au compostage

<p><strong>À l’occasion de la Quinzaine nationale « Tous au compost » au printemps dernier, les Ambassadrices du tri et de la Prévention sont allées à la rencontre des habitants pour parler « compostage » sur trois marchés de l’Agglomération</strong><em>.</em></p>
<p>Les Ambassadrices du tri ont rencontrés les habitants sur les marchés de Châtelaillon-Plage et de La Rochelle (à Villeneuve-Les Salines et à Port-Neuf). Ces échanges ont été l’occasion d’expliquer comment installer un composteur à la maison, les astuces pour réussir son compost sans désagrément, informer sur l’installation future de sites de compostage en pied d’immeuble sur l’Agglomération, en prévision de l’obligation pour les collectivités qui doivent mettre à disposition de chaque habitant une solution de tri lui permettant de ne plus jeter à la poubelle ses déchets alimentaires à compter de janvier 2024. 150 habitants ont ainsi pu profiter de conseils utiles pour se lancer ou perfectionner leur pratique du compostage.</p>

<p>À l’occasion de la Quinzaine nationale « Tous au compost » au printemps dernier, les Ambassadrices du tri et de la Prévention sont allées à la rencontre des habitants pour parler « compostage » sur trois marchés de l’Agglomération. Les Ambassadrices du tri ont rencontrés les habitants sur les marchés de Châtelaillon-Plage et de La Rochelle (à Villeneuve-Les [&hellip;]</p>
