{"id":3317,"date":"2023-11-21T14:29:47","date_gmt":"2023-11-21T13:29:47","guid":{"rendered":"https:\/\/dev-durable.agglo-larochelle.fr\/2023\/?page_id=3317"},"modified":"2023-12-18T14:47:06","modified_gmt":"2023-12-18T13:47:06","slug":"les-cours-du-conservatoire-de-musique-et-de-danse-externalises-dans-des-centres-sociaux","status":"publish","type":"page","link":"https:\/\/dev-durable.agglo-larochelle.fr\/2023\/un-territoire-solidaire\/culture\/les-cours-du-conservatoire-de-musique-et-de-danse-externalises-dans-des-centres-sociaux\/","title":{"rendered":"Les cours du Conservatoire de Musique et de Danse externalis\u00e9s dans des centres sociaux"},"content":{"rendered":"\n<p><strong>En accord avec les orientations de son projet d\u2019\u00e9tablissement, et afin de poursuivre ses actions de d\u00e9mocratisation, le Conservatoire de Musique et de Danse de l\u2019Agglom\u00e9ration propose depuis cette ann\u00e9e des cours d\u2019\u00e9veil corporel et musical et de chorale dans des centres sociaux.<\/strong><\/p>\n<p>Le Conservatoire de Musique et de Danse souhaite faciliter l\u2019accueil en son sein de nouveaux publics. Pour ce faire, il a mis en \u0153uvre des actions visant \u00e0 rendre accessible au plus grand nombre cet \u00e9quipement communautaire\u00a0: tarification sociale, dispositifs \u00c9cole &amp; Orchestre cordes et vents, etc. Afin de poursuivre cet objectif, la mise en place de cours externalis\u00e9s dans les quartiers a \u00e9t\u00e9 imagin\u00e9e avec les centres sociaux de Villeneuve-les-Salines (\u00e9veil musical et chorale pour les adultes) et de Saint-\u00c9loi-Beauregard (\u00e9veil musical et corporel).<\/p>\n","protected":false},"excerpt":{"rendered":"<p>En accord avec les orientations de son projet d\u2019\u00e9tablissement, et afin de poursuivre ses actions de d\u00e9mocratisation, le Conservatoire de Musique et de Danse de l\u2019Agglom\u00e9ration propose depuis cette ann\u00e9e des cours d\u2019\u00e9veil corporel et musical et de chorale dans des centres sociaux. Le Conservatoire de Musique et de Danse souhaite faciliter l\u2019accueil en son [&hellip;]<\/p>\n","protected":false},"author":1,"featured_media":3668,"parent":334,"menu_order":3,"comment_status":"closed","ping_status":"closed","template":"page-sous-partie.php","meta":{"inline_featured_image":false,"footnotes":""},"categories":[],"tags":[17,20],"acf":[],"_links":{"self":[{"href":"https:\/\/dev-durable.agglo-larochelle.fr\/2023\/wp-json\/wp\/v2\/pages\/3317"}],"collection":[{"href":"https:\/\/dev-durable.agglo-larochelle.fr\/2023\/wp-json\/wp\/v2\/pages"}],"about":[{"href":"https:\/\/dev-durable.agglo-larochelle.fr\/2023\/wp-json\/wp\/v2\/types\/page"}],"author":[{"embeddable":true,"href":"https:\/\/dev-durable.agglo-larochelle.fr\/2023\/wp-json\/wp\/v2\/users\/1"}],"replies":[{"embeddable":true,"href":"https:\/\/dev-durable.agglo-larochelle.fr\/2023\/wp-json\/wp\/v2\/comments?post=3317"}],"version-history":[{"count":1,"href":"https:\/\/dev-durable.agglo-larochelle.fr\/2023\/wp-json\/wp\/v2\/pages\/3317\/revisions"}],"predecessor-version":[{"id":3318,"href":"https:\/\/dev-durable.agglo-larochelle.fr\/2023\/wp-json\/wp\/v2\/pages\/3317\/revisions\/3318"}],"up":[{"embeddable":true,"href":"https:\/\/dev-durable.agglo-larochelle.fr\/2023\/wp-json\/wp\/v2\/pages\/334"}],"wp:featuredmedia":[{"embeddable":true,"href":"https:\/\/dev-durable.agglo-larochelle.fr\/2023\/wp-json\/wp\/v2\/media\/3668"}],"wp:attachment":[{"href":"https:\/\/dev-durable.agglo-larochelle.fr\/2023\/wp-json\/wp\/v2\/media?parent=3317"}],"wp:term":[{"taxonomy":"category","embeddable":true,"href":"https:\/\/dev-durable.agglo-larochelle.fr\/2023\/wp-json\/wp\/v2\/categories?post=3317"},{"taxonomy":"post_tag","embeddable":true,"href":"https:\/\/dev-durable.agglo-larochelle.fr\/2023\/wp-json\/wp\/v2\/tags?post=3317"}],"curies":[{"name":"wp","href":"https:\/\/api.w.org\/{rel}","templated":true}]}}

Les cours du Conservatoire de Musique et de Danse externalisés dans des centres sociaux

<p><strong>En accord avec les orientations de son projet d’établissement, et afin de poursuivre ses actions de démocratisation, le Conservatoire de Musique et de Danse de l’Agglomération propose depuis cette année des cours d’éveil corporel et musical et de chorale dans des centres sociaux.</strong></p>
<p>Le Conservatoire de Musique et de Danse souhaite faciliter l’accueil en son sein de nouveaux publics. Pour ce faire, il a mis en œuvre des actions visant à rendre accessible au plus grand nombre cet équipement communautaire : tarification sociale, dispositifs École &amp; Orchestre cordes et vents, etc. Afin de poursuivre cet objectif, la mise en place de cours externalisés dans les quartiers a été imaginée avec les centres sociaux de Villeneuve-les-Salines (éveil musical et chorale pour les adultes) et de Saint-Éloi-Beauregard (éveil musical et corporel).</p>

<p>En accord avec les orientations de son projet d’établissement, et afin de poursuivre ses actions de démocratisation, le Conservatoire de Musique et de Danse de l’Agglomération propose depuis cette année des cours d’éveil corporel et musical et de chorale dans des centres sociaux. Le Conservatoire de Musique et de Danse souhaite faciliter l’accueil en son [&hellip;]</p>
