{"id":3321,"date":"2023-11-21T14:32:23","date_gmt":"2023-11-21T13:32:23","guid":{"rendered":"https:\/\/dev-durable.agglo-larochelle.fr\/2023\/?page_id=3321"},"modified":"2023-11-21T14:32:24","modified_gmt":"2023-11-21T13:32:24","slug":"une-nouvelle-feuille-de-route-numerique-solidaire-et-inclusif","status":"publish","type":"page","link":"https:\/\/dev-durable.agglo-larochelle.fr\/2023\/un-territoire-solidaire\/numerique\/une-nouvelle-feuille-de-route-numerique-solidaire-et-inclusif\/","title":{"rendered":"Une nouvelle feuille de route \u00ab Num\u00e9rique solidaire et inclusif \u00bb"},"content":{"rendered":"\n<p><strong>Afin de r\u00e9affirmer le r\u00f4le de l\u2019inclusion num\u00e9rique et d\u2019encourager son d\u00e9veloppement et sa structuration, la feuille de route \u00ab num\u00e9rique solidaire et inclusif \u00bb de l\u2019Agglom\u00e9ration construit un cadre pour coordonner et mettre en coh\u00e9rence les actions et les dispositifs sur le territoire.<\/strong><\/p>\n<p>La feuille de route \u00ab num\u00e9rique solidaire et inclusif \u00bb vise \u00e0 mieux mailler le territoire communautaire tout en encourageant la coop\u00e9ration et l\u2019outillage des acteurs. Son ambition est de permettre \u00e0 chacun de b\u00e9n\u00e9ficier du num\u00e9rique en renfor\u00e7ant la visibilit\u00e9 de l\u2019inclusion num\u00e9rique afin d\u2019atteindre une accessibilit\u00e9 num\u00e9rique universelle. Cette feuille de route repose sur 3 axes\u00a0: renforcer les acteurs de l\u2019\u00e9cosyst\u00e8me, faciliter l\u2019acc\u00e8s au num\u00e9rique et accompagner les usagers. Elle se d\u00e9cline en une s\u00e9rie d\u2019une dizaine d\u2019actions.<\/p>\n","protected":false},"excerpt":{"rendered":"<p>Afin de r\u00e9affirmer le r\u00f4le de l\u2019inclusion num\u00e9rique et d\u2019encourager son d\u00e9veloppement et sa structuration, la feuille de route \u00ab num\u00e9rique solidaire et inclusif \u00bb de l\u2019Agglom\u00e9ration construit un cadre pour coordonner et mettre en coh\u00e9rence les actions et les dispositifs sur le territoire. La feuille de route \u00ab num\u00e9rique solidaire et inclusif \u00bb vise [&hellip;]<\/p>\n","protected":false},"author":1,"featured_media":3670,"parent":3319,"menu_order":0,"comment_status":"closed","ping_status":"closed","template":"page-sous-partie.php","meta":{"inline_featured_image":false,"footnotes":""},"categories":[],"tags":[15],"acf":[],"_links":{"self":[{"href":"https:\/\/dev-durable.agglo-larochelle.fr\/2023\/wp-json\/wp\/v2\/pages\/3321"}],"collection":[{"href":"https:\/\/dev-durable.agglo-larochelle.fr\/2023\/wp-json\/wp\/v2\/pages"}],"about":[{"href":"https:\/\/dev-durable.agglo-larochelle.fr\/2023\/wp-json\/wp\/v2\/types\/page"}],"author":[{"embeddable":true,"href":"https:\/\/dev-durable.agglo-larochelle.fr\/2023\/wp-json\/wp\/v2\/users\/1"}],"replies":[{"embeddable":true,"href":"https:\/\/dev-durable.agglo-larochelle.fr\/2023\/wp-json\/wp\/v2\/comments?post=3321"}],"version-history":[{"count":2,"href":"https:\/\/dev-durable.agglo-larochelle.fr\/2023\/wp-json\/wp\/v2\/pages\/3321\/revisions"}],"predecessor-version":[{"id":3323,"href":"https:\/\/dev-durable.agglo-larochelle.fr\/2023\/wp-json\/wp\/v2\/pages\/3321\/revisions\/3323"}],"up":[{"embeddable":true,"href":"https:\/\/dev-durable.agglo-larochelle.fr\/2023\/wp-json\/wp\/v2\/pages\/3319"}],"wp:featuredmedia":[{"embeddable":true,"href":"https:\/\/dev-durable.agglo-larochelle.fr\/2023\/wp-json\/wp\/v2\/media\/3670"}],"wp:attachment":[{"href":"https:\/\/dev-durable.agglo-larochelle.fr\/2023\/wp-json\/wp\/v2\/media?parent=3321"}],"wp:term":[{"taxonomy":"category","embeddable":true,"href":"https:\/\/dev-durable.agglo-larochelle.fr\/2023\/wp-json\/wp\/v2\/categories?post=3321"},{"taxonomy":"post_tag","embeddable":true,"href":"https:\/\/dev-durable.agglo-larochelle.fr\/2023\/wp-json\/wp\/v2\/tags?post=3321"}],"curies":[{"name":"wp","href":"https:\/\/api.w.org\/{rel}","templated":true}]}}

Une nouvelle feuille de route « Numérique solidaire et inclusif »

<p><strong>Afin de réaffirmer le rôle de l’inclusion numérique et d’encourager son développement et sa structuration, la feuille de route « numérique solidaire et inclusif » de l’Agglomération construit un cadre pour coordonner et mettre en cohérence les actions et les dispositifs sur le territoire.</strong></p>
<p>La feuille de route « numérique solidaire et inclusif » vise à mieux mailler le territoire communautaire tout en encourageant la coopération et l’outillage des acteurs. Son ambition est de permettre à chacun de bénéficier du numérique en renforçant la visibilité de l’inclusion numérique afin d’atteindre une accessibilité numérique universelle. Cette feuille de route repose sur 3 axes : renforcer les acteurs de l’écosystème, faciliter l’accès au numérique et accompagner les usagers. Elle se décline en une série d’une dizaine d’actions.</p>

<p>Afin de réaffirmer le rôle de l’inclusion numérique et d’encourager son développement et sa structuration, la feuille de route « numérique solidaire et inclusif » de l’Agglomération construit un cadre pour coordonner et mettre en cohérence les actions et les dispositifs sur le territoire. La feuille de route « numérique solidaire et inclusif » vise [&hellip;]</p>
