{"id":3332,"date":"2023-11-21T14:38:33","date_gmt":"2023-11-21T13:38:33","guid":{"rendered":"https:\/\/dev-durable.agglo-larochelle.fr\/2023\/?page_id=3332"},"modified":"2023-11-21T14:38:34","modified_gmt":"2023-11-21T13:38:34","slug":"lagglomeration-au-conseil-dadministration-de-linstitut-du-numerique-responsable","status":"publish","type":"page","link":"https:\/\/dev-durable.agglo-larochelle.fr\/2023\/un-territoire-de-cooperations\/cooperations-nationales\/lagglomeration-au-conseil-dadministration-de-linstitut-du-numerique-responsable\/","title":{"rendered":"L\u2019Agglom\u00e9ration au Conseil d\u2019Administration de l\u2019Institut du Num\u00e9rique Responsable"},"content":{"rendered":"\n<p><strong>Apr\u00e8s 4 ans d\u2019existence, l\u2019Institut du Num\u00e9rique Responsable (INR) a souhait\u00e9 refondre ses statuts et invit\u00e9 ses adh\u00e9rents \u00e0 \u00e9lire une nouvelle gouvernance. Un repr\u00e9sentant de l\u2019Agglom\u00e9ration fait d\u00e9sormais partie de son Conseil d\u2019Administration.<\/strong><\/p>\n<p>L\u2019INR est un acteur incontournable dans le paysage du Num\u00e9rique Responsable, \u00e0 un \u00e9chelon national. Afin de renforcer sa gouvernance et de donner plus d\u2019envergure et de moyens \u00e0 ses missions, l\u2019INR s\u2019est dot\u00e9 en avril d\u2019un nouveau Conseil d\u2019Administration, constitu\u00e9 de plusieurs coll\u00e8ges\u00a0: Grandes Entreprises, Entreprises et Services du Num\u00e9rique, Secteur Public, \u00c9ducation, TPE\/PME. L\u2019Agglom\u00e9ration a proc\u00e9d\u00e9 \u00e0 la d\u00e9signation d\u2019un repr\u00e9sentant pour si\u00e9ger au sein du nouveau Conseil d\u2019Administration de l\u2019Institut du Num\u00e9rique Responsable.<\/p>\n","protected":false},"excerpt":{"rendered":"<p>Apr\u00e8s 4 ans d\u2019existence, l\u2019Institut du Num\u00e9rique Responsable (INR) a souhait\u00e9 refondre ses statuts et invit\u00e9 ses adh\u00e9rents \u00e0 \u00e9lire une nouvelle gouvernance. Un repr\u00e9sentant de l\u2019Agglom\u00e9ration fait d\u00e9sormais partie de son Conseil d\u2019Administration. L\u2019INR est un acteur incontournable dans le paysage du Num\u00e9rique Responsable, \u00e0 un \u00e9chelon national. Afin de renforcer sa gouvernance et [&hellip;]<\/p>\n","protected":false},"author":1,"featured_media":3671,"parent":3329,"menu_order":0,"comment_status":"closed","ping_status":"closed","template":"page-sous-partie.php","meta":{"inline_featured_image":false,"footnotes":""},"categories":[],"tags":[27,36,15],"acf":[],"_links":{"self":[{"href":"https:\/\/dev-durable.agglo-larochelle.fr\/2023\/wp-json\/wp\/v2\/pages\/3332"}],"collection":[{"href":"https:\/\/dev-durable.agglo-larochelle.fr\/2023\/wp-json\/wp\/v2\/pages"}],"about":[{"href":"https:\/\/dev-durable.agglo-larochelle.fr\/2023\/wp-json\/wp\/v2\/types\/page"}],"author":[{"embeddable":true,"href":"https:\/\/dev-durable.agglo-larochelle.fr\/2023\/wp-json\/wp\/v2\/users\/1"}],"replies":[{"embeddable":true,"href":"https:\/\/dev-durable.agglo-larochelle.fr\/2023\/wp-json\/wp\/v2\/comments?post=3332"}],"version-history":[{"count":2,"href":"https:\/\/dev-durable.agglo-larochelle.fr\/2023\/wp-json\/wp\/v2\/pages\/3332\/revisions"}],"predecessor-version":[{"id":3334,"href":"https:\/\/dev-durable.agglo-larochelle.fr\/2023\/wp-json\/wp\/v2\/pages\/3332\/revisions\/3334"}],"up":[{"embeddable":true,"href":"https:\/\/dev-durable.agglo-larochelle.fr\/2023\/wp-json\/wp\/v2\/pages\/3329"}],"wp:featuredmedia":[{"embeddable":true,"href":"https:\/\/dev-durable.agglo-larochelle.fr\/2023\/wp-json\/wp\/v2\/media\/3671"}],"wp:attachment":[{"href":"https:\/\/dev-durable.agglo-larochelle.fr\/2023\/wp-json\/wp\/v2\/media?parent=3332"}],"wp:term":[{"taxonomy":"category","embeddable":true,"href":"https:\/\/dev-durable.agglo-larochelle.fr\/2023\/wp-json\/wp\/v2\/categories?post=3332"},{"taxonomy":"post_tag","embeddable":true,"href":"https:\/\/dev-durable.agglo-larochelle.fr\/2023\/wp-json\/wp\/v2\/tags?post=3332"}],"curies":[{"name":"wp","href":"https:\/\/api.w.org\/{rel}","templated":true}]}}