{"id":3337,"date":"2023-11-21T15:00:00","date_gmt":"2023-11-21T14:00:00","guid":{"rendered":"https:\/\/dev-durable.agglo-larochelle.fr\/2023\/?page_id=3337"},"modified":"2023-12-12T11:11:23","modified_gmt":"2023-12-12T10:11:23","slug":"le-projet-alimentaire-de-territoire-en-ordre-de-marche-avec-ses-groupes-de-travail","status":"publish","type":"page","link":"https:\/\/dev-durable.agglo-larochelle.fr\/2023\/un-territoire-de-cooperations\/cooperations-territoriales\/le-projet-alimentaire-de-territoire-en-ordre-de-marche-avec-ses-groupes-de-travail\/","title":{"rendered":"Le Projet Alimentaire de Territoire en ordre de marche avec ses groupes de travail"},"content":{"rendered":"\n<p><strong>Mis en place en 2021, le Projet Alimentaire de Territoire (PAT) s\u2019est dot\u00e9 d\u2019une gouvernance op\u00e9rationnelle qui lui permet aujourd\u2019hui de d\u00e9ployer ses actions suivants trois grands objectifs strat\u00e9giques.<\/strong><\/p>\n<p>Le PAT s\u2019est dot\u00e9 d\u2019un comit\u00e9 de pilotage (COPIL) comprenant sept membres (Agglom\u00e9ration et communaut\u00e9s de communes, chambres d\u2019agriculture, agence Bio Nouvelle-Aquitaine, port de p\u00eache), ainsi que de 11 groupes de travail th\u00e9matiques (GT) et d\u2019un parlement rassemblant les membres des GT et toutes les parties prenantes volontaires. L\u2019ensemble des acteurs se r\u00e9unit en Assises 2 fois par an. Cette premi\u00e8re ann\u00e9e du COPIL et des GT a permis d\u2019engager une s\u00e9rie d\u2019actions, suivant les trois objectifs strat\u00e9giques : r\u00e9silience et autonomie, consommation de produits durables, changement d\u2019habitudes alimentaires. Parmi ces actions, on peut citer le lancement d\u2019\u00e9tudes \u00ab offres et demandes \u00bb, un appel \u00e0 manifestation d\u2019int\u00e9r\u00eat pour le d\u00e9veloppement de projets agricoles locaux, des diagnostics de conversion en bio, l\u2019achat de parcelles, etc. Un accent tout particulier est mis sur les actions de sensibilisation, de formation et d\u2019accompagnement dans la prise en compte de la loi Egalim au niveau de cantines scolaires et collectives, un levier sur lequel les communes ont la main.<\/p>\n","protected":false},"excerpt":{"rendered":"<p>Mis en place en 2021, le Projet Alimentaire de Territoire (PAT) s\u2019est dot\u00e9 d\u2019une gouvernance op\u00e9rationnelle qui lui permet aujourd\u2019hui de d\u00e9ployer ses actions suivants trois grands objectifs strat\u00e9giques. Le PAT s\u2019est dot\u00e9 d\u2019un comit\u00e9 de pilotage (COPIL) comprenant sept membres (Agglom\u00e9ration et communaut\u00e9s de communes, chambres d\u2019agriculture, agence Bio Nouvelle-Aquitaine, port de p\u00eache), ainsi [&hellip;]<\/p>\n","protected":false},"author":1,"featured_media":3684,"parent":3335,"menu_order":0,"comment_status":"closed","ping_status":"closed","template":"page-sous-partie.php","meta":{"inline_featured_image":false,"footnotes":""},"categories":[],"tags":[28,27],"acf":[],"_links":{"self":[{"href":"https:\/\/dev-durable.agglo-larochelle.fr\/2023\/wp-json\/wp\/v2\/pages\/3337"}],"collection":[{"href":"https:\/\/dev-durable.agglo-larochelle.fr\/2023\/wp-json\/wp\/v2\/pages"}],"about":[{"href":"https:\/\/dev-durable.agglo-larochelle.fr\/2023\/wp-json\/wp\/v2\/types\/page"}],"author":[{"embeddable":true,"href":"https:\/\/dev-durable.agglo-larochelle.fr\/2023\/wp-json\/wp\/v2\/users\/1"}],"replies":[{"embeddable":true,"href":"https:\/\/dev-durable.agglo-larochelle.fr\/2023\/wp-json\/wp\/v2\/comments?post=3337"}],"version-history":[{"count":2,"href":"https:\/\/dev-durable.agglo-larochelle.fr\/2023\/wp-json\/wp\/v2\/pages\/3337\/revisions"}],"predecessor-version":[{"id":3339,"href":"https:\/\/dev-durable.agglo-larochelle.fr\/2023\/wp-json\/wp\/v2\/pages\/3337\/revisions\/3339"}],"up":[{"embeddable":true,"href":"https:\/\/dev-durable.agglo-larochelle.fr\/2023\/wp-json\/wp\/v2\/pages\/3335"}],"wp:featuredmedia":[{"embeddable":true,"href":"https:\/\/dev-durable.agglo-larochelle.fr\/2023\/wp-json\/wp\/v2\/media\/3684"}],"wp:attachment":[{"href":"https:\/\/dev-durable.agglo-larochelle.fr\/2023\/wp-json\/wp\/v2\/media?parent=3337"}],"wp:term":[{"taxonomy":"category","embeddable":true,"href":"https:\/\/dev-durable.agglo-larochelle.fr\/2023\/wp-json\/wp\/v2\/categories?post=3337"},{"taxonomy":"post_tag","embeddable":true,"href":"https:\/\/dev-durable.agglo-larochelle.fr\/2023\/wp-json\/wp\/v2\/tags?post=3337"}],"curies":[{"name":"wp","href":"https:\/\/api.w.org\/{rel}","templated":true}]}}

<p><strong>Mis en place en 2021, le Projet Alimentaire de Territoire (PAT) s’est doté d’une gouvernance opérationnelle qui lui permet aujourd’hui de déployer ses actions suivants trois grands objectifs stratégiques.</strong></p>
<p>Le PAT s’est doté d’un comité de pilotage (COPIL) comprenant sept membres (Agglomération et communautés de communes, chambres d’agriculture, agence Bio Nouvelle-Aquitaine, port de pêche), ainsi que de 11 groupes de travail thématiques (GT) et d’un parlement rassemblant les membres des GT et toutes les parties prenantes volontaires. L’ensemble des acteurs se réunit en Assises 2 fois par an. Cette première année du COPIL et des GT a permis d’engager une série d’actions, suivant les trois objectifs stratégiques : résilience et autonomie, consommation de produits durables, changement d’habitudes alimentaires. Parmi ces actions, on peut citer le lancement d’études « offres et demandes », un appel à manifestation d’intérêt pour le développement de projets agricoles locaux, des diagnostics de conversion en bio, l’achat de parcelles, etc. Un accent tout particulier est mis sur les actions de sensibilisation, de formation et d’accompagnement dans la prise en compte de la loi Egalim au niveau de cantines scolaires et collectives, un levier sur lequel les communes ont la main.</p>

<p>Mis en place en 2021, le Projet Alimentaire de Territoire (PAT) s’est doté d’une gouvernance opérationnelle qui lui permet aujourd’hui de déployer ses actions suivants trois grands objectifs stratégiques. Le PAT s’est doté d’un comité de pilotage (COPIL) comprenant sept membres (Agglomération et communautés de communes, chambres d’agriculture, agence Bio Nouvelle-Aquitaine, port de pêche), ainsi [&hellip;]</p>
