{"id":334,"date":"2018-10-25T10:00:46","date_gmt":"2018-10-25T08:00:46","guid":{"rendered":"https:\/\/dev-durable.agglo-larochelle.fr\/20236.0.2\/?page_id=334"},"modified":"2023-11-21T14:23:06","modified_gmt":"2023-11-21T13:23:06","slug":"culture","status":"publish","type":"page","link":"https:\/\/dev-durable.agglo-larochelle.fr\/2023\/un-territoire-solidaire\/culture\/","title":{"rendered":"Culture"},"content":{"rendered":"<p><strong>Gr\u00e2ce \u00e0 ses \u00e9quipements communautaires, l\u2019Agglom\u00e9ration d\u00e9ploie une politique d\u2019acc\u00e8s \u00e0 la culture qui lie bien-\u00eatre des habitants et r\u00e9ponse aux objectifs bas-carbone du territoire.<\/strong><\/p>\n","protected":false},"excerpt":{"rendered":"<p>Gr\u00e2ce \u00e0 ses \u00e9quipements communautaires, l\u2019Agglom\u00e9ration d\u00e9ploie une politique d\u2019acc\u00e8s \u00e0 la culture qui lie bien-\u00eatre des habitants et r\u00e9ponse aux objectifs bas-carbone du territoire.<\/p>\n","protected":false},"author":1,"featured_media":2445,"parent":68,"menu_order":5,"comment_status":"closed","ping_status":"closed","template":"page-sous-partie.php","meta":{"inline_featured_image":false,"footnotes":""},"categories":[],"tags":[],"acf":[],"_links":{"self":[{"href":"https:\/\/dev-durable.agglo-larochelle.fr\/2023\/wp-json\/wp\/v2\/pages\/334"}],"collection":[{"href":"https:\/\/dev-durable.agglo-larochelle.fr\/2023\/wp-json\/wp\/v2\/pages"}],"about":[{"href":"https:\/\/dev-durable.agglo-larochelle.fr\/2023\/wp-json\/wp\/v2\/types\/page"}],"author":[{"embeddable":true,"href":"https:\/\/dev-durable.agglo-larochelle.fr\/2023\/wp-json\/wp\/v2\/users\/1"}],"replies":[{"embeddable":true,"href":"https:\/\/dev-durable.agglo-larochelle.fr\/2023\/wp-json\/wp\/v2\/comments?post=334"}],"version-history":[{"count":7,"href":"https:\/\/dev-durable.agglo-larochelle.fr\/2023\/wp-json\/wp\/v2\/pages\/334\/revisions"}],"predecessor-version":[{"id":2693,"href":"https:\/\/dev-durable.agglo-larochelle.fr\/2023\/wp-json\/wp\/v2\/pages\/334\/revisions\/2693"}],"up":[{"embeddable":true,"href":"https:\/\/dev-durable.agglo-larochelle.fr\/2023\/wp-json\/wp\/v2\/pages\/68"}],"wp:featuredmedia":[{"embeddable":true,"href":"https:\/\/dev-durable.agglo-larochelle.fr\/2023\/wp-json\/wp\/v2\/media\/2445"}],"wp:attachment":[{"href":"https:\/\/dev-durable.agglo-larochelle.fr\/2023\/wp-json\/wp\/v2\/media?parent=334"}],"wp:term":[{"taxonomy":"category","embeddable":true,"href":"https:\/\/dev-durable.agglo-larochelle.fr\/2023\/wp-json\/wp\/v2\/categories?post=334"},{"taxonomy":"post_tag","embeddable":true,"href":"https:\/\/dev-durable.agglo-larochelle.fr\/2023\/wp-json\/wp\/v2\/tags?post=334"}],"curies":[{"name":"wp","href":"https:\/\/api.w.org\/{rel}","templated":true}]}}

<p><strong>Grâce à ses équipements communautaires, l’Agglomération déploie une politique d’accès à la culture qui lie bien-être des habitants et réponse aux objectifs bas-carbone du territoire.</strong></p>

<p>Grâce à ses équipements communautaires, l’Agglomération déploie une politique d’accès à la culture qui lie bien-être des habitants et réponse aux objectifs bas-carbone du territoire.</p>
